-- Dumping data for table `news_group`
--

INSERT INTO `news_group` (`id`, `news_name`, `role_id`, `news_type`, `calendar_on_off`, `category_on_off`, `entry_by`, `dynamic_form`, `active`, `cat_num_per_page`, `cat_col_num`, `cat_sort`, `cat_order`, `latest_cat_on`, `latest_cat_num_per_page`, `latest_cat_sort`, `latest_cat_order`, `fearured_cat_on`, `fearured_cat_num_per_page`, `fearured_cat_sort`, `fearured_cat_order`, `news_num_per_page`, `news_col_num`, `news_sort`, `news_order`, `latest_news_on`, `latest_news_num_per_page`, `latest_news_sort`, `latest_news_order`, `featured_news_on`, `featured_news_num_per_page`, `featured_news_sort`, `featured_news_order`, `img_type`, `file_size_max`, `news_cat_thumb_width`, `news_cat_thumb_height`, `news_cat_thumb_resize_func`, `news_thumb_width`, `news_thumb_height`, `news_thumb_resize_func`, `num_breaking_news`, `num_category_box_string`, `num_news_each_block`, `category_panel`, `news_desc_truncate`, `meta_title`, `meta_keywords`, `meta_desc`) VALUES
(1, 'News', 0, 'news', '1', '1', 1, 0, '1', 10, 3, 'cat_date', 'DESC', '0', 3, 'cat_date', 'ASC', '0', 3, 'cat_date', 'ASC', 10, 3, 'page_date', 'DESC', '0', 3, 'page_date', 'ASC', '0', 3, 'page_date', 'ASC', 'jpg,png,gif', 2097152, 60, 70, 'resizeToWidth', 60, 70, 'resizeToWidth', 10, '36,37,38,39,40,41,42,43,45,46', 2, '1', 230, 'Local News', 'Local News', 'Local News'),
(2, 'Feedback', 0, 'feedback', '1', '0', 1, NULL, '1', 9, 3, 'cat_date', 'ASC', '0', 3, 'cat_date', 'ASC', '0', 3, 'cat_date', 'ASC', 2, 3, 'page_date', 'ASC', '0', 3, 'page_date', 'ASC', '0', 3, 'page_date', 'ASC', 'jpg,png,gif', 2097152, 60, 70, 'resizeToWidth', 60, 70, 'resizeToWidth', 10, 'null', 2, '0', 330, 'Your Feedback', 'Feedback', 'Feedback'),
(3, 'Project', 102, 'project', '1', '1', 1, 0, '1', 9, 3, 'cat_date', 'DESC', '0', 3, 'cat_date', 'ASC', '0', 3, 'cat_date', 'ASC', 9, 3, 'page_date', 'DESC', '0', 3, 'page_date', 'ASC', '0', 3, 'page_date', 'ASC', 'pdf,doc,docx,xls,xlsx,ppt,pptx,avi,flv,mpeg,mov,mp3', 0, 60, 70, 'resizeToWidth', 60, 70, 'resizeToWidth', 10, 'null', 2, '1', 230, 'All Projects', 'Project', 'Project'),
(4, 'Events', 0, 'events', '1', '0', 1, 0, '1', 10, 3, 'cat_date', 'DESC', '0', 3, 'cat_date', 'DESC', '0', 3, 'cat_date', 'DESC', 10, 3, 'page_date', 'DESC', '0', 3, 'page_date', 'DESC', '0', 3, 'page_date', 'DESC', 'jpg,png,gif', 0, 60, 70, 'resizeToWidth', 60, 70, 'resizeToWidth', 10, 'null', 2, '0', 230, 'Events', 'Eicra Soft Events', 'Events'),
(5, 'Ads / Commercials', 0, 'advertise', '0', '0', 1, 0, '1', 9, 3, 'cat_date', 'ASC', '0', 3, 'cat_date', 'ASC', '0', 3, 'cat_date', 'ASC', 9, 3, 'page_date', 'ASC', '0', 3, 'page_date', 'ASC', '0', 3, 'page_date', 'ASC', 'jpg,png,gif,flv,swf', 0, 60, 70, 'resizeToWidth', 125, 90, 'resize', 10, 'null', 2, '0', 230, '', '', '');

-- --------------------------------------------------------

--
-- Table structure for table `news_page`
--

CREATE TABLE IF NOT EXISTS `news_page` (
  `id` int(11) NOT NULL AUTO_INCREMENT,
  `group_id` int(11) DEFAULT NULL,
  `category_id` int(11) DEFAULT NULL,
  `entry_by` int(11) DEFAULT '1',
  `page_name` varchar(255) COLLATE utf8_unicode_ci DEFAULT NULL,
  `page_title` varchar(255) COLLATE utf8_unicode_ci DEFAULT NULL,
  `page_thumb` varchar(255) COLLATE utf8_unicode_ci DEFAULT NULL,
  `page_desc` longblob,
  `page_date` datetime DEFAULT NULL,
  `page_order` int(11) DEFAULT '0',
  `related_items` varchar(255) COLLATE utf8_unicode_ci DEFAULT NULL,
  `featured` enum('0','1') COLLATE utf8_unicode_ci DEFAULT '0',
  `active` enum('1','0') COLLATE utf8_unicode_ci DEFAULT '1',
  `meta_title` varchar(255) COLLATE utf8_unicode_ci DEFAULT NULL,
  `meta_keywords` varchar(255) COLLATE utf8_unicode_ci DEFAULT NULL,
  `meta_desc` text COLLATE utf8_unicode_ci,
  PRIMARY KEY (`id`)
) ENGINE=InnoDB  DEFAULT CHARSET=utf8 COLLATE=utf8_unicode_ci AUTO_INCREMENT=172 ;

--
-- Dumping data for table `news_page`
--

INSERT INTO `news_page` (`id`, `group_id`, `category_id`, `entry_by`, `page_name`, `page_title`, `page_thumb`, `page_desc`, `page_date`, `page_order`, `related_items`, `featured`, `active`, `meta_title`, `meta_keywords`, `meta_desc`) VALUES
(27, 3, 7, 1, 'Document', 'Document', 'answerOFmontblancperspectives.doc', 0x67646667642067, '2010-08-19 08:15:41', 1, NULL, '0', '1', '', '', ''),
(28, 3, 8, 1, 'D2', 'D2', 'TT000003.pdf', 0x617364662061666173, '2010-08-19 08:17:04', 1, NULL, '0', '1', '', '', ''),
(29, 3, 8, 1, 'd3', 'd3', 'TT000003.pdf', 0x7361662061736661206661, '2010-08-19 11:18:09', 2, NULL, '0', '1', '', '', ''),
(31, 4, 0, 1, 'Test', 'Test', 'Event.jpg', 0x54657374, '2012-09-18 04:26:40', 1, NULL, '0', '1', 'Test', 'Test Test', 'Test Test'),
(32, 4, 0, 1, 'Test1', 'Test1', 'Event.jpg', 0x5465737431, '2013-03-19 05:12:37', 2, NULL, '0', '1', '', '', ''),
(33, 4, 0, 1, 'Test2', 'Test2', 'Event.jpg', 0x5465737432, '2013-03-20 05:14:00', 3, NULL, '0', '1', '', '', ''),
(34, 4, 0, 1, 'Test3', 'Test3', 'Event.jpg', 0x5465737433, '2013-03-28 05:15:29', 4, NULL, '0', '1', '', '', ''),
(35, 4, 0, 1, 'Test4', 'Test4', 'Event.jpg', 0x5465737434, '2013-09-19 08:08:55', 5, NULL, '0', '1', '', '', ''),
(36, 4, 0, 1, 'Test5', 'Test5', 'Event.jpg', 0x5465737435, '2013-09-19 08:09:30', 6, NULL, '0', '1', '', '', ''),
(37, 4, 0, 1, 'Test6', 'Test6', 'cern_lhc.jpg', 0x5465737435, '2013-09-19 08:10:20', 7, NULL, '0', '1', '', '', ''),
(38, 5, 9, 1, 'Beacon Bingo', 'Beacon Bingo', '1277984477jackpot_125x125.gif', 0x3c70207374796c653d22636f6c6f723a233030303030303b20666f6e742d73697a653a313170783b20666f6e742d7765696768743a6e6f726d616c22207465787420616c69676e3d226a75737469667922203e426561636f6e206973206f6e65206f6620746865204575726f706573206c61726765737420616e64206d6f737420657870657269656e6365642042696e676f206f7065726174696f6e732e20546865206c6f6f6b20746865206665656c206f6620746865207369746520697320756e697175652e204a6f696e20426561636f6e2042696e676f20746f64617920746f2062656e656669742066726f6d20612031303025206669727374206465706f73697420626f6e757320757020746f203235302e204c6f7473206f662070726f6d6f74696f6e7320616e64206e6577732061726520676f696e67206f6e20617420426561636f6e2042696e676f2065766572796461792e3c2f6469763e0a20203c64697620636c6173733d22636c656172223e3c2f6469763e0a20203c64697620636c6173733d2274657874616c69676e72696768742d32223e0a3c646976207374796c653d22636f6c6f723a233736303339363b20666f6e742d73697a653a3134707822203e526174696e67203a3c696d67207372633d226170706c69636174696f6e2f6c61796f7574732f736372697074732f3c3f706870206563686f202466726f6e745f74656d706c6174655b277468656d655f666f6c646572275d3b203f3e2f696d616765732f726174696e675f737461722e706e672220636c6173733d22737461725f696d6722202f3e3c696d67207372633d226170706c69636174696f6e2f6c61796f7574732f736372697074732f3c3f706870206563686f202466726f6e745f74656d706c6174655b277468656d655f666f6c646572275d3b203f3e2f696d616765732f726174696e675f737461722e706e672220636c6173733d22737461725f696d67222f3e3c696d67207372633d226170706c69636174696f6e2f6c61796f7574732f736372697074732f696d616765732f726174696e675f737461722e706e672220636c6173733d22737461725f696d67222f3e3c696d67207372633d226170706c69636174696f6e2f6c61796f7574732f736372697074732f696d616765732f726174696e675f737461722e706e672220636c6173733d22737461725f696d67222f3e3c696d67207372633d226170706c69636174696f6e2f6c61796f7574732f736372697074732f696d616765732f726174696e675f737461722e706e672220636c6173733d22737461725f696d67222f3e3c6120687265663d22687474703a2f2f7777772e626561636f6e62696e676f2e636f6d2f686f6d652e70687022207461726765743d225f626c616e6b223e3c696d67207372633d226170706c69636174696f6e2f6c61796f7574732f736372697074732f696d616765732f706c6179627574746f6e2e6769662220616c743d22222077696474683d22363422206865696768743d2233302220626f726465723d22302220636c6173733d22706c61795f696d67223b2f3e3c2f613e3c2f6469763e0a3c2f6469763e, '2010-09-29 11:17:46', 1, NULL, '0', '1', '', '', ''),
(39, 5, 9, 1, 'Tea and Bingo', 'Tea and Bingo', '1277981528Teaandbingo.jpg', 0x3c70207374796c653d22636f6c6f723a233030303030303b20666f6e742d73697a653a313170783b20666f6e742d7765696768743a6e6f726d616c22207465787420616c69676e3d226a75737469667922203e54656120616e642042696e676f20697320746865206e657720656e7472616e7420746f20746865206f6e6c696e652062696e676f20696e64757374727920776974682076617269657479206f662070726f6d6f74696f6e732077697468206c6f7473206f6620616d617a696e67206f666665727320616e64207072697a657320746f2074686520706c61796572732e2054656120416e642042696e676f20686173206265636f6d6520746865206e6174696f6e2773206661766f7572697465206f6e6c696e652062696e676f2067616d65732c2062726f7567687420746f67657468657220696e206f6e65207374796c6973682c2066756e20616e6420756e69717565206f66666572696e67213c2f6469763e0a20203c64697620636c6173733d22636c656172223e3c2f6469763e0a20203c64697620636c6173733d2274657874616c69676e72696768742d32223e0a3c646976207374796c653d22636f6c6f723a233736303339363b20666f6e742d73697a653a3134707822203e526174696e67203a3c696d67207372633d226170706c69636174696f6e2f6c61796f7574732f736372697074732f3c3f706870206563686f202466726f6e745f74656d706c6174655b277468656d655f666f6c646572275d3b203f3e2f696d616765732f726174696e675f737461722e706e672220636c6173733d22737461725f696d6722202f3e3c696d67207372633d226170706c69636174696f6e2f6c61796f7574732f736372697074732f3c3f706870206563686f202466726f6e745f74656d706c6174655b277468656d655f666f6c646572275d3b203f3e2f696d616765732f726174696e675f737461722e706e672220636c6173733d22737461725f696d67222f3e3c696d67207372633d226170706c69636174696f6e2f6c61796f7574732f736372697074732f696d616765732f726174696e675f737461722e706e672220636c6173733d22737461725f696d67222f3e3c696d67207372633d226170706c69636174696f6e2f6c61796f7574732f736372697074732f696d616765732f726174696e675f737461722e706e672220636c6173733d22737461725f696d67222f3e3c696d67207372633d226170706c69636174696f6e2f6c61796f7574732f736372697074732f696d616765732f726174696e675f737461722e706e672220636c6173733d22737461725f696d67222f3e3c6120687265663d22687474703a2f2f7777772e626561636f6e62696e676f2e636f6d2f686f6d652e70687022207461726765743d225f626c616e6b223e3c696d67207372633d226170706c69636174696f6e2f6c61796f7574732f736372697074732f696d616765732f706c6179627574746f6e2e6769662220616c743d22222077696474683d22363422206865696768743d2233302220626f726465723d22302220636c6173733d22706c61795f696d67223b2f3e3c2f613e3c2f6469763e0a3c2f6469763e, '2010-09-29 11:33:43', 2, NULL, '0', '1', '', '', ''),
(40, 5, 10, 1, 'Left 1', 'Left-1', 'ad-slot.gif', 0x4c6566742031, '2010-10-04 08:33:50', 3, NULL, '0', '1', '', '', ''),
(41, 5, 10, 1, 'left2', 'left2', 'ad-slot.gif', 0x6c65667432, '2010-10-04 08:38:43', 1, NULL, '0', '1', '', '', ''),
(42, 5, 10, 1, 'left3', 'left3', 'ad-slot.gif', 0x6c65667433, '2010-10-04 08:39:09', 2, NULL, '0', '1', '', '', ''),
(43, 4, 0, 2, 'Upcoming Event', 'Upcoming-Event', 'Water lilies.jpg', 0x73616620616620736661206661666166206166207361662061736620617366, '2011-12-28 04:41:26', 8, NULL, '0', '0', 'Upcoming Event', 'Upcoming Event', 'Upcoming Event'),
(44, 4, 0, 2, 'Upcoming Event2', 'Upcoming-Event2', 'Water lilies.jpg', 0x5570636f6d696e67204576656e7432, '2010-12-31 00:00:00', 9, NULL, '0', '0', '', '', ''),
(45, 5, 12, 2, 'Top Ad', 'Top-Ad', 'ad-slot.gif', 0x546f70204164, '2011-01-01 06:09:26', 1, NULL, '0', '1', '', '', ''),
(46, 5, 14, 2, 'Property Right Advertisement', 'Property-Right-Advertisement', 'property-ad.jpg', 0x3c64697620636c6173733d2261642d636f6e7461696e6572223e0d0a3c64697620636c6173733d22746f70223e3c703e3c6120687265663d2250726f70657274792d547970652d4c6973742f33223e42757920796f757220647265616d20686f6d65206e6f7720617420746865203c62722f3e62657374207072696365e2809973206f6e20746865206d61726b657420746f6461792e2e2e3c2f613e3c2f703e0d0a3c6469763e3c2f6469763e0d0a3c2f6469763e0d0a0d0a0d0a3c64697620636c6173733d226d6964646c65223e3c703e3c6120687265663d2250726f70657274792d547970652d4c6973742f32223e53656c6c20796f75722070726f706572747920746f64617920262061636869657665203c62722f3e686967682072657475726e73206f6e20796f757220696e766573746d656e743c2f613e3c2f703e0d0a3c6469763e3c2f6469763e0d0a3c2f6469763e0d0a0d0a0d0a3c64697620636c6173733d22626f74746f6d223e3c703e3c6120687265663d2250726f70657274792d547970652d4c6973742f31223e466f7220746865206c6174657374206465616c732076696577206f7572206c61726765203c62722f3e706f7274666f6c696f206f6620757020746f20646174652070726f706572746965730d0a3c2f613e3c2f703e0d0a3c6469763e3c2f6469763e0d0a3c2f6469763e0d0a0d0a0d0a3c2f6469763e, '2011-01-15 04:01:30', 1, NULL, '0', '1', '', '', ''),
(47, 2, 0, 2, 'Justin', 'Justin', '', 0x466972737420696d7072657373696f6e20697320746865206c61737420696d7072657373696f6e2e204974e2809973206e6f74206f6e6c792074686520636f6e74656e74206f6620796f757220776562736974652074686174206d616b657320616e20696d7072657373696f6e2062757420616c736f2074686520776562736974652064657369676e20636f6e747269627574657320746f206974207369676e69666963616e746c792e20416e6420466c69636b204d65646961205765622064657369676e696e67207465616d2068656c706564206d6520696e20746861742e20492077617320696e697469616c6c7920696e207468652070757273756974206f6620657870657269656e636564207765622064657369676e6572732077686f2063616e2064657369676e206d79207765627369746520616e642073756273657175656e746c7920492063616d65206163726f737320466c69636b204d65646961204c74642e204974732064657369676e657273207765726520616d617a696e6720616e6420746865206265737420706172742069732074686579206b6e6f77207468656972206a6f622e20416e64207468617420697320776861742067617665206d6520612073656e7365206f6620736174697366616374696f6e2e20436f6e67726174756c6174696f6e20466c69636b204d6564696120666f7220686176696e67206120776f6e64657266756c207465616d206f662070726f66657373696f6e616c732e, '2011-02-09 02:52:48', 9, NULL, '0', '1', 'Justin', '', ''),
(48, 2, 0, 2, 'Ronan', 'Ronan', '', 0x48692c204d79206e616d6520697320526f6e616e205065746572736f6e20616e642049e280996d20626173656420696e204269726d696e6768616d2e20204920656e6a6f79656420466c69636b204d6564696120434d5320736572766963657320616e64206365727461696e207468617420696e206675747572652061732077656c6c3b2049e280996c6c20676574206261636b20746f20746865736520677579732077697468206d6f726520627573696e657373206f70706f7274756e69746965732e2049206c696b6520746f20776f726b206f6e20636f6d6d69746d656e7420616e642074686174206973207768617420746865792062656c6965766520696e2066756c66696c6c696e672e0a0a49742077617320677265617420746f20776f726b207769746820796f752070656f706c652e, '2011-02-09 03:01:20', 10, NULL, '0', '1', 'Ronan', '', ''),
(49, 2, 0, 2, 'James', 'James', '', 0x54757368617220616e64206869732067757973206469642061206272696c6c69616e74206a6f62206f6e206d7920776562736974652e204920617070726563696174656420746865697220776f726b207768656e20746865792064696420746865206a6f6220616e64206865726520616c736f2049e280996d207265636f6d6d656e64696e672074686573652070656f706c6520746f20616c6c2074686f73652077686f2061726520736561726368696e6720666f722061206272696c6c69616e7420776562736974652064657369676e65727320616e6420434d5320657870657274732e20466c69636b204d65646961204c74642069732074686520726967687420706c61636520746f2062652070656f706c652e20446f20676574207468656d206f6e20746865206a6f622e, '2011-01-03 03:06:27', 11, NULL, '0', '1', 'James', '', ''),
(50, 2, 0, 2, 'Lynda', 'Lynda', '', 0x49206d696768742062652077726f6e6720627574204920646f206665656c2074686174206e657720636f6d6572732063616e20646f20776f6e6465727320666f7220796f752e2049e280996d206e6f7420616761696e73742074686520657870657269656e63656420616e6420656d696e656e7420636f6d70616e69657320627574207468652070617373696f6e20616e642064656469636174696f6e207468617420626567696e6e65727320696e7665737420696e20746865697220776f726b20697320756e6265617461626c652e205468617420697320776861742049207769746e6573736564207768656e20466c69636b204d656469612070656f706c6520776f726b656420666f72206d65206f6e206d792077656220706f7274616c2e20546865792068616420736174697366696564206d6520746f207468652075746d6f737420616e64204920676f74207468656d20616761696e206f6e20746865206a6f622e20416e642049e280996d20666f6e64206f66207468656972207365727669636573206e6f772e, '2010-12-01 03:08:13', 12, NULL, '0', '1', 'Lynda', '', ''),
(51, 2, 0, 2, 'Victor', 'Victor', '', 0x4f6e65206f66206d7920667269656e647320616e6420466c69636b204d65646961e280997320636c69656e7420737567676573746564206d6520746f20676574206d7920626c6f672064657369676e656420627920466c69636b204d656469612e2049207761732061206269742066696e69636b792061626f7574206d7920626c6f672062757420466c69636b204d656469612064657369676e65727320636f6d70726568656e6465642065766572797468696e6720616d617a696e676c792e20546865697220696e6e6f7661746976652074686f7567687473207265616c6c7920696d70726573736564206d6520616e6420492077617320736f206861707079207768656e204920676f74206d792070726f647563742072656164792e205468657920707574206d7920647265616d20696e2066726f6e74206f66206d652e204920636f756c646ee28099742068617665206578706563746564206d6f7265207468616e20746869732066726f6d20616e7920736572766963652070726f76696465722e2049e280996d207361746973666965642e, '2010-12-30 03:09:05', 13, NULL, '0', '1', 'Victor', '', ''),
(52, 2, 0, 2, 'Jonathan', 'Jonathan', '', 0x436f6e74656e7420206372656174696f6e2c20434d532c20776562736974652064657369676e696e672c20726576616d70696e672074686520776562736974652c206f7074696d697a6174696f6e2073657276696365732c2077686174206e6f74207468657920646f2e20466c69636b204d65646961204c74642e20697320756e646f75627465646c7920746865206d6f73742062756467657420667269656e646c7920736572766963652070726f7669646572732049e2809976652065766572207374756d626c65642075706f6e2e205468657920646f6ee28099742074616b6520757020612070726f6a65637420617320612070726f6a6563742062757420636f6e73696465722069742061732061206261627920616e642074616b65732063617265206f66207468652073616d652e204d656574696e672074686520646561646c696e65206973206f6e65207175616c697479207468617420492061646d69726520696e20466c69636b204d656469612050726f66657373696f6e616c732e2054686573652070656f706c652061726520646f696e67207265616c6c792061206772656174206a6f622e, '2011-01-04 03:10:48', 14, NULL, '0', '1', 'Jonathan', '', ''),
(53, 5, 12, 1, 'testing', 'testing', '', 0x74657374696e67, '2011-08-20 07:42:22', 2, NULL, '0', '1', '', '', ''),
(54, 5, 16, 1, 'Right Ad 1', 'Right-Ad-1', 'right-ad.jpg', 0x4144564552544953454d454e543c6120687265663d2223223e3c696d67207372633d22696d616765732f66726f6e74496d616765732f6e6577732f706167655f7468756d622f72696768742d61642e6a70672220616c743d22222077696474683d2231323022206865696768743d2236303022202f3e3c2f613e, '2011-09-19 12:36:40', 1, NULL, '0', '1', '', '', ''),
(55, 5, 17, 1, 'Frontend Box Ad 1', 'Frontend-Box-Ad-1', 'top-ad.jpg', 0x46726f6e74656e6420426f782041642031, '2011-09-19 12:47:46', 1, NULL, '0', '1', '', '', ''),
(56, 5, 18, 1, 'Footer Ad 1', 'Footer-Ad-1', '', 0x3c6120687265663d2223223e3c696d67207372633d22696d616765732f66726f6e74496d616765732f6e6577732f616464766572746973655f696d672f666f6f7465722d61642e6a70672220616c743d22222077696474683d2237323822206865696768743d22393022202f3e3c2f613e, '2011-09-19 12:53:11', 1, NULL, '0', '1', '', '', ''),
(57, 5, 19, 1, 'Flight Box Ad 1', 'Flight-Box-Ad-1', 'left-ad.jpg', 0x466c6967687420426f782041642031, '2011-12-14 07:01:01', 1, NULL, '0', '1', '', '', ''),
(58, 5, 20, 1, 'Footer AD', 'Footer-AD', '', 0x3c6120687265663d2223223e3c696d67207469746c653d22466f6f74657220416422207372633d22696d616765732f66726f6e74496d616765732f6e6577732f616464766572746973655f696d672f666f6f7465725f61645f7265616c657374616c652e6a70672220616c743d22466f6f746572204164222077696474683d2237333022206865696768743d22393022202f3e3c2f613e3c6272202f3e, '2011-12-27 09:14:40', 1, NULL, '0', '1', '', '', ''),
(59, 5, 22, 1, 'Air China', 'Air-China', 'air-china.jpg', 0x416972204368696e61, '2012-01-31 09:05:39', 1, NULL, '0', '1', '', '', ''),
(60, 5, 22, 1, 'Amsa', 'Amsa', 'amsa.jpg', 0x416d7361, '2012-01-31 09:10:51', 2, NULL, '0', '1', '', '', ''),
(61, 5, 22, 1, 'APL', 'APL', 'APL.jpg', 0x41504c, '2012-01-31 09:11:45', 3, NULL, '0', '1', '', '', ''),
(62, 5, 22, 1, 'Aramex', 'Aramex', 'aramex.jpg', 0x4172616d6578, '2012-01-31 09:12:26', 4, NULL, '0', '1', '', '', ''),
(63, 5, 22, 1, 'Atlantic', 'Atlantic', 'atlantic.jpg', 0x41746c616e746963, '2012-01-31 09:12:59', 5, NULL, '0', '1', '', '', ''),
(64, 5, 22, 1, 'British Airways', 'British-Airways', 'british-airways.jpg', 0x427269746973682041697277617973, '2012-01-31 09:13:29', 6, NULL, '0', '1', '', '', ''),
(65, 5, 22, 1, 'Cathy', 'Cathy', 'cathy.jpg', 0x4361746879, '2012-01-31 09:13:57', 7, NULL, '0', '1', '', '', ''),
(66, 5, 22, 1, 'CMA', 'CMA', 'cma.jpg', 0x434d41, '2012-01-31 09:14:25', 8, NULL, '0', '1', '', '', ''),
(67, 5, 22, 1, 'DHL', 'DHL', 'DHL.jpg', 0x44484c, '2012-01-31 09:14:53', 9, NULL, '0', '1', '', '', ''),
(68, 5, 22, 1, 'Dragonair', 'Dragonair', 'dragonair.jpg', 0x447261676f6e616972, '2012-01-31 09:15:20', 10, NULL, '0', '1', '', '', ''),
(69, 5, 22, 1, 'Emirates', 'Emirates', 'emirates.jpg', 0x456d697261746573, '2012-01-31 09:15:44', 11, NULL, '0', '1', '', '', ''),
(70, 5, 22, 1, 'Evergreen', 'Evergreen', 'evergreen.jpg', 0x45766572677265656e, '2012-01-31 09:16:14', 12, NULL, '0', '1', '', '', ''),
(71, 5, 22, 1, 'Expeditors', 'Expeditors', 'expeditors.jpg', 0x457870656469746f7273, '2012-01-31 09:16:43', 13, NULL, '0', '1', '', '', ''),
(72, 5, 22, 1, 'Faim', 'Faim', 'faim.jpg', 0x4661696d, '2012-01-31 09:17:07', 14, NULL, '0', '1', '', '', ''),
(73, 5, 22, 1, 'Fedex', 'Fedex', 'fedex.jpg', 0x4665646578, '2012-01-31 09:17:32', 15, NULL, '0', '1', '', '', ''),
(74, 5, 22, 1, 'Fiata', 'Fiata', 'fiata.jpg', 0x4669617461, '2012-01-31 09:17:57', 16, NULL, '0', '1', '', '', ''),
(75, 5, 22, 1, 'Fidi', 'Fidi', 'fidi.jpg', 0x46696469, '2012-01-31 09:18:26', 17, NULL, '0', '1', '', '', ''),
(76, 5, 22, 1, 'Fidi-2', 'Fidi-2', 'fidi-2.jpg', 0x466964692d32, '2012-01-31 09:20:04', 18, NULL, '0', '1', '', '', ''),
(77, 5, 22, 1, 'Hangin', 'Hangin', 'hangin.jpg', 0x48616e67696e, '2012-01-31 09:20:40', 19, NULL, '0', '1', '', '', ''),
(78, 5, 22, 1, 'Hapag', 'Hapag', 'hapag.jpg', 0x4861706167, '2012-01-31 09:21:12', 20, NULL, '0', '1', '', '', ''),
(79, 5, 22, 1, 'HMM', 'HMM', 'HMM.jpg', 0x484d4d, '2012-01-31 09:21:49', 21, NULL, '0', '1', '', '', ''),
(80, 5, 22, 1, 'Iam', 'Iam', 'iam.jpg', 0x49616d, '2012-01-31 09:22:14', 22, NULL, '0', '1', '', '', ''),
(81, 5, 22, 1, 'Iata', 'Iata', 'iata.jpg', 0x49617461, '2012-01-31 09:22:47', 23, NULL, '0', '1', '', '', ''),
(82, 5, 22, 1, 'K-line', 'K-line', 'k-line.jpg', 0x4b2d6c696e65, '2012-01-31 09:23:13', 24, NULL, '0', '1', '', '', ''),
(83, 5, 22, 1, 'Korean-air', 'Korean-air', 'korean-air.jpg', 0x4b6f7265616e2d616972, '2012-01-31 09:23:45', 25, NULL, '0', '1', '', '', ''),
(84, 5, 22, 1, 'Kuehne-nagel', 'Kuehne-nagel', 'kuehne-nagel.jpg', 0x4b7565686e652d6e6167656c, '2012-01-31 09:24:13', 26, NULL, '0', '1', '', '', ''),
(85, 5, 22, 1, 'Lacma', 'Lacma', 'lacma.jpg', 0x4c61636d61, '2012-01-31 09:24:39', 27, NULL, '0', '1', '', '', ''),
(86, 5, 22, 1, 'Maersk', 'Maersk', 'maersk.jpg', 0x4d616572736b, '2012-01-31 09:25:07', 28, NULL, '0', '1', '', '', ''),
(87, 5, 22, 1, 'Matson', 'Matson', 'matson.jpg', 0x4d6174736f6e, '2012-01-31 09:25:47', 29, NULL, '0', '1', '', '', ''),
(88, 5, 22, 1, 'Nyk', 'Nyk', 'nyk.jpg', 0x4e796b, '2012-01-31 09:26:36', 30, NULL, '0', '1', '', '', ''),
(89, 5, 22, 1, 'Oocl', 'Oocl', 'oocl.jpg', 0x4f6f636c, '2012-01-31 09:26:59', 31, NULL, '0', '1', '', '', ''),
(90, 5, 22, 1, 'PIL', 'PIL', 'PIL.jpg', 0x50494c, '2012-01-31 09:27:20', 32, NULL, '0', '1', '', '', ''),
(91, 5, 22, 1, 'Qantas', 'Qantas', 'qantas.jpg', 0x51616e746173, '2012-01-31 09:27:57', 33, NULL, '0', '1', '', '', ''),
(92, 5, 22, 1, 'Skynet', 'Skynet', 'skynet.jpg', 0x536b796e6574, '2012-01-31 09:28:23', 34, NULL, '0', '1', '', '', ''),
(93, 5, 22, 1, 'Thai', 'Thai', 'thai.jpg', 0x54686169, '2012-01-31 09:28:45', 35, NULL, '0', '1', '', '', ''),
(94, 5, 22, 1, 'Tnt', 'Tnt', 'tnt.jpg', 0x546e74, '2012-01-31 09:29:12', 36, NULL, '0', '1', '', '', ''),
(95, 5, 22, 1, 'United', 'United', 'united.jpg', 0x556e69746564, '2012-01-31 09:29:38', 37, NULL, '0', '1', '', '', ''),
(96, 5, 22, 1, 'Ups', 'Ups', 'ups.jpg', 0x557073, '2012-01-31 09:30:13', 38, NULL, '0', '1', '', '', ''),
(97, 5, 23, 1, 'Freight AD', 'Freight-AD', '', 0x3c6120687265663d22536869706d656e742d426f6f6b696e67223e3c696d67207372633d22696d616765732f66726f6e74496d616765732f667265696768742d61642e6a70672220616c743d22222077696474683d2232393222206865696768743d2233373022202f3e3c2f613e, '2012-02-01 10:08:54', 1, NULL, '0', '1', '', '', ''),
(98, 5, 27, 1, 'Footer Ad', 'Footer-Ad-98', 'ad-footer-730x90.jpg', 0x3c696d67207469746c653d22466f6f74657220416422207372633d22696d616765732f66726f6e74496d616765732f6e6577732f616464766572746973655f696d672f61642d666f6f7465722d3733307839302e6a70672220616c743d22466f6f746572204164222077696474683d2237333022206865696768743d22393022202f3e, '2012-02-07 07:35:21', 1, NULL, '0', '1', '', '', ''),
(99, 5, 26, 1, 'Left Ad', 'Left-Ad', 'ad-left-250x250.jpg', 0x3c696d67207372633d22696d616765732f66726f6e74496d616765732f6e6577732f616464766572746973655f696d672f61642d6c6566742d323530783235302e6a70672220616c743d22222077696474683d2232353022206865696768743d2232353022202f3e, '2012-02-07 07:41:33', 1, NULL, '0', '1', 'Left Ad', 'Left Ad', 'Left Ad'),
(100, 5, 28, 2, 'Alfa Romeo', 'Alfa-Romeo', 'alfaromeo.jpg', 0x416c666120526f6d656f, '2011-06-30 10:42:06', 1, NULL, '0', '1', '', '', ''),
(101, 5, 28, 2, 'Audi', 'Audi', 'audi.jpg', 0x41756469, '2011-06-30 10:43:53', 2, NULL, '0', '1', '', '', ''),
(102, 5, 15, 2, 'Bentley', 'Bentley', 'bentley.jpg', 0x42656e746c6579, '2011-06-30 10:44:36', 3, NULL, '0', '1', '', '', ''),
(103, 5, 28, 2, 'BMW', 'BMW', 'bmw.jpg', 0x424d57, '2011-06-30 10:45:37', 4, NULL, '0', '1', '', '', ''),
(104, 5, 28, 2, 'Chrysler', 'Chrysler', 'chrysler.jpg', 0x43687279736c6572, '2011-06-30 10:46:13', 5, NULL, '0', '1', '', '', ''),
(105, 5, 28, 2, 'Citroen', 'Citroen', 'citroen.jpg', 0x436974726f656e, '2011-06-30 10:46:49', 6, NULL, '0', '1', '', '', ''),
(106, 5, 28, 1, 'Ferrari', 'Ferrari', 'ferari.jpg', 0x46657272617269, '2011-07-21 11:07:24', 7, NULL, '0', '1', '', '', ''),
(107, 5, 28, 1, 'Fiat', 'Fiat', 'fiat.jpg', 0x46696174, '2011-07-21 11:09:07', 8, NULL, '0', '1', '', '', ''),
(108, 5, 28, 1, 'Ford', 'Ford', 'ford.jpg', 0x466f7264, '2011-07-21 11:09:37', 9, NULL, '0', '1', '', '', ''),
(109, 5, 28, 1, 'Geely', 'Geely', 'geely.jpg', 0x4765656c79, '2011-07-21 11:10:06', 10, NULL, '0', '1', '', '', ''),
(110, 5, 28, 1, 'Honda', 'Honda', 'honda.jpg', 0x486f6e6461, '2011-07-21 11:10:35', 11, NULL, '0', '1', '', '', ''),
(111, 5, 28, 1, 'Hummer', 'Hummer', 'hummer.jpg', 0x48756d6d6572, '2011-07-21 11:11:13', 12, NULL, '0', '1', '', '', ''),
(112, 5, 28, 1, 'Hyundai', 'Hyundai', 'hyundai.jpg', 0x4879756e646169, '2011-07-21 11:11:42', 13, NULL, '0', '1', '', '', ''),
(113, 5, 28, 1, 'Jaguar', 'Jaguar', 'jaguar.jpg', 0x4a6167756172, '2011-07-21 11:12:32', 14, NULL, '0', '1', '', '', ''),
(114, 5, 28, 1, 'Jeep', 'Jeep', 'jeep.jpg', 0x4a656570, '2011-07-21 11:13:02', 15, NULL, '0', '1', '', '', ''),
(115, 5, 28, 1, 'Kia', 'Kia', 'kia.jpg', 0x4b6961, '2011-07-21 11:13:36', 16, NULL, '0', '1', '', '', ''),
(116, 5, 28, 1, 'Land Rover', 'Land-Rover', 'landrover.jpg', 0x4c616e6420526f766572, '2011-07-21 11:14:19', 17, NULL, '0', '1', '', '', ''),
(117, 5, 28, 1, 'Lexus', 'Lexus', 'lexus.jpg', 0x4c65787573, '2011-07-21 11:14:58', 18, NULL, '0', '1', '', '', ''),
(118, 5, 28, 1, 'Mahindra', 'Mahindra', 'mahindra.jpg', 0x4d6168696e647261, '2011-07-21 11:15:32', 19, NULL, '0', '1', '', '', ''),
(119, 5, 28, 1, 'Mazda', 'Mazda', 'mazda.jpg', 0x4d617a6461, '2011-07-21 11:16:05', 20, NULL, '0', '1', '', '', ''),
(120, 5, 28, 1, 'Mercedes', 'Mercedes', 'mercedes.jpg', 0x4d65726365646573, '2011-07-21 11:16:43', 21, NULL, '0', '1', '', '', ''),
(121, 5, 28, 1, 'MG', 'MG', 'mg.jpg', 0x4d47, '2011-07-21 11:17:17', 22, NULL, '0', '1', '', '', ''),
(122, 5, 28, 1, 'Mini', 'Mini', 'mini.jpg', 0x4d696e69, '2011-07-21 11:17:45', 23, NULL, '0', '1', '', '', ''),
(123, 5, 28, 1, 'Mitsubishi', 'Mitsubishi', 'mitsubishi.jpg', 0x4d697473756269736869, '2011-07-21 11:18:31', 24, NULL, '0', '1', '', '', ''),
(124, 5, 28, 1, 'Nissan', 'Nissan', 'nissan.jpg', 0x4e697373616e, '2011-07-21 11:18:57', 25, NULL, '0', '1', '', '', ''),
(125, 5, 28, 1, 'Peugeot', 'Peugeot', 'peugeot.jpg', 0x50657567656f74, '2011-07-21 11:20:21', 26, NULL, '0', '1', '', '', ''),
(126, 5, 28, 1, 'Porsche', 'Porsche', 'porsche.jpg', 0x506f7273636865, '2011-07-21 11:20:55', 27, NULL, '0', '1', '', '', ''),
(127, 5, 28, 1, 'Proton', 'Proton', 'proton.jpg', 0x50726f746f6e, '2011-07-21 11:21:40', 28, NULL, '0', '1', '', '', ''),
(128, 5, 28, 1, 'Renault', 'Renault', 'renault.jpg', 0x52656e61756c74, '2011-07-21 11:22:15', 29, NULL, '0', '1', '', '', ''),
(129, 5, 28, 1, 'Saab', 'Saab', 'saab.jpg', 0x53616162, '2011-07-21 11:23:05', 30, NULL, '0', '1', '', '', ''),
(130, 5, 28, 1, 'Seat', 'Seat', 'seat.jpg', 0x53656174, '2011-07-21 11:23:35', 31, NULL, '0', '1', '', '', ''),
(131, 5, 28, 1, 'Skoda', 'Skoda', 'skoda.jpg', 0x536b6f6461, '2011-07-21 11:24:11', 32, NULL, '0', '1', '', '', ''),
(132, 5, 28, 1, 'Subaru', 'Subaru', 'subaru.jpg', 0x537562617275, '2011-07-21 11:24:42', 33, NULL, '0', '1', '', '', ''),
(133, 5, 28, 1, 'Suzuki', 'Suzuki', 'suzuki.jpg', 0x53757a756b69, '2011-07-21 11:25:08', 34, NULL, '0', '1', '', '', ''),
(134, 5, 28, 1, 'Tata', 'Tata', 'tata.jpg', 0x54617461, '2011-07-21 11:25:38', 35, NULL, '0', '1', '', '', ''),
(135, 5, 28, 1, 'Toyota', 'Toyota', 'toyota.jpg', 0x546f796f7461, '2011-07-21 11:26:22', 36, NULL, '0', '1', '', '', ''),
(136, 5, 28, 1, 'Vauxhall', 'Vauxhall', 'vauxhall.jpg', 0x5661757868616c6c, '2011-07-21 11:26:55', 37, NULL, '0', '1', '', '', ''),
(137, 5, 28, 1, 'Volkwagen', 'Volkwagen', 'volkwagen.jpg', 0x566f6c6b776167656e, '2011-07-21 11:28:18', 38, NULL, '0', '1', '', '', ''),
(138, 5, 28, 1, 'Volvo', 'Volvo', 'volvo.jpg', 0x566f6c766f, '2011-07-21 11:28:44', 39, NULL, '0', '1', '', '', ''),
(139, 5, 30, 1, 'Header AD 468X60', 'Header-AD-468X60', 'ad-header-468X60.jpg', 0x3c6120687265663d2268747470733a2f2f6f726465722e65696372612e636f6d2f636172742e7068703f613d61646426616d703b7069643d313022207461726765743d225f626c616e6b223e3c696d67207469746c653d2261642d6865616465722d3436385836302e6a706722207372633d22696d616765732f66726f6e74496d616765732f6e6577732f706167655f7468756d622f61642d6865616465722d3436385836302e6a70672220616c743d2261642d6865616465722d3436385836302e6a7067222077696474683d2234363822206865696768743d22363022202f3e3c2f613e, '2012-04-11 08:58:04', 1, NULL, '0', '1', '', '', ''),
(140, 5, 31, 1, 'Realestate Script', 'Realestate-Script', 'realestate-script.png', 0x5265616c65737461746520536372697074, '2012-04-11 08:59:11', 1, NULL, '0', '1', '', '', ''),
(141, 5, 31, 1, 'Tour Script', 'Tour-Script', 'tour-script.png', 0x546f757220536372697074, '2012-04-11 08:59:48', 2, NULL, '0', '1', '', '', ''),
(142, 5, 31, 1, 'Vacationrental Script', 'Vacationrental-Script', 'vacationrental-script.png', 0x5661636174696f6e72656e74616c20536372697074, '0000-00-00 00:00:00', 3, NULL, '0', '1', '', '', ''),
(143, 5, 31, 1, 'Autos Script', 'Autos-Script', 'autocms-script.png', 0x4175746f7320536372697074, '2012-04-11 09:01:59', 4, NULL, '0', '1', '', '', ''),
(144, 5, 31, 1, 'Hotel Script', 'Hotel-Script', 'hotel-script.png', 0x486f74656c20536372697074, '2012-04-11 09:02:29', 5, NULL, '0', '1', '', '', ''),
(145, 5, 31, 1, 'Logistics Script', 'Logistics-Script', 'logistics-script.png', 0x4c6f6769737469637320536372697074, '2012-04-11 09:03:20', 6, NULL, '0', '1', '', '', ''),
(146, 5, 31, 1, 'PHP Holidays', 'PHP-Holidays', 'phpholidays-script.png', 0x50485020486f6c6964617973, '2012-04-11 09:04:07', 7, NULL, '0', '1', '', '', ''),
(148, 1, 36, 1, 'License Troubleshooting', 'License-Troubleshooting', 'no-imager.jpg', 0x3c7461626c65207374796c653d5c2277696474683a203938253b5c2220626f726465723d5c22305c2220616c69676e3d5c2263656e7465725c223e0a3c74626f64793e0a3c74723e0a3c746420636f6c7370616e3d5c22325c223e3c7374726f6e673e3c7370616e20636c6173733d5c227374796c65315c223e496620746865204170706c69636174696f6e20736f6674776172652063616e206e6f742076616c696461746520746865206c6963656e73652074686520666f6c6c6f77696e67206d657373616765206d617920626520646973706c617965642e3c2f7370616e3e3c2f7374726f6e673e3c2f74643e0a3c2f74723e0a3c74723e0a3c746420636f6c7370616e3d5c22325c223e266e6273703b3c2f74643e0a3c2f74723e0a3c74723e0a3c746420636f6c7370616e3d5c22325c223e54686572652077617320612070726f626c656d2076616c69646174696e6720796f757220736f667477617265206c6963656e73652e3c2f74643e0a3c2f74723e0a3c74723e0a3c74642077696474683d5c2233255c223e0a3c703e266e6273703b3c2f703e0a3c2f74643e0a3c74642077696474683d5c223937255c223e0a3c756c20747970653d5c227371756172655c223e0a3c6c693e56657269667920796f7572206c6963656e736520636f646520697320696e2064656661756c74732e7068703c2f6c693e0a3c6c693e5472792072656973737565696e6720796f7572206c6963656e73652e3c6272202f3e203c6272202f3e20496620796f75207374696c6c20726563656976652070726f626c656d732c20706c6561736520636f6e7461637420737570706f72743c2f6c693e0a3c2f756c3e0a3c2f74643e0a3c2f74723e0a3c74723e0a3c746420636f6c7370616e3d5c22325c223e3c6272202f3e203c7374726f6e673e496620796f752072656365697665207468697320696e76616c6964206c6963656e7365206d65737361676520706c6561736520747279207468652073746570732062656c6f772e3c2f7374726f6e673e3c2f74643e0a3c2f74723e0a3c74723e0a3c746420636f6c7370616e3d5c22325c223e3c6272202f3e20312e20456e7375726520796f7572206c6963656e7365206e756d6265722069732076616c696420696e2064656661756c74732e7068703c6272202f3e203c6272202f3e20322e2054727920746f207265697373756520796f7572206c6963656e73652e2028506c65617365206c6f6720696e20746f20796f757220436c69656e74204172656120666f7220746869732e293c6272202f3e203c6272202f3e20332e20456e7375726520796f757220646f776e6c6f61642061636365737320697320757020746f206461746520666f72207468652076657273696f6e20796f7520617265207573696e672e20496620612076657273696f6e207761732072656c656173656420616674657220796f757220646f776e6c6f616420616363657373206578706972656420796f752077696c6c207265636569766520616e206572726f722e3c6272202f3e203c6272202f3e20342e20456e7375726520796f75722077656220686f737420686173204355524c20656e61626c65642e20416c736f20656e7375726520796f75722077656220686f737420646f6573206e6f74206861766520616e206f7574626f756e64206669726577616c6c2070726576656e74696e67204355524c2066726f6d20636f6e6e656374696e6720746f2065696372612e6e657420616e642065696372612e636f6d2e20546865206c6963656e736520646f6573206e6f7420636f6e6e6563742f72657175697265206120636f6e6e656374696f6e20746f2065696372612e6e65742061732077656c6c2061732065696372612e636f6d206f6e20616e206f6e676f696e672062617369732e20412073696e676c6520636f6e6e656374696f6e206973206e656564656420746f20646f776e6c6f616420746865206c6963656e7365206b6579206175746f6d61746963616c6c792e3c6272202f3e203c6272202f3e20352e20496620796f752061726520756e61626c6520746f206861766520796f75722077656220686f737420656e61626c65204355524c206f722072652d646f776e6c6f6164696e6720796f7572206b657920646f6573206e6f7420776f726b20796f75206d6179206e65656420746f20636f6e7461637420757320746f206d616e75616c6c792073657420796f7572206c6963656e73652e203c6272202f3e203c6272202f3e20496620616c6c206f66207468652061626f766520737465707320646f6e5c277420776f726b2c20706c65617365207375626d69742061207469636b657420616e642077652077696c6c206c6f6f6b20696e746f207468652070726f626c656d2e3c2f74643e0a3c2f74723e0a3c74723e0a3c746420636f6c7370616e3d5c22325c223e266e6273703b3c2f74643e0a3c2f74723e0a3c2f74626f64793e0a3c2f7461626c653e, '2012-04-24 01:07:55', 1, NULL, '0', '1', '', '', ''),
(149, 1, 37, 1, 'Script installation guide and help tips.', 'Script-installation-guide-and-help-tips.', 'no-imager.jpg', 0x3c7461626c65207374796c653d5c2277696474683a203938253b5c2220626f726465723d5c22305c2220616c69676e3d5c2263656e7465725c223e0d0a3c74626f64793e0d0a3c74723e0d0a3c7464207374796c653d5c22746578742d616c69676e3a206a7573746966793b5c2220636f6c7370616e3d5c22325c223e54686520656173696573742077617920746f20696e7374616c6c2074686973206170706c69636174696f6e20697320746f207573652074686520696e7374616c6c6174696f6e2077697a61726420616674657220646f776e6c6f6164207468652070726f647563742066726f6d20796f757220436c69656e7420417265612e3c6272202f3e203c6272202f3e2054686520696e7374616c6c207363726970742069732065787472656d656c792073696d706c652e20546865206f6e6c7920616374696f6e207265717569726564206f6e20796f7572207061727420697320746f20636c69636b20746865206e65787420627574746f6e207768656e2065616368207374657020697320636f6d706c6574656420616e6420796f752077696c6c2062652070726f6d7074656420666f72206561636820616374696f6e20746861742069732072657175697265642066726f6d20796f7572207369646520746f2070726f63656564207769746820696e7374616c6c6174696f6e2e20486f77657665722c2074686572652061726520736f6d65207468696e677320796f75206e65656420746f20646f206265666f726520796f7520737461727420746f20656e73757265207468652070726f636573732072756e7320736d6f6f74686c792e3c2f74643e0d0a3c2f74723e0d0a3c74723e0d0a3c746420636f6c7370616e3d5c22325c223e266e6273703b3c2f74643e0d0a3c2f74723e0d0a3c74723e0d0a3c746420636f6c7370616e3d5c22325c223e3c7374726f6e673e4265666f726520796f75207374617274203c2f7374726f6e673e3c6272202f3e203c6272202f3e20436865636b20746861743a3c2f74643e0d0a3c2f74723e0d0a3c74723e0d0a3c746420636f6c7370616e3d5c22325c223e266e6273703b3c2f74643e0d0a3c2f74723e0d0a3c74723e0d0a3c74642077696474683d5c2236255c223e266e6273703b3c2f74643e0d0a3c74642077696474683d5c223934255c223e0d0a3c756c20747970653d5c22726f756e645c223e0d0a3c756c20747970653d5c22726f756e645c223e0d0a3c6c693e486f7374696e6720536572766572207175616c6966696573206f75722053797374656d20526571756972656d656e743c2f6c693e0d0a3c2f756c3e0d0a3c2f756c3e0d0a3c6272202f3e0d0a3c756c20747970653d5c22726f756e645c223e0d0a3c756c20747970653d5c22726f756e645c223e0d0a3c6c693e50485020697320696e7374616c6c6564206f6e20796f7572207365727665723c2f6c693e0d0a3c2f756c3e0d0a3c2f756c3e0d0a3c6272202f3e0d0a3c756c20747970653d5c22726f756e645c223e0d0a3c756c20747970653d5c22726f756e645c223e0d0a3c6c693e4d7953514c20697320696e7374616c6c6564206f6e20796f7572207365727665723c2f6c693e0d0a3c2f756c3e0d0a3c2f756c3e0d0a3c6272202f3e0d0a3c756c20747970653d5c22726f756e645c223e0d0a3c756c20747970653d5c22726f756e645c223e0d0a3c6c693e696f6e43756265206c6f6164657220697320696e7374616c6c6564206f7220656e61626c65643c2f6c693e0d0a3c2f756c3e0d0a3c2f756c3e0d0a3c6272202f3e0d0a3c756c20747970653d5c22726f756e645c223e0d0a3c756c20747970653d5c22726f756e645c223e0d0a3c6c693e4c6f67696e20746f20796f757220436c69656e74204172656120616e6420436c69636b206f6e203c7374726f6e673e5c224d7920536572766963655c223c2f7374726f6e673e206c696e6b206f6e2074686520746f70206d656e7520616e642066696e6420746865207a69702066696c65206c696e6b2062656c6f7720746f20646f776e6c6f616420616e6420696e7374616c6c266e6273703b496620616e79206f6620746865736520617265206e6f742c20696e7374616c6c2074686573652066697273742e3c2f6c693e0d0a3c2f756c3e0d0a3c2f756c3e0d0a3c6272202f3e3c7374726f6e673e43726561746520796f7572206461746162617365203c2f7374726f6e673e0d0a3c62723e0d0a3c62723e0d0a496620796f7520646f206e6f7420616c726561647920686176652061206461746162617365207468617420796f752077616e7420746f207573652c20796f75206e657874206e65656420746f2063726561746520796f75722064617461626173652e3c2f74643e0d0a3c2f74723e0d0a3c74723e0d0a3c746420636f6c7370616e3d5c22325c223e266e6273703b3c2f74643e0d0a3c2f74723e0d0a3c2f74626f64793e0d0a3c2f7461626c653e, '2012-04-25 05:51:00', 1, NULL, '0', '1', '', '', ''),
(150, 1, 38, 1, 'Installation - What are server requirements to run this application ?', 'Installation-What-are-server-requirements-to-run-this-application-', 'no-imager.jpg', 0x3c7461626c65207374796c653d5c2277696474683a203938253b5c2220626f726465723d5c22305c2220616c69676e3d5c2263656e7465725c223e0a3c74626f64793e0a3c74723e0a3c74642077696474683d5c2234255c223e266e6273703b3c2f74643e0a3c74642077696474683d5c223936255c223e3c7374726f6e673e546865204170706c69636174696f6e2072657175697265733a3c2f7374726f6e673e3c6272202f3e203c6272202f3e0a3c756c3e0a3c756c3e0a3c6c693e41706163686520776562207365727665722077697468206d6f645f72657772697465206f72204c69676874747064266e6273703b3c2f6c693e0a3c2f756c3e0a3c2f756c3e0a3c6272202f3e0a3c756c3e0a3c756c3e0a3c6c693e4d7953514c206461746162617365207365727665722c2076657273696f6e20352e30206f72206c61746572266e6273703b3c2f6c693e0a3c2f756c3e0a3c2f756c3e0a3c6272202f3e0a3c756c3e0a3c756c3e0a3c6c693e5048502076657273696f6e20352e32206f72206c61746572266e6273703b3c2f6c693e0a3c2f756c3e0a3c2f756c3e0a3c6272202f3e0a3c756c3e0a3c756c3e0a3c6c693e496e206164646974696f6e2c2074686520666f6c6c6f77696e672050485020657874656e73696f6e206d75737420626520696e7374616c6c6564206f6e20796f757220776562207365727665723a3c2f6c693e0a3c2f756c3e0a3c2f756c3e0a3c6272202f3e0a3c756c3e0a3c756c3e0a3c6c693e67643a20466f722067656e656174696e67207468756d626e61696c73266e6273703b3c2f6c693e0a3c2f756c3e0a3c2f756c3e0a3c6272202f3e0a3c756c3e0a3c756c3e0a3c6c693e6a736f6e3a20466f722070726f63657373696e67204a534f4e20666f726d6174266e6273703b3c2f6c693e0a3c2f756c3e0a3c2f756c3e0a3c6272202f3e0a3c756c3e0a3c756c3e0a3c6c693e6d62737472696e673a20537570706f7274206d756c7469706c6520627974657320737472696e67206173206372656174696e67207375622d737472696e67206f6620676976656e20556e69636f646520737472696e672c202e2e2e206d7973716c3c2f6c693e0a3c2f756c3e0a3c2f756c3e0a3c6272202f3e0a3c756c3e0a3c756c3e0a3c6c693e6d7973716c69266e6273703b3c2f6c693e0a3c2f756c3e0a3c2f756c3e0a3c6272202f3e0a3c756c3e0a3c756c3e0a3c6c693e70646f266e6273703b3c2f6c693e0a3c2f756c3e0a3c2f756c3e0a3c6272202f3e0a3c756c3e0a3c756c3e0a3c6c693e70646f5f6d7973716c266e6273703b3c2f6c693e0a3c2f756c3e0a3c2f756c3e0a3c6272202f3e0a3c756c3e0a3c756c3e0a3c6c693e73696d706c65786d6c3c2f6c693e0a3c2f756c3e0a3c2f756c3e0a3c6272202f3e0a3c756c3e0a3c756c3e0a3c6c693e786d6c266e6273703b3c2f6c693e0a3c2f756c3e0a3c2f756c3e0a3c6272202f3e0a3c756c3e0a3c756c3e0a3c6c693e786d6c726561646572266e6273703b3c2f6c693e0a3c2f756c3e0a3c2f756c3e0a3c6272202f3e0a3c756c3e0a3c756c3e0a3c6c693e496620796f752077616e7420746f2075706c6f616420686f6f6b732f706c7567696e732f776964676574732f6c616e6775616765207061636b616765732c2074686520666f6c6c6f77696e6720657874656e73696f6e20697320726571756972656420746f20756e7a69702066696c653a266e6273703b3c2f6c693e0a3c2f756c3e0a3c2f756c3e0a3c6272202f3e0a3c756c3e0a3c756c3e0a3c6c693e7a6c6962206f72207a69703c2f6c693e0a3c2f756c3e0a3c2f756c3e0a3c6272202f3e0a3c756c3e0a3c756c3e0a3c6c693e596f752063616e20706f696e7420796f7572207765622062726f7773657220746f20687474703a2f2f796f7572646f6d61696e2f706870696e666f2e70687020746f2073656520696e666f726d6174696f6e2061626f75742063757272656e7420696e7374616c6c6564205048502076657273696f6e2e3c2f6c693e0a3c2f756c3e0a3c2f756c3e0a3c2f74643e0a3c2f74723e0a3c2f74626f64793e0a3c2f7461626c653e, '2012-04-25 07:04:46', 1, NULL, '1', '1', '', '', ''),
(151, 1, 40, 1, 'Customize the basic configuration though Global Setting.', 'Customize-the-basic-configuration-though-Global-Setting.', 'Global-Settings-1-(1).jpg', 0x3c7461626c65207374796c653d5c2277696474683a203938253b5c2220626f726465723d5c22305c2220616c69676e3d5c2263656e7465725c223e0a3c74626f64793e0a3c74723e0a3c74643e0a3c70207374796c653d5c22746578742d616c69676e3a206a7573746966793b5c223e4c6f67206f6e20746f203c7374726f6e673e3c7370616e207374796c653d5c22746578742d6465636f726174696f6e3a20756e6465726c696e653b20666f6e742d73697a653a20736d616c6c3b20636f6c6f723a20233333333333333b5c223e3c656d3e41646d696e203d2667743b2053697465203d2667743b20476c6f62616c2053657474696e67732c3c2f656d3e3c2f7370616e3e3c2f7374726f6e673e20796f752077696c6c2067657420746f20746865205c22476c6f62616c2073657474696e67735c2220706167652061707065617265642e2042792064656661756c742074686520476c6f62616c2073657474696e6773206f7074696f6e206973206f6e6c7920617661696c61626c6520746f2061646d696e697374726174696f6e207573657273207769746820746865207269676874205c2741646d696e6973747261746f725c27206f72205c2253757065722041646d696e6973747261746f725c222e2049742063616e206265207573656420746f2061646a757374206365727461696e2073657474696e6773206f6620656e74697265206170706c69636174696f6e20696e206120616c20636f6e746578742e203c6272202f3e3c6272202f3e20496e2073686f72742c20476c6f62616c2073657474696e677320646566696e652061206d656368616e69736d20666f722073746f72696e6720636f6e66696775726174696f6e2064617461207573656420696e20746865206170706c69636174696f6e2073657474696e6773206172636869746563747572652e204f6e636520796f7520656e7465722076616c756520746f2074686520476c6f62616c2073657474696e6773207061676520616e642073617665642c207468656e207468652076616c7565732077696c6c206265206f76657272756c6564206279207468652073657474696e677320696e2074686520476c6f62616c2073657474696e67732e2042656c6f772069732061206465736372697074696f6e206f66206561636820746162206f66207468652067656e6572616c20636f6e66696720746f2061696420696e2066696e64696e67207768617420796f75206e6565642e3c6272202f3e266e6273703b3c2f703e0a3c703e3c7370616e207374796c653d5c22666f6e742d73697a653a20736d616c6c3b5c223e3c7374726f6e673e3c7370616e207374796c653d5c22666f6e742d73697a653a206d656469756d3b5c223e53657474696e677320616e64207468656972206578706c616e6174696f6e3c2f7370616e3e3c6272202f3e266e6273703b3c2f7374726f6e673e3c2f7370616e3e3c2f703e0a3c703e3c7374726f6e673e3c7370616e207374796c653d5c22636f6c6f723a20233333333333333b5c223e3c7370616e207374796c653d5c22666f6e742d73697a653a20736d616c6c3b20636f6c6f723a20233830383038303b5c223e536974653c2f7370616e3e3c7370616e207374796c653d5c22666f6e742d73697a653a20782d736d616c6c3b5c223e3c7370616e207374796c653d5c22666f6e742d73697a653a20736d616c6c3b20636f6c6f723a20233830383038303b5c223e20436f6e66696775726174696f6e3c2f7370616e3e3c6272202f3e266e6273703b3c2f7370616e3e3c2f7370616e3e3c2f7374726f6e673e3c2f703e0a3c70207374796c653d5c22746578742d616c69676e3a206a7573746966793b5c223e546865206d6f737420696d706f7274616e746c79205369746520636f6e66696775726174696f6e2073656374696f6e20756e6465722074686520476c6f62616c2053657474696e6720697320746f20637573746f6d697a65207369746526727371756f3b73205469746c652c204e616d652c20436f756e7472792c2043757272656e63792c206c616e677561676520616e64206f746865722053454f2072656c617465642073657474696e672e204163636f7264696e6720746f2074686520676976656e2076616c75652c2074686520656e74697265206170706c69636174696f6e2077696c6c2062652072656e646572656420616e64206576657279206d6f64756c657320616e64207375622d6d6f64756c65732077696c6c20666f6c6c6f77207468697320696e737472756374696f6e20616464656420686572652e3c2f703e0a3c2f74643e0a3c2f74723e0a3c74723e0a3c74643e266e6273703b3c2f74643e0a3c2f74723e0a3c2f74626f64793e0a3c2f7461626c653e, '2012-04-25 07:36:11', 1, NULL, '0', '1', '', '', ''),
(152, 1, 39, 1, 'Introduction of Modules Architecture.', 'Introduction-of-Modules-Architecture.', 'modules-(1).jpg', 0x3c70207374796c653d5c22746578742d616c69676e3a206a7573746966793b5c223e3c7370616e3e5768656e20746865206170706c69636174696f6e206265636f6d65732062696767657220616e64206269676765722074686520636f6e74726f6c6c65722c206d6f64656c7320616e642076696577732f73637269707473206469726563746f7269657320636f6e7461696e206d6f726520616e64206d6f72652066696c65732e205468617426727371756f3b73206120626974206f64642c2062656361757365206974206265636f6d657320646966666963756c7420746f206d61696e7461696e2c20616e64207468616e20746865206d6f64756c657320636f6d6520696e2068616e642e204173206f7572206170706c69636174696f6e206973206261736564206f6e205a656e64204170702074686572652061726520746f6e73206f662061727469636c657320696e20746865207765622c20627574206c6574206d652073686f7720796f7520612073696d706c65206469726563746f7279206c61796f757420616e64202668656c6c69703b2073616d706c6520636f64652074686174207365747320757020746865206672616d65776f726b2e266e6273703b3c2f7370616e3e3c2f703e0a3c70207374796c653d5c22746578742d616c69676e3a206a7573746966793b5c223e3c7370616e3e3c6272202f3e596f752063616e207669736974266e6273703b3c2f7370616e3e3c6120687265663d5c22687474703a2f2f6672616d65776f726b2e7a656e642e636f6d2f6d616e75616c2f656e2f70726f6a6563742d7374727563747572652e70726f6a6563742e68746d6c5c223e3c7370616e3e5a656e64204d6f64756c65205374727563747572653c2f7370616e3e3c2f613e3c7370616e3e266e6273703b20666f72206d6f72652064657461696c732e204865726520697320612073686f7274206465736372697074696f6e20746f20636c65617220796f757220756e6465727374616e64696e6720686f77206f7572206170706c69636174696f6e206d6f64756c65732061726520776f726b696e672e3c2f7370616e3e3c6272202f3e3c6272202f3e3c6272202f3e3c2f703e0a3c70207374796c653d5c22746578742d616c69676e3a206a7573746966793b5c223e45616368206d6f64756c6520686173206974732067726f757020266c6471756f3b636f6e74726f6c6c6572732c206d6f64656c73206520766965777326726471756f3b20696e646570656e64656e742c2069652c2065766572797468696e67206973206f7267616e697a656420696e746f20666f6c6465727320616e64205a656e6420646f6573207468652072657374202873746f727921292e4e6f772057697468696e2065616368206d6f64756c6520796f75206d7573742061646420612066696c6520426f6f7473747261702e70687020666f7220696e697469616c697a6174696f6e206f6620796f7572206d6f64756c652c20427574206e6f7465207468617420746865206865616465722069732061206c6974746c6520646966666572656e743a3c2f703e0a3c70207374796c653d5c22746578742d616c69676e3a206a7573746966793b5c223e3c7374726f6e673e3c6272202f3e424f4f545354524150205052494e434950414c3a3c2f7374726f6e673e3c2f703e0a3c70207374796c653d5c22746578742d616c69676e3a206a7573746966793b5c223e636c61737320426f6f74737472617020657874656e6473205a656e645f4170706c69636174696f6e5f426f6f7473747261705f426f6f747374726170207b3c2f703e0a3c70207374796c653d5c22746578742d616c69676e3a206a7573746966793b5c223e7d3c2f703e0a3c70207374796c653d5c22746578742d616c69676e3a206a7573746966793b5c223e3c7374726f6e673e3c6272202f3e424f4f54535452415020464f522041204d4f44554c453a3c2f7374726f6e673e3c2f703e0a3c70207374796c653d5c22746578742d616c69676e3a206a7573746966793b5c223e636c6173732041646d696e5f426f6f74737472617020657874656e6473205a656e645f4170706c69636174696f6e5f4d6f64756c655f426f6f747374726170207b3c2f703e0a3c70207374796c653d5c22746578742d616c69676e3a206a7573746966793b5c223e7d3c2f703e0a3c70207374796c653d5c22746578742d616c69676e3a206a7573746966793b5c223e3c6272202f3e4e6f7465207468617420696e2066726f6e74206f662074686520636c617373206e616d6520426f6f74737472617020796f752073686f756c642075736520746865206e616d65206f6620796f7572206d6f64756c652c20696e207468652061626f76652063617365204920616d20616464696e672074686520626f6f747374726170206d6f64756c652061646d696e2c207468656e20746865206e616d652073686f756c642062652041646d696e5f426f6f74737472617020616e64207468697320636c6173732073686f756c6420626520746f20457874656e74205a656e645f4170706c69636174696f6e5f4d6f64756c655f426f6f7473747261702c206265636175736520736f205a656e64206b6e6f777320746861742074686973206973206120626f6f747374726170206d6f64756c65213c2f703e, '2012-04-25 07:49:53', 1, NULL, '1', '1', '', '', '');
INSERT INTO `news_page` (`id`, `group_id`, `category_id`, `entry_by`, `page_name`, `page_title`, `page_thumb`, `page_desc`, `page_date`, `page_order`, `related_items`, `featured`, `active`, `meta_title`, `meta_keywords`, `meta_desc`) VALUES
(153, 1, 41, 1, 'Customization of search and advance search fields.', 'Customization-of-search-and-advance-search-fields.', 'Basic_Search.jpg', 0x[encoded data, 8374 characters], '2012-04-25 08:53:31', 1, NULL, '1', '1', '', '', ''),
(154, 1, 42, 1, 'Create Manage and Setup Access privilege', 'Create-Manage-and-Setup-Access-privilege', 'roles2.jpg', 0x3c70207374796c653d5c22746578742d616c69676e3a206a7573746966793b5c223e416c6c206f6620456963726126727371756f3b7320776562206170706c69636174696f6e20686173206275696c742d696e207065726d697373696f6e2073797374656d20776869636820776173206261736564206f6e2041434c206172636869746563747572652c20736f20796f752063616e20736574207065726d697373696f6e20666f7220726f6c65202867726f757029206f7220676976656e207573657220746f20736570617261746564206d6f64756c65732e204279207573696e6720726f6c652c20796f752063616e2074756e6520757020686f772061207265676973746572206d656d6265722063616e2062652070726976696c65676564207468656e206e6f726d616c207573657220686f772061646d696e6973747261746f722063616e20656e6a6f79206d6f72652070726976696c65676564207468656e20612072656769737465726564207573657220616e6420736f206f6e2e3c6272202f3e3c6272202f3e416674657220686176696e672067726f7570732c20796f752063616e20637265617465206e6577207573657220666f7220656163682067726f75702e20496e206f7264657220746f20637265617465206e657720757365722c20796f7520676f20746f206d616e6167652075736572732028557365722f5573657220696e206261636b2d656e64292c206865726520796f752063616e206372656174652c20656469742c2064656c657465206f722061637469766520666f7220616e7920757365722e20557365722077696c6c20686176652064656661756c74207065726d697373696f6e206163636f7264696e67207468652067726f757020746861742069742062656c6f6e6720746f202874687573206f6e6520757365722063616e5c27742062656c6f6e6720746f206d616e792067726f757073292e20486f776576657220796f752063616e207374696c6c20736574207370656369616c207065726d697373696f6e20666f7220696e646976696475616c207573657220696e20612067726f75702e3c2f703e, '2012-04-25 08:58:26', 1, NULL, '0', '1', '', '', ''),
(155, 1, 43, 1, 'What is Website template', 'What-is-Website-template', 'no-imager.jpg', 0x[encoded data, 5866 characters], '2012-04-25 09:00:28', 1, NULL, '1', '1', '', '', ''),
(156, 1, 45, 1, 'How to Create new Menu Group.', 'How-to-Create-new-Menu-Group.', 'menu-grp.png', 0x3c7370616e207374796c653d5c22666f6e742d73697a653a206d656469756d3b5c223e3c7374726f6e673e57686174206973266e6273703b4d656e752047726f7570203f3c2f7374726f6e673e3c2f7370616e3e203c6272202f3e3c6272202f3e4d656e75206e617669676174696f6e2067726f75702069732074686520736369656e636520616e6420736b696c6c20776869636820796f75206170706c7920746f206120776562207369746520746861742068656c70732076697369746f7273206d6f76652066726f6d206f6e65207061676520746f20616e6f746865722e20496e2073686f7274204d656e752067726f7570206973206120636f6c6c656374696f6e206f66206e756d62657273206f66206d656e757320617373656d626c656420746f67657468657220746861742068656c70732076697369746f7273206d6f76652066726f6d206f6e65207061676520746f20616e6f74686572207468726f75676820612073796e6368726f6e697a6564206c696e6520626172206c696b652062656c6f77203a20266e6273703b3c6272202f3e3c6272202f3e20486f7720746f206372656174652061206e6577204d656e752047726f7570203f20546f20637265617465206e6577204d656e752047726f7570206c6f67206f6e20746f266e6273703b3c7374726f6e673e41444d494e203d2667743b204d656e75203d2667743b20437265617465204e6577204d656e752047726f7570266e6273703b3c2f7374726f6e673e266e6273703b77686963682077696c6c2074616b6520796f7520746f2074686520666f6c6c6f77696e6720706167652e20547970652061206e6577206d656e752067726f7570206e616d6520616e6420736176652069742e, '2012-04-25 11:31:16', 1, NULL, '1', '1', '', '', ''),
(157, 1, 45, 1, 'Step By Step installation Guideline.', 'Step-By-Step-installation-Guideline.', 'step-2.jpg', 0x[encoded data, 5248 characters], '2012-04-25 12:13:19', 2, NULL, '0', '1', '', '', ''),
(158, 1, 45, 1, 'How to add a Custom Dynamic Web Form with a Menu', 'How-to-add-a-Custom-Dynamic-Web-Form-with-a-Menu', 'Edit_A_Menu.jpg', 0x576520617373756d65642c20796f75206861766520616c7265616479206c6561726e656420616e64206372656174656420612064796e616d69632077656220666f726d207573696e67206f7572204170706c69636174696f6e2e204e6f772077652077696c6c206578706c61696e20686f7720796f7520746f206a6f696e20616e206578697374696e672077656220666f726d28732920746f2061206d656e75206f72207375622d6d656e75206f6620666f6e74656e6420696e746572666163652e20506c65617365206d616b65207375726520796f75206861766520637265617465642061206e6577206d656e75206265666f7265206c696e6b696e6720612064796e616d69632077656220666f726d2e204c6f676f6e20746f203c7374726f6e673e41646d696e3d3e4d656e753d3e3c2f7374726f6e673e4d616e616765204d656e7520616e642066696e642026206564697420746865206d656e7520776869636820796f752077616e7420746f206c696e6b207769746820616e206578697374696e672077656220666f726d732e, '2012-04-25 12:54:10', 3, NULL, '0', '1', '', '', ''),
(159, 1, 38, 1, 'Why a registered user fail to log in after successful registration.', 'Why-a-registered-user-fail-to-log-in-after-successful-registration.', 'no-imager.jpg', 0x5468657265206d696768742062652074776f20726561736f6e73207768792073797374656d20646f65736e5c277420616c6c6f772061207573657220746f206c6f67696e2e203c6272202f3e3c6272202f3e5468657265206172653a3c6272202f3e203c6272202f3e3031202d2041646d696e20686173206e6f742079657420617070726f76656420746865207573657220746f206c6f6720696e2e203c6272202f3e3c6272202f3e3032202d2041646d696e206d61792073757370656e646564206f7220626c6f636b207573657220746f206c6f6720696e2e203c6272202f3e3c6272202f3e596f752063616e206d616e6167652075736572207468726f7567683c656d3e3c7374726f6e673e205c2241646d696e203d2667743b205573657273203d2667743b2045646974202f2044656c65746520557365725c223c2f7374726f6e673e3c2f656d3e20616e6420706572666f726d207573657220737065636966696320616374696f6e20737563682061732073757370656e642c20756e2d7075626c697368206f72206368616e67652070617373776f72642e, '2012-04-26 09:23:33', 2, NULL, '0', '1', '', '', ''),
(160, 1, 42, 1, 'Introduction with Global Configuration File under Config.', 'Introduction-with-Global-Configuration-File-under-Config.', 'no-imager.jpg', 0x[encoded data, 8032 characters], '2012-04-26 09:29:27', 2, NULL, '0', '1', '', '', ''),
(161, 1, 43, 1, 'How to change my Logo', 'How-to-change-my-Logo', 'Default-Image-Location.png', 0x3c70207374796c653d5c22746578742d616c69676e3a206a7573746966793b5c223e496620796f7520617265207573696e67206f75722064656661756c742074656d706c6174652c207468657265206172652074776f207761797320746f206368616e676520746865206c6f676f2e266e6273703b20546865726520617265203a203c6272202f3e3c6272202f3e203c7374726f6e673e4f7665727772697465204c6f676f20496d616765733a266e6273703b203c2f7374726f6e673e3c6272202f3e3c6272202f3e2042792064656661756c7420616c6c206c6f676f20616e6420696d6167657320617265206c6f6361746564206174202f202f6170706c69636174696f6e2f6c61796f7574732f736372697074732f2f696d616765732f207468657265666f726520796f752063616e2075706c6f61642026616d703b206f7665727772697465206c6f676f20696d61676520746f206170706c69636174696f6e2f6c61796f7574732f736372697074732f2f696d616765732f6c6f676f2e706e673c6272202f3e3c6272202f3e203c7374726f6e673e557064617465207468652048656164657220426c6f636b3a3c2f7374726f6e673e3c6272202f3e3c6272202f3e2042792064656661756c7420616c6c2064657369676e20626c6f636b7320617265206c6f6361746564206174202f202f6170706c69636174696f6e2f6c61796f7574732f736372697074732f2f626c6f636b732f266e6273703b266e6273703b207468657265666f726520796f752063616e206564697420746f702d6d656e752e7068746d6c207061676520746f2061646420637573746f6d206c6f676f206c6f636174696f6e20616e6420736176652069742e3c2f703e, '2012-04-26 09:51:29', 2, NULL, '0', '1', '', '', ''),
(162, 1, 43, 1, 'The core Architecture overview/Directories', 'The-core-Architecture-overview-Directories', 'no-imager.jpg', 0x3c70207374796c653d5c22746578742d616c69676e3a206a7573746966793b5c223e4173206e6f726d616c205a656e64204672616d65776f726b2070726f6a6563742c206f7572206170706c69636174696f6e20636f6e7461696e7320616e266e6273703b3c656d3e6170706c69636174696f6e3c2f656d3e266e6273703b666f6c64657220616e6420613c656d3e6c6962726172793c2f656d3e266e6273703b666f6c6465722e3c2f703e0a3c70207374796c653d5c22746578742d616c69676e3a206a7573746966793b5c223e546865266e6273703b3c656d3e6c6962726172793c2f656d3e266e6273703b666f6c64657220636f6e7461696e73207468652067656e6572696320736372697074733a20746865205a656e64204672616d65776f726b206c6962726172792c20616e6420746865206170706c69636174696f6e266e6273703b6c6962726172792e207468697320697320746865207265636f6d6d656e64656420706c61636520666f7220616c6c206c69627261726965732e3c2f703e0a3c70207374796c653d5c22746578742d616c69676e3a206a7573746966793b5c223e546865266e6273703b3c656d3e6170706c69636174696f6e3c2f656d3e266e6273703b666f6c64657220636f6e7461696e7320796f7572206170706c69636174696f6e20737065636966696320636f64652e20697420697473656c6620636f6e7461696e73207365766572616c20666f6c646572732065616368206f6e652068617320612073706563696669632075736167652e3c2f703e0a3c756c3e0a3c6c693e0a3c703e3c7374726f6e673e746865266e6273703b3c656d3e6170706c69636174696f6e2f636f6e6669673c2f656d3e266e6273703b666f6c6465723c2f7374726f6e673e3c2f703e0a3c70207374796c653d5c22746578742d616c69676e3a206a7573746966793b5c223e636f6e7461696e7320636f6e6669672066696c65732072656c6174656420746f20616c6c20796f7572206170706c69636174696f6e2c20636f6e6669672066696c657320616e6420746865697220636f6e74656e742069732064657461696c656420696e206120666f6c6c6f77696e67207061726167726170682e3c2f703e0a3c2f6c693e0a3c6c693e0a3c703e3c7374726f6e673e746865266e6273703b3c656d3e6170706c69636174696f6e2f636f6e74726f6c6c6572733c2f656d3e266e6273703b666f6c6465723c2f7374726f6e673e3c2f703e0a3c703e73686f756c6420636f6e7461696e732074686520636f6e74726f6c6c657273207468617420646f206e6f742062656c6f6e6720746f20616e79206d6f64756c65206f6620796f7572206170706c69636174696f6e2e3c2f703e0a3c2f6c693e0a3c6c693e0a3c703e3c7374726f6e673e746865266e6273703b3c656d3e6170706c69636174696f6e2f6c61796f75743c2f656d3e266e6273703b666f6c6465723c2f7374726f6e673e3c2f703e0a3c70207374796c653d5c22746578742d616c69676e3a206a7573746966793b5c223e636f6e7461696e7320796f7572206170706c69636174696f6e206c61796f757473202862792064656661756c742c20697420636f6e7461696e7320612061646d696e2e7068746d6c20616e6420612064656661756c742e7068746d6c20746861742061726520726573706563746976656c7920796f7572206261636f666669636520616e642066726f6e746f6666696365206c61796f7574292e3c2f703e0a3c2f6c693e0a3c6c693e0a3c703e3c7374726f6e673e746865266e6273703b3c656d3e6170706c69636174696f6e2f6d6f64756c65733c2f656d3e266e6273703b666f6c6465723c2f7374726f6e673e3c2f703e0a3c70207374796c653d5c22746578742d616c69676e3a206a7573746966793b5c223e636f6e7461696e7320796f7572206170706c69636174696f6e206d6f64756c65732c20796f7572206170706c69636174696f6e2073686f756c642062652073706c697474656420696e746f20666561747572652064726976656e207375622d6469766973696f6e2c20666f72206578616d706c652c207765206861766520646f6e652061206d6f64756c65266e6273703b3c656d3e757365723c2f656d3e266e6273703b666f7220656e63617073756c61746520757365722072656c61746564206665617475726573206d6f64756c6520636f6e74656e742077696c6c2062652064657461696c656420696e206120666f6c6c6f77696e67207061726167726170682e3c2f703e0a3c2f6c693e0a3c6c693e0a3c703e3c7374726f6e673e746865266e6273703b3c656d3e6170706c69636174696f6e2f766965773c2f656d3e266e6273703b666f6c6465723c2f7374726f6e673e3c2f703e0a3c70207374796c653d5c22746578742d616c69676e3a206a7573746966793b5c223e636f6e7461696e73207669657773207468617420617265206173736f63696174656420776974682074686520636f6e74726f6c6c6572732070726573656e7420696e266e6273703b3c656d3e6170706c69636174696f6e2f636f6e74726f6c6c6572733c2f656d3e266e6273703b666f6c6465722e206974206d617920636f6e7461696e7320766965772066696c6573207468617420617265207573656420696e207365766572616c206d6f64756c65732028746869732066696c657320617265206f6674656e2075736564207769746820746865207061727469616c20766965772068656c706572292e3c2f703e0a3c2f6c693e0a3c2f756c3e, '2012-04-26 10:10:14', 3, NULL, '0', '1', '', '', ''),
(163, 1, 43, 1, 'Customization of individual Modules theme.', 'Customization-of-individual-Modules-theme.', 'Modules-List.png', 0x[encoded data, 7324 characters], '2012-04-26 10:19:39', 4, NULL, '0', '1', '', '', ''),
(164, 1, 37, 1, 'Create Manage and Setup Access privilege', 'Create-Manage-and-Setup-Access-privilege-164', 'roles(1).png', 0x3c70207374796c653d5c22746578742d616c69676e3a206a7573746966793b5c223e3c7370616e3e3c7370616e3e416c6c206f6620456963726126727371756f3b7320776562206170706c69636174696f6e20686173206275696c742d696e207065726d697373696f6e2073797374656d20776869636820776173206261736564206f6e2041434c206172636869746563747572652c20736f20796f752063616e20736574207065726d697373696f6e20666f7220726f6c65202867726f757029206f7220676976656e207573657220746f20736570617261746564206d6f64756c65732e204279207573696e6720726f6c652c20796f752063616e2074756e6520757020686f772061207265676973746572206d656d6265722063616e2062652070726976696c65676564207468656e206e6f726d616c207573657220686f772061646d696e6973747261746f722063616e20656e6a6f79206d6f72652070726976696c65676564207468656e20612072656769737465726564207573657220616e6420736f206f6e2e3c6272202f3e3c6272202f3e3c2f7370616e3e3c2f7370616e3e3c2f703e0a3c70207374796c653d5c22746578742d616c69676e3a206a7573746966793b5c223e3c7370616e3e3c7370616e3e416674657220686176696e672067726f7570732c20796f752063616e20637265617465206e6577207573657220666f7220656163682067726f75702e20496e206f7264657220746f20637265617465206e657720757365722c20796f7520676f20746f206d616e6167652075736572732028557365722f5573657220696e206261636b2d656e64292c206865726520796f752063616e206372656174652c20656469742c2064656c657465206f722061637469766520666f7220616e7920757365722e20557365722077696c6c20686176652064656661756c74207065726d697373696f6e206163636f7264696e67207468652067726f757020746861742069742062656c6f6e6720746f202874687573206f6e6520757365722063616e5c27742062656c6f6e6720746f206d616e792067726f757073292e20486f776576657220796f752063616e207374696c6c20736574207370656369616c207065726d697373696f6e20666f7220696e646976696475616c207573657220696e20612067726f75702e3c2f7370616e3e3c2f7370616e3e3c2f703e, '2012-04-26 10:35:27', 2, NULL, '0', '1', '', '', '');
INSERT INTO `news_page` (`id`, `group_id`, `category_id`, `entry_by`, `page_name`, `page_title`, `page_thumb`, `page_desc`, `page_date`, `page_order`, `related_items`, `featured`, `active`, `meta_title`, `meta_keywords`, `meta_desc`) VALUES
(165, 1, 39, 1, 'Default location of Templates , JS , CSS and Images.', 'Default-location-of-Templates-,-JS-,-CSS-and-Images.', 'css-flowchart.png', 0x3c703e42792044656661756c742074686520436f72652046696c657320617265206c6f6361746564206173266e6273703b3a3c2f703e0a3c703e266e6273703b3c2f703e0a3c7461626c6520626f726465723d5c22305c222063656c6c73706163696e673d5c22315c222063656c6c70616464696e673d5c22315c2220616c69676e3d5c2263656e7465725c223e3c63617074696f6e3e266e6273703b3c2f63617074696f6e3e0a3c74686561643e0a3c74723e3c74682073636f70653d5c22636f6c5c223e3c7370616e3e46696c6520547970653c2f7370616e3e3c2f74683e3c74682073636f70653d5c22636f6c5c223e46696c65204c6f636174696f6e733c2f74683e3c2f74723e0a3c2f74686561643e0a3c74626f64793e0a3c74723e0a3c74643e3c6272202f3e4c61796f75742046696c653c2f74643e0a3c74643e266e6273703b20266e6273703b20266e6273703b3c6272202f3e266e6273703b20266e6273703b20266e6273703b2f2f6170706c69636174696f6e2f6c61796f7574732f736372697074732f2f6c61796f75742e7068746d6c3c2f74643e0a3c2f74723e0a3c74723e0a3c74643e44656661756c7420496d6167653c2f74643e0a3c74643e266e6273703b20266e6273703b20266e6273703b2f2f6170706c69636174696f6e2f6c61796f7574732f736372697074732f2f696d616765732f3c2f74643e0a3c2f74723e0a3c74723e0a3c74643e426c6f636b2046696c65733c2f74643e0a3c74643e266e6273703b20266e6273703b20266e6273703b2f2f6170706c69636174696f6e2f6c61796f7574732f736372697074732f2f626c6f636b732f3c2f74643e0a3c2f74723e0a3c74723e0a3c74643e4c61796f7574204353533c2f74643e0a3c74643e266e6273703b20266e6273703b20266e6273703b2f2f6170706c69636174696f6e2f6c61796f7574732f736372697074732f2f6373732f3c2f74643e0a3c2f74723e0a3c74723e0a3c74643e4c61796f7574204a53266e6273703b3c2f74643e0a3c74643e266e6273703b20266e6273703b20266e6273703b2f2f6170706c69636174696f6e2f6c61796f7574732f736372697074732f2f6a732f3c2f74643e0a3c2f74723e0a3c74723e0a3c74643e436f6e6669673c2f74643e0a3c74643e266e6273703b20266e6273703b20266e6273703b2f2f6170706c69636174696f6e2f6c61796f7574732f736372697074732f2f636f6e6669672f636f6e6669672e786d6c3c2f74643e0a3c2f74723e0a3c2f74626f64793e0a3c2f7461626c653e0a3c703e266e6273703b3c2f703e0a3c70207374796c653d5c22746578742d616c69676e3a206a7573746966793b5c223e3c7374726f6e673e4e42266e6273703b3a266e6273703b266e6273703b245365727665725061746820726570726573656e747320796f757220686f6d65206469726563746f7279207768656e20746865206170706c69636174696f6e20697320696e7374616c6c65642e266e6273703b266e6273703b3c2f7374726f6e673e3c6272202f3e3c6272202f3e3c7374726f6e673e266e6273703b20266e6273703b20266e6273703b202454656d706c6174655061746820726570726573656e7473207468652070726573656e742064656661756c742074656d706c61746573206469726563746f7279266e6273703b746861742069732073657420696e2061646d696e20266e6273703b20266e6273703b20266e6273703b20266e6273703b20266e6273703b20266e6273703b20266e6273703b617265612e205365652062656c6f7720696d6167652e266e6273703b3c2f7374726f6e673e3c2f703e, '2012-04-26 10:44:14', 2, NULL, '0', '1', '', '', ''),
(166, 1, 39, 1, 'Setting up privileges and roles as ROOT / Super user.', 'Setting-up-privileges-and-roles-as-ROOT-Super-user.', 'root-permission (1).png', 0x[encoded data, 5662 characters], '2012-04-26 10:56:04', 3, NULL, '0', '1', '', '', ''),
(167, 1, 39, 1, 'Introduction with Global Configuration File under Config.', 'Introduction-with-Global-Configuration-File-under-Config.-167', 'no-imager.jpg', 0x[encoded data, 6496 characters], '2012-04-26 11:15:40', 4, NULL, '0', '1', '', '', ''),
(168, 1, 40, 1, 'Add, edit and delete Comments.', 'Add,-edit-and-delete-Comments.', 'Comment.png', 0x3c70207374796c653d5c22746578742d616c69676e3a206a7573746966793b5c223e546869732073656374696f6e20686f6c647320616c6c2074686520636f6d6d656e74732074686174207468652075736572732068617665206d616465206f6e207468652061727469636c65732c204e6577732061727469636c657320616e64206f74686572206d6f64756c65732c2061742074686520636c69656e7420696e746572666163652e3c6272202f3e266e6273703b3c2f703e0a3c70207374796c653d5c22746578742d616c69676e3a206a7573746966793b5c223e54686520636c69656e7420636f6d6d656e74732077696c6c206e6f742062652076697369626c6520696e2074686520636f6d6d656e74732073656374696f6e20756e646572207468652061727469636c652074686520636f6d6d656e747320617265206d6164652c2061742074686520636c69656e7420737570706f727420696e746572666163652c20756e74696c206120266e6273703b75736572202f2061646d696e2077686f20686173207468652061636365737320746f206d6f6465726174652074686520636f6d6d656e74732c20617070726f766573207468656d2066726f6d2074686520636f6e74726f6c2070616e656c2e3c6272202f3e266e6273703b3c2f703e0a3c70207374796c653d5c22746578742d616c69676e3a206a7573746966793b5c223e496e206f7264657220746f206d616e616765207573657220706f7374656420636f6d6d656e7473207461696c696e6720746f206576657279206d6f64756c65732c206c6f67206f6e20746f266e6273703b3c656d3e3c7374726f6e673e41444d494e203d2667743b204d4f44554c4553203d2667743b20434f4d4d454e54204d414e414745523c2f7374726f6e673e3c2f656d3e266e6273703b616e6420636c69636b206f6e2069742e20596f752077696c6c20626520617070656172696e6720746f20636f6d6d656e74206d616e6167656d656e74206d6f64756c657320746f206d616e61676520757365725c277320706f7374656420636f6d6d656e747320696620656e61626c65642e3c2f703e0a3c6f6c3e0a3c6c693e3c656d3e436f6d6d656e74204c6973743c2f656d3e3c2f6c693e0a3c6c693e3c656d3e416464204e657720436f6d6d656e743c2f656d3e3c2f6c693e0a3c6c693e3c656d3e436f6d6d656e742053657474696e67733c2f656d3e3c2f6c693e0a3c2f6f6c3e, '2012-04-26 11:25:48', 2, NULL, '0', '1', '', '', ''),
(169, 1, 40, 1, 'Creating Custom Blocks', 'Creating-Custom-Blocks', 'no-imager.jpg', 0x[encoded data, 7546 characters], '2012-04-26 12:02:43', 3, NULL, '0', '1', '', '', ''),
(170, 1, 46, 1, 'Architecture overview/Configuration files', 'Architecture-overview-Configuration-files', 'no-imager.jpg', 0x[encoded data, 5348 characters], '2012-04-26 12:21:33', 1, NULL, '0', '1', '', '', ''),
(171, 1, 36, 1, 'License Details', 'License-Details', 'no-imager.jpg', 0x[encoded data, 5316 characters], '2012-04-26 12:51:11', 2, NULL, '0', '1', '', '', '');

-- --------------------------------------------------------

--
-- Table structure for table `payment_gateway`
--

CREATE TABLE IF NOT EXISTS `payment_gateway` (
  `id` int(11) NOT NULL AUTO_INCREMENT,
  `name` varchar(255) COLLATE utf8_unicode_ci DEFAULT NULL,
  `title` varchar(255) COLLATE utf8_unicode_ci DEFAULT NULL,
  `logo` varchar(255) COLLATE utf8_unicode_ci DEFAULT NULL,
  `payment_order` varchar(255) COLLATE utf8_unicode_ci DEFAULT NULL,
  `active` enum('0','1') COLLATE utf8_unicode_ci DEFAULT NULL,
  PRIMARY KEY (`id`)
) ENGINE=InnoDB  DEFAULT CHARSET=utf8 COLLATE=utf8_unicode_ci AUTO_INCREMENT=9 ;

--
-- Dumping data for table `payment_gateway`
--

INSERT INTO `payment_gateway` (`id`, `name`, `title`, `logo`, `payment_order`, `active`) VALUES
(1, 'Paypal', 'Paypal', 'paypal.gif', '1', '0'),
(2, 'tocheckout', '2Checkout', '2checkout_logo.jpg', '2', '0'),
(3, 'payza', 'Payza ( Old Alertpay)', 'payza.png', '3', '0'),
(4, 'moneybookers', 'Moneybookers', 'moneybookers.gif', '4', '0'),
(5, 'worldpay', 'World', 'WorldPay.jpg', '5', '0'),
(6, 'googlecheckout', 'Google Checkout', 'google_checkout.jpg', '6', '0'),
(7, 'bank', 'Bank Transfer (Offline Payment)', 'bank.jpg', '7', '1'),
(8, 'ccAvenue', 'CCAvenue', 'ccavenue.gif', '8', '0');

-- --------------------------------------------------------

--
-- Table structure for table `payment_gateway_settings`
--

CREATE TABLE IF NOT EXISTS `payment_gateway_settings` (
  `id` int(11) NOT NULL AUTO_INCREMENT,
  `gateway_id` int(11) NOT NULL,
  `setting` varchar(255) COLLATE utf8_unicode_ci NOT NULL,
  `value` text COLLATE utf8_unicode_ci,
  PRIMARY KEY (`id`)
) ENGINE=InnoDB  DEFAULT CHARSET=utf8 COLLATE=utf8_unicode_ci AUTO_INCREMENT=5 ;

--
-- Dumping data for table `payment_gateway_settings`
--

INSERT INTO `payment_gateway_settings` (`id`, `gateway_id`, `setting`, `value`) VALUES
(1, 7, 'gwname', 'Bank Transfer'),
(2, 7, 'name', 'My Bank'),
(3, 7, 'bank_details', '<b>Option One :</b> \r\n<b>Name of Bank     :</b>  My Bank Limited\r\n<b>Account Name     :</b>  Eicra Soft Limited\r\n<b>Account Number   :</b>  XXXXXXXXXX\r\n<b>SWIFT Code       :</b>  XXXXXX\r\n<b>Branch Name      :</b>  Any Branch'),
(4, 7, 'gateway_id', '7');

-- --------------------------------------------------------

--
-- Table structure for table `poll_answer`
--

CREATE TABLE IF NOT EXISTS `poll_answer` (
  `id` int(11) NOT NULL AUTO_INCREMENT,
  `question_id` int(11) DEFAULT NULL,
  `answer_order` int(11) DEFAULT NULL,
  `content` varchar(255) COLLATE utf8_unicode_ci DEFAULT NULL,
  `thumb` varchar(255) COLLATE utf8_unicode_ci DEFAULT NULL,
  `active` enum('0','1') COLLATE utf8_unicode_ci DEFAULT '1',
  `created_date` datetime DEFAULT NULL,
  `entry_by` int(11) DEFAULT NULL,
  `num_views` int(11) DEFAULT NULL,
  PRIMARY KEY (`id`)
) ENGINE=InnoDB  DEFAULT CHARSET=utf8 COLLATE=utf8_unicode_ci AUTO_INCREMENT=49 ;

--
-- Dumping data for table `poll_answer`
--

INSERT INTO `poll_answer` (`id`, `question_id`, `answer_order`, `content`, `thumb`, `active`, `created_date`, `entry_by`, `num_views`) VALUES
(30, 11, 1, 'Gulshan', NULL, '1', '2011-05-05 01:08:47', 1, 1),
(31, 11, 2, 'Baridhara', NULL, '1', '2011-05-05 01:08:47', 1, 0),
(32, 11, 3, 'Motijheel', NULL, '1', '2011-05-05 01:08:47', 1, 0),
(33, 11, 4, 'Mohammadpur', NULL, '1', '2011-05-05 01:08:47', 1, 0),
(34, 11, 5, 'Uttara', NULL, '1', '2011-05-05 01:08:47', 1, 0),
(35, 11, 6, 'Jatrabari', NULL, '1', '2011-05-05 01:08:47', 1, 0),
(36, 12, 1, '+500 sft.', NULL, '1', '2011-05-05 01:14:25', 1, 0),
(37, 12, 2, '+1500 sft.', NULL, '1', '2011-05-05 01:14:25', 1, 0),
(38, 12, 3, '+2000 sft.', NULL, '1', '2011-05-05 01:14:25', 1, 0),
(39, 12, 4, '+2500 sft.', NULL, '1', '2011-05-05 01:14:25', 1, 1),
(40, 12, 5, '+3000 sft.', NULL, '1', '2011-05-05 01:14:25', 1, 0),
(41, 12, 6, '+4000 sft.', NULL, '1', '2011-05-05 01:14:25', 1, 0),
(42, 13, 1, 'One time', NULL, '1', '2011-05-05 01:16:26', 1, 0),
(43, 13, 2, 'Monthly Downpayment', NULL, '1', '2011-05-05 01:16:26', 1, 1),
(44, 13, 3, 'Yearly Downpayment', NULL, '1', '2011-05-05 01:16:26', 1, 1),
(45, 14, 1, 'Fine', NULL, '1', '2011-05-05 01:30:02', 1, 0),
(46, 14, 2, 'Nice', NULL, '1', '2011-05-05 01:30:02', 1, 0),
(47, 14, 3, 'Exclusive', NULL, '1', '2011-05-05 01:30:02', 1, 0),
(48, 14, 4, 'Acceptable', NULL, '1', '2011-05-05 01:30:02', 1, 1);

-- --------------------------------------------------------

--
-- Table structure for table `poll_category`
--

CREATE TABLE IF NOT EXISTS `poll_category` (
  `id` int(11) NOT NULL AUTO_INCREMENT,
  `group_id` int(11) DEFAULT NULL,
  `entry_by` int(11) DEFAULT '1',
  `category_name` varchar(255) COLLATE utf8_unicode_ci DEFAULT NULL,
  `category_title` varchar(255) COLLATE utf8_unicode_ci DEFAULT NULL,
  `category_thumb` varchar(255) COLLATE utf8_unicode_ci DEFAULT NULL,
  `category_desc` longblob,
  `parent` int(11) DEFAULT '0',
  `category_order` int(11) DEFAULT '0',
  `cat_date` datetime DEFAULT NULL,
  `featured` tinyint(4) DEFAULT '0',
  `active` tinyint(4) DEFAULT '1',
  `meta_title` varchar(255) COLLATE utf8_unicode_ci DEFAULT NULL,
  `meta_keywords` varchar(255) COLLATE utf8_unicode_ci DEFAULT NULL,
  `meta_desc` text COLLATE utf8_unicode_ci,
  PRIMARY KEY (`id`)
) ENGINE=InnoDB  DEFAULT CHARSET=utf8 COLLATE=utf8_unicode_ci AUTO_INCREMENT=2 ;

--
-- Dumping data for table `poll_category`
--

INSERT INTO `poll_category` (`id`, `group_id`, `entry_by`, `category_name`, `category_title`, `category_thumb`, `category_desc`, `parent`, `category_order`, `cat_date`, `featured`, `active`, `meta_title`, `meta_keywords`, `meta_desc`) VALUES
(1, 1, 1, 'Property', 'Property', 'mcith_property.jpg', 0x5468697320697320666f722050726f7065727479, 0, 1, '2011-05-05 12:59:39', 0, 1, 'This is for Property', 'Property poll', 'This is for Property');

-- --------------------------------------------------------

--
-- Table structure for table `poll_group`
--

CREATE TABLE IF NOT EXISTS `poll_group` (
  `id` int(11) NOT NULL AUTO_INCREMENT,
  `group_name` varchar(255) COLLATE utf8_unicode_ci DEFAULT NULL,
  `role_id` int(11) DEFAULT '0',
  `multiple_vote` enum('1','0') COLLATE utf8_unicode_ci DEFAULT '1',
  `hours` int(11) NOT NULL DEFAULT '0',
  `category_on_off` enum('1','0') COLLATE utf8_unicode_ci DEFAULT '1',
  `category_panel` enum('1','0') COLLATE utf8_unicode_ci DEFAULT '1',
  `horizontal_panel` enum('1','0') COLLATE utf8_unicode_ci DEFAULT '1',
  `num_of_pic_show` int(11) DEFAULT '0',
  `dynamic_form` int(11) DEFAULT '0',
  `meta_title` varchar(255) COLLATE utf8_unicode_ci DEFAULT NULL,
  `meta_keywords` varchar(255) COLLATE utf8_unicode_ci DEFAULT NULL,
  `meta_desc` text COLLATE utf8_unicode_ci,
  `entry_by` int(11) DEFAULT '1',
  `active` enum('1','0') COLLATE utf8_unicode_ci DEFAULT '1',
  `cat_num_per_page` int(11) DEFAULT '9',
  `cat_col_num` int(11) DEFAULT '3',
  `cat_sort` varchar(255) COLLATE utf8_unicode_ci DEFAULT NULL,
  `cat_order` varchar(255) COLLATE utf8_unicode_ci DEFAULT NULL,
  `latest_cat_on` enum('0','1') COLLATE utf8_unicode_ci DEFAULT '0',
  `latest_cat_num_per_page` int(11) DEFAULT '3',
  `latest_cat_sort` varchar(255) COLLATE utf8_unicode_ci DEFAULT NULL,
  `latest_cat_order` varchar(255) COLLATE utf8_unicode_ci DEFAULT NULL,
  `featured_cat_on` enum('0','1') COLLATE utf8_unicode_ci DEFAULT '0',
  `featured_cat_num_per_page` int(11) DEFAULT '3',
  `featured_cat_sort` varchar(255) COLLATE utf8_unicode_ci DEFAULT NULL,
  `featured_cat_order` varchar(255) COLLATE utf8_unicode_ci DEFAULT NULL,
  `file_num_per_page` int(11) DEFAULT '9',
  `file_col_num` int(11) DEFAULT '3',
  `file_sort` varchar(255) COLLATE utf8_unicode_ci DEFAULT NULL,
  `file_order` varchar(255) COLLATE utf8_unicode_ci DEFAULT NULL,
  `light_box_on` enum('0','1') COLLATE utf8_unicode_ci DEFAULT '0',
  `latest_file_on` enum('0','1') COLLATE utf8_unicode_ci DEFAULT '0',
  `latest_file_num_per_page` int(11) DEFAULT '3',
  `latest_file_sort` varchar(255) COLLATE utf8_unicode_ci DEFAULT NULL,
  `latest_file_order` varchar(255) COLLATE utf8_unicode_ci DEFAULT NULL,
  `featured_file_on` enum('0','1') COLLATE utf8_unicode_ci DEFAULT '1',
  `featured_file_num_per_page` int(11) DEFAULT '3',
  `featured_file_sort` varchar(255) COLLATE utf8_unicode_ci DEFAULT NULL,
  `featured_file_order` varchar(255) COLLATE utf8_unicode_ci DEFAULT NULL,
  `file_type` varchar(255) COLLATE utf8_unicode_ci DEFAULT NULL,
  `file_size_max` int(11) DEFAULT '0',
  `file_cat_thumb_type` varchar(255) COLLATE utf8_unicode_ci DEFAULT NULL,
  `file_cat_thumb_width` int(11) DEFAULT '220',
  `file_cat_thumb_height` int(11) DEFAULT '280',
  `file_cat_thumb_resize_func` varchar(255) COLLATE utf8_unicode_ci DEFAULT NULL,
  `file_thumb_type` varchar(255) COLLATE utf8_unicode_ci DEFAULT NULL,
  `file_thumb_width` int(11) DEFAULT '200',
  `file_thumb_height` int(11) DEFAULT '140',
  `file_thumb_resize_func` varchar(225) COLLATE utf8_unicode_ci DEFAULT NULL,
  `img_big_width` int(11) DEFAULT '498',
  `img_big_height` int(11) DEFAULT '325',
  `img_big_resize_func` varchar(255) COLLATE utf8_unicode_ci DEFAULT NULL,
  PRIMARY KEY (`id`)
) ENGINE=InnoDB  DEFAULT CHARSET=utf8 COLLATE=utf8_unicode_ci AUTO_INCREMENT=2 ;

--
-- Dumping data for table `poll_group`
--

INSERT INTO `poll_group` (`id`, `group_name`, `role_id`, `multiple_vote`, `hours`, `category_on_off`, `category_panel`, `horizontal_panel`, `num_of_pic_show`, `dynamic_form`, `meta_title`, `meta_keywords`, `meta_desc`, `entry_by`, `active`, `cat_num_per_page`, `cat_col_num`, `cat_sort`, `cat_order`, `latest_cat_on`, `latest_cat_num_per_page`, `latest_cat_sort`, `latest_cat_order`, `featured_cat_on`, `featured_cat_num_per_page`, `featured_cat_sort`, `featured_cat_order`, `file_num_per_page`, `file_col_num`, `file_sort`, `file_order`, `light_box_on`, `latest_file_on`, `latest_file_num_per_page`, `latest_file_sort`, `latest_file_order`, `featured_file_on`, `featured_file_num_per_page`, `featured_file_sort`, `featured_file_order`, `file_type`, `file_size_max`, `file_cat_thumb_type`, `file_cat_thumb_width`, `file_cat_thumb_height`, `file_cat_thumb_resize_func`, `file_thumb_type`, `file_thumb_width`, `file_thumb_height`, `file_thumb_resize_func`, `img_big_width`, `img_big_height`, `img_big_resize_func`) VALUES
(1, 'Poll', 0, '0', 0, '0', '0', '0', 0, 0, '', '', '', 1, '1', 9, 3, 'category_order', 'ASC', '0', 3, 'cat_date', 'ASC', '0', 3, 'cat_date', 'ASC', 9, 3, 'RAND', 'ASC', '0', '0', 3, 'poll_date', 'ASC', '0', 3, 'poll_date', 'ASC', 'jpg', 0, 'jpg', 220, 180, 'resizeToWidth', 'jpg', 200, 140, 'resizeToWidth', 498, 325, 'resizeToWidth');

-- --------------------------------------------------------

--
-- Table structure for table `poll_question`
--

CREATE TABLE IF NOT EXISTS `poll_question` (
  `id` int(11) NOT NULL AUTO_INCREMENT,
  `group_id` int(11) DEFAULT NULL,
  `category_id` int(11) DEFAULT NULL,
  `question` varchar(255) COLLATE utf8_unicode_ci DEFAULT NULL,
  `question_title` varchar(255) COLLATE utf8_unicode_ci DEFAULT NULL,
  `poll_order` int(11) DEFAULT NULL,
  `thumb` varchar(255) COLLATE utf8_unicode_ci DEFAULT NULL,
  `created_date` datetime DEFAULT NULL,
  `start_date` date DEFAULT NULL,
  `end_date` date DEFAULT NULL,
  `never_end` enum('0','1') COLLATE utf8_unicode_ci DEFAULT '0',
  `active` enum('0','1') COLLATE utf8_unicode_ci DEFAULT '1',
  `multiple_option` enum('0','1') COLLATE utf8_unicode_ci DEFAULT '0',
  `entry_by` int(11) DEFAULT NULL,
  `num_views` int(11) DEFAULT NULL,
  `meta_title` varchar(255) COLLATE utf8_unicode_ci DEFAULT NULL,
  `meta_keywords` varchar(255) COLLATE utf8_unicode_ci DEFAULT NULL,
  `meta_desc` text COLLATE utf8_unicode_ci,
  PRIMARY KEY (`id`)
) ENGINE=InnoDB  DEFAULT CHARSET=utf8 COLLATE=utf8_unicode_ci AUTO_INCREMENT=15 ;

--
-- Dumping data for table `poll_question`
--

INSERT INTO `poll_question` (`id`, `group_id`, `category_id`, `question`, `question_title`, `poll_order`, `thumb`, `created_date`, `start_date`, `end_date`, `never_end`, `active`, `multiple_option`, `entry_by`, `num_views`, `meta_title`, `meta_keywords`, `meta_desc`) VALUES
(11, 1, 1, 'Which location do you like most?', 'Which location do you like most?', 3, '350_281_400x200-villa1.jpg', '2011-06-22 11:21:32', '2011-05-05', NULL, '1', '1', '0', 2, 0, 'Location', 'Location poll property', 'Location of property'),
(12, 1, 1, 'Which size do you prefer for your House?', 'Which size do you prefer for your House?', 4, 'main-content-inline-small.jpg', '2011-06-22 11:21:50', '2011-05-05', NULL, '1', '1', '1', 2, 0, '', '', ''),
(13, 1, 0, 'How do you prefer payments?', 'How do you prefer payments?', 1, '', '2011-12-26 06:12:45', '2011-05-05', NULL, '1', '1', '0', 1, 0, '', '', ''),
(14, 1, 1, 'How will you rate our Site?', 'How will you rate our Site?', 5, 'edit-news.jpg', '2011-12-26 06:02:42', '2011-05-05', NULL, '1', '1', '0', 1, 0, '', '', '');

-- --------------------------------------------------------

--
-- Table structure for table `poll_voter`
--

CREATE TABLE IF NOT EXISTS `poll_voter` (
  `id` int(11) NOT NULL AUTO_INCREMENT,
  `poll_id` int(11) DEFAULT NULL,
  `ip` varchar(255) COLLATE utf8_unicode_ci DEFAULT NULL,
  `voting_time` datetime DEFAULT NULL,
  `no_of_vote` int(11) DEFAULT '0',
  PRIMARY KEY (`id`)
) ENGINE=InnoDB  DEFAULT CHARSET=utf8 COLLATE=utf8_unicode_ci AUTO_INCREMENT=5 ;

--
-- Dumping data for table `poll_voter`
--

INSERT INTO `poll_voter` (`id`, `poll_id`, `ip`, `voting_time`, `no_of_vote`) VALUES
(1, 13, '127.0.0.1', '2011-05-05 01:33:34', 2),
(2, 12, '127.0.0.1', '2011-05-05 01:34:33', 1),
(3, 14, '127.0.0.1', '2011-05-05 01:37:39', 1),
(4, 11, '127.0.0.1', '2011-06-21 05:18:07', 1);

-- --------------------------------------------------------

--
-- Table structure for table `privilege`
--

CREATE TABLE IF NOT EXISTS `privilege` (
  `privilege_id` int(11) NOT NULL AUTO_INCREMENT,
  `privilege_name` varchar(255) COLLATE utf8_unicode_ci DEFAULT NULL,
  `privilege_description` varchar(255) COLLATE utf8_unicode_ci DEFAULT NULL,
  `module_name` varchar(255) COLLATE utf8_unicode_ci DEFAULT NULL,
  `controller_name` varchar(255) COLLATE utf8_unicode_ci DEFAULT NULL,
  PRIMARY KEY (`privilege_id`)
) ENGINE=InnoDB  DEFAULT CHARSET=utf8 COLLATE=utf8_unicode_ci AUTO_INCREMENT=610 ;



-- --------------------------------------------------------

--
-- Table structure for table `resource`
--

CREATE TABLE IF NOT EXISTS `resource` (
  `resource_id` int(11) NOT NULL AUTO_INCREMENT,
  `resource_description` text COLLATE utf8_unicode_ci,
  `module_name` varchar(255) COLLATE utf8_unicode_ci DEFAULT NULL,
  `controller_name` varchar(255) COLLATE utf8_unicode_ci DEFAULT NULL,
  `parent_id` int(11) DEFAULT '0',
  PRIMARY KEY (`resource_id`)
) ENGINE=InnoDB  DEFAULT CHARSET=utf8 COLLATE=utf8_unicode_ci AUTO_INCREMENT=137 ;



-- --------------------------------------------------------

--
-- Table structure for table `review_settings`
--

CREATE TABLE IF NOT EXISTS `review_settings` (
  `id` int(11) NOT NULL AUTO_INCREMENT,
  `group_name` varchar(255) COLLATE utf8_unicode_ci DEFAULT NULL,
  `form_id` int(11) DEFAULT NULL,
  `auto_publish` enum('0','1') COLLATE utf8_unicode_ci DEFAULT '0',
  `name_title_field` varchar(255) COLLATE utf8_unicode_ci DEFAULT NULL,
  `primary_image_field` varchar(255) COLLATE utf8_unicode_ci DEFAULT NULL,
  `secondary_image_field` varchar(255) COLLATE utf8_unicode_ci DEFAULT NULL,
  `short_desc_field` varchar(255) COLLATE utf8_unicode_ci DEFAULT NULL,
  `broad_desc_field` varchar(255) COLLATE utf8_unicode_ci DEFAULT NULL,
  `item_id_field` varchar(255) COLLATE utf8_unicode_ci DEFAULT NULL,
  `item_name_field` varchar(255) COLLATE utf8_unicode_ci DEFAULT NULL,
  `item_table_name` varchar(255) COLLATE utf8_unicode_ci DEFAULT NULL,
  `short_page_fields` text COLLATE utf8_unicode_ci COMMENT 'comma separated',
  `details_page_fields` text COLLATE utf8_unicode_ci COMMENT 'comma separated',
  `rating_fields` text COLLATE utf8_unicode_ci COMMENT 'comma separated',
  `no_of_list_per_page` int(11) DEFAULT '5',
  `order_by` varchar(255) COLLATE utf8_unicode_ci DEFAULT NULL,
  `sort_type` varchar(255) COLLATE utf8_unicode_ci DEFAULT 'DESC',
  PRIMARY KEY (`id`)
) ENGINE=InnoDB  DEFAULT CHARSET=utf8 COLLATE=utf8_unicode_ci AUTO_INCREMENT=7 ;

--
-- Dumping data for table `review_settings`
--

INSERT INTO `review_settings` (`id`, `group_name`, `form_id`, `auto_publish`, `name_title_field`, `primary_image_field`, `secondary_image_field`, `short_desc_field`, `broad_desc_field`, `item_id_field`, `item_name_field`, `item_table_name`, `short_page_fields`, `details_page_fields`, `rating_fields`, `no_of_list_per_page`, `order_by`, `sort_type`) VALUES
(1, 'General Review', 11, '1', 'review_title', 'default_image', 'other_images', 'multi_check1', 'review_details', '', NULL, '', 'review_details,multi_check1', 'review_details,multi_check1,multi_select', '', 5, 'g_date', 'DESC'),
(2, 'Hotel Review', 15, '0', 'review_title', '', '', 'review_desc', 'review_desc', 'id', 'hotels_name', 'hotels_page', 'review_desc', 'review_desc', 'review_rate', 5, 'g_date', 'DESC'),
(3, 'Vacation Rental Review', 16, '1', 'review_title', '', '', 'review_desc', 'review_desc', 'id', 'vacationrentals_name', 'vacationrentals_page', 'review_title', 'review_desc', 'review_rate', 5, 'g_date', 'DESC'),
(4, 'Tours Package Review Form', 20, '0', 'review_title', '', '', 'review_desc', 'review_desc', 'id', 'tours_name', 'tours_page', 'review_desc', 'review_desc', '', 5, 'g_date', 'DESC'),
(5, 'Property Review', 22, '1', 'review_title', '', '', 'review_desc', 'review_desc', 'id', 'property_name', 'property_page', 'review_title', 'review_desc', 'review_rate', 5, 'g_date', 'DESC'),
(6, 'Autos Review', 25, '1', 'review_title', '', '', 'review_desc', 'review_desc', 'id', 'autos_model_name', 'autos_page', 'review_title', 'review_desc', 'review_rate', 5, 'g_date', 'DESC');

-- --------------------------------------------------------

--
-- Table structure for table `rule`
--

CREATE TABLE IF NOT EXISTS `rule` (
  `rule_id` int(10) unsigned NOT NULL AUTO_INCREMENT,
  `obj_id` int(50) NOT NULL,
  `obj_type` enum('user','role') COLLATE utf8_unicode_ci DEFAULT 'role',
  `privilege_id` int(11) DEFAULT NULL,
  `allow` tinyint(1) NOT NULL DEFAULT '0',
  `resource_name` varchar(100) COLLATE utf8_unicode_ci DEFAULT NULL,
  PRIMARY KEY (`rule_id`)
) ENGINE=InnoDB  DEFAULT CHARSET=utf8 COLLATE=utf8_unicode_ci AUTO_INCREMENT=3366 ;



-- --------------------------------------------------------

--
-- Table structure for table `site_template`
--

CREATE TABLE IF NOT EXISTS `site_template` (
  `id` int(11) NOT NULL AUTO_INCREMENT,
  `theme_name` varchar(255) COLLATE utf8_unicode_ci DEFAULT NULL,
  `theme_folder` varchar(255) COLLATE utf8_unicode_ci DEFAULT NULL,
  `theme_author` varchar(255) COLLATE utf8_unicode_ci DEFAULT 'Md Najrul Islam',
  `theme_developer` varchar(255) COLLATE utf8_unicode_ci DEFAULT 'Mahamud hussain Noman,Joel Norman',
  `creation_date` date DEFAULT NULL,
  `theme_default` enum('0','1') COLLATE utf8_unicode_ci DEFAULT '0',
  PRIMARY KEY (`id`)
) ENGINE=InnoDB  DEFAULT CHARSET=utf8 COLLATE=utf8_unicode_ci AUTO_INCREMENT=2 ;

--
-- Dumping data for table `site_template`
--

INSERT INTO `site_template` (`id`, `theme_name`, `theme_folder`, `theme_author`, `theme_developer`, `creation_date`, `theme_default`) VALUES
(1, 'Default', 'default', 'Md Najrul Islam', 'Mahamud hussain Noman,Joel Norman', '2010-09-11', '1');

-- --------------------------------------------------------

--
-- Table structure for table `states`
--

CREATE TABLE IF NOT EXISTS `states` (
  `state_id` int(11) NOT NULL AUTO_INCREMENT,
  `country_id` int(11) DEFAULT NULL,
  `state_name` varchar(255) COLLATE utf8_unicode_ci DEFAULT NULL,
  PRIMARY KEY (`state_id`)
) ENGINE=InnoDB  DEFAULT CHARSET=utf8 COLLATE=utf8_unicode_ci AUTO_INCREMENT=4496 ;

--
-- Dumping data for table `states`
--

INSERT INTO `states` (`state_id`, `country_id`, `state_name`) VALUES
(1, 226, 'Archway'),
(2, 226, 'Bounds Green'),
(3, 226, 'Bethnal Green'),
(4, 226, 'Clapton'),
(5, 226, 'Camden'),
(6, 226, 'Camden Town'),
(7, 226, 'Caledonia Road'),
(8, 226, 'Dalston'),
(9, 226, 'Edmonton'),
(10, 226, 'Enfield'),
(11, 226, 'Finsbury Park'),
(12, 226, 'Hackney'),
(13, 226, 'Hoxton'),
(14, 226, 'Hornsey'),
(15, 226, 'Homerton'),
(16, 226, 'Haringey'),
(17, 226, 'Highbury'),
(18, 226, 'Holloway'),
(19, 226, 'Islington'),
(20, 226, 'Leyton'),
(21, 226, 'Leytonstone'),
(22, 226, 'Manor House'),
(23, 226, 'Newington Green'),
(24, 226, 'Ponders End'),
(25, 226, 'Palmers Green'),
(26, 226, 'Stoke Newington'),
(27, 226, 'Shoreditch'),
(28, 226, 'Seven Sisters'),
(29, 226, 'Stamford Hill'),
(30, 226, 'Tottenham'),
(31, 226, 'Turnpike Lane'),
(32, 226, 'Wood Green'),
(33, 226, 'E2'),
(34, 226, 'E5'),
(35, 226, 'E8,E9'),
(36, 226, 'N1'),
(37, 226, 'N5'),
(38, 226, 'N7'),
(39, 226, 'N16'),
(40, 226, 'Walthamstow'),
(41, 226, 'Hackney Fields'),
(42, 226, 'Barnet'),
(43, 19, 'Dhaka'),
(44, 19, 'Chittagong'),
(45, 19, 'Sylhet'),
(46, 19, 'Rajshahi'),
(47, 227, 'New York'),
(48, 227, 'Illinois'),
(49, 227, 'Florida'),
(50, 227, 'Kansas'),
(51, 227, 'Kentucky'),
(52, 227, 'California'),
(53, 227, 'Pennsylvania'),
(54, 227, 'Texas'),
(55, 227, 'New Mexico'),
(56, 227, 'South Dakota'),
(57, 227, 'Georgia'),
(58, 227, 'Michigan'),
(59, 227, 'Massachusetts'),
(60, 227, 'Louisiana'),
(61, 227, 'Minnesota'),
(62, 227, 'New Jersey'),
(63, 227, 'North Carolina'),
(64, 227, 'Oklahoma'),
(65, 227, 'Maryland'),
(66, 227, 'Colorado'),
(67, 227, 'Nebraska'),
(68, 227, 'New Hampshire'),
(69, 227, 'Wyoming'),
(70, 227, 'Arkansas'),
(71, 227, 'Wisconsin'),
(72, 227, 'Indiana'),
(73, 227, 'South Carolina'),
(74, 227, 'Iowa'),
(75, 227, 'Alabama'),
(76, 227, 'Missouri'),
(77, 227, 'Virginia'),
(78, 227, 'Ohio'),
(79, 227, 'Washington'),
(80, 227, 'Idaho'),
(81, 227, 'Colorado (near Denver)'),
(82, 227, 'Tennessee'),
(83, 227, 'Oregon'),
(84, 227, 'North Dakota'),
(85, 227, 'Wisconsin near Appleton'),
(86, 227, 'Maine'),
(87, 227, 'near Asheville'),
(88, 227, 'Arizona (near Tucson)'),
(89, 227, 'Arizona'),
(90, 227, 'Nevada'),
(91, 227, 'Utah'),
(92, 227, 'Connecticut (near Hartford)'),
(93, 227, 'Connecticut'),
(94, 227, 'Montana'),
(95, 227, 'Rhode Island'),
(96, 227, 'Mississippi'),
(97, 227, 'West Virginia'),
(98, 227, 'Texas (near Beaumont & Port Arthur)'),
(99, 227, 'Vermont'),
(100, 227, 'DC'),
(101, 227, 'South Carolina (near Columbia)'),
(102, 227, 'Ohio (near Canton)'),
(103, 227, 'Illinois (Champaign-Urbana area)'),
(104, 227, 'Illinois (near St. Louis, Missouri)'),
(105, 227, 'Kentucky '),
(106, 227, 'Virginia '),
(107, 227, 'Delaware'),
(108, 227, 'Michigan near Detroit'),
(109, 227, 'Colorado (near Vail)'),
(110, 227, 'New York (near Elmira & Corning)'),
(111, 227, 'Pennsylvania (suburb of Pittsburgh)'),
(112, 227, 'Maine converted to civilian use see KBXM'),
(113, 227, 'FL'),
(114, 227, 'Camp Pendleton'),
(115, 1, 'Oruzgan'),
(116, 104, 'Al Diwaniyah'),
(117, 104, 'Babil'),
(118, 104, 'Al Anbar'),
(119, 104, 'Taji'),
(120, 104, 'Camp Victory (BIAP)'),
(121, 116, 'Camp Arifjan'),
(122, 104, 'Mosul'),
(123, 104, 'Baghdad'),
(124, 1, 'FOB Salerno'),
(125, 1, 'Balkh'),
(126, 116, 'Ali Al Salem AB'),
(127, 225, 'Abu Dhabi'),
(128, 176, 'Doha'),
(129, 1, 'Paktika'),
(130, 1, 'Nangarhar'),
(131, 104, 'Camp Fallujah'),
(132, 104, 'Anbar'),
(133, 104, 'Al-Anbar'),
(134, 86, 'Crete'),
(135, 107, 'Southern Italy'),
(136, 107, 'Sicily'),
(137, 100, 'Reykjanes'),
(138, 104, 'Husaybah'),
(139, 1, 'Ghazni'),
(140, 1, 'Bagram'),
(141, 109, 'Misawa'),
(142, 109, 'Kanagawa'),
(143, 104, 'Tal Afar'),
(144, 104, 'Balad'),
(145, 104, 'Kirkuk'),
(146, 116, 'Camp Buehring'),
(147, 178, 'Faurei'),
(148, 197, 'Afutara'),
(149, 197, 'Ulawa Island'),
(150, 197, 'Malaita'),
(151, 197, 'Barakoma'),
(152, 197, 'Batuna'),
(153, 197, 'Geva'),
(154, 197, 'Auki'),
(155, 197, 'Bellona/Anua'),
(156, 197, 'Taro Island'),
(157, 197, 'Mbambanakira'),
(158, 197, 'Shortland Island'),
(159, 197, 'Santa Isabel Island'),
(160, 197, 'Guadalcanal'),
(161, 197, 'Babanakira'),
(162, 197, 'Avu Avu'),
(163, 197, 'Kirakira'),
(164, 197, 'Santa Cruz Island'),
(165, 197, 'New Georgia Island'),
(166, 197, 'Gizo Island'),
(167, 197, 'Mono Island'),
(168, 197, 'Marau Sound'),
(169, 197, 'Ontong Java'),
(170, 197, 'Rennell Island'),
(171, 197, 'Seghe'),
(172, 197, 'Santa Ana'),
(173, 197, 'Marau'),
(174, 197, 'Suavanao'),
(175, 197, 'Yandina'),
(176, 197, 'Isuna'),
(177, 197, 'Kaghau'),
(178, 197, 'Kukudu'),
(179, 197, 'Gatokae'),
(180, 197, 'Ringi Cove'),
(181, 197, 'Ramata'),
(182, 150, 'Yaren'),
(183, 168, 'Buka'),
(184, 168, 'Kundiawa'),
(185, 168, 'Daru'),
(186, 168, 'Alotau'),
(187, 168, 'Popondetta'),
(188, 168, 'Hoskins'),
(189, 197, 'Kiriwini'),
(190, 168, 'Kiunga'),
(191, 168, 'Kikori'),
(192, 168, 'Kerema'),
(193, 168, 'Kieta'),
(194, 168, 'Kavieng'),
(195, 168, 'Kunaye'),
(196, 168, 'Lae'),
(197, 168, 'Madang'),
(198, 168, 'Mount Hagen'),
(199, 168, 'Mendi'),
(200, 168, 'Manus Island'),
(201, 168, 'Moro'),
(202, 168, 'Misima'),
(203, 168, 'Lae / Nadzab'),
(204, 168, 'Port Moresby'),
(205, 168, 'New Britain'),
(206, 168, 'Tari'),
(207, 168, 'Tabubil'),
(208, 168, 'Rabaul / Tokua'),
(209, 168, 'Vanimo'),
(210, 168, 'Wapenamanda'),
(211, 168, 'Wewak'),
(212, 87, 'Aasiaat'),
(213, 87, 'Qaasuitsup'),
(214, 87, 'Akunnaaq'),
(215, 87, 'Tasiilaq'),
(216, 87, 'Alluitsup Paa'),
(217, 87, 'Kujalleq'),
(218, 87, 'Arsuk'),
(219, 87, 'Ammassivik'),
(220, 87, 'Attu'),
(221, 87, 'Narsarsuaq'),
(222, 87, 'Qasigiannguit'),
(223, 87, 'Jameson Land'),
(224, 87, 'Eqalugaarsuit'),
(225, 87, 'Narsaq Kujalleq'),
(226, 87, 'Kangilinnguit (Gronnedal)'),
(227, 87, 'Nuuk (Godthab )'),
(228, 87, 'Qeqertarsuaq (Godhavn)'),
(229, 87, 'Ikerasak'),
(230, 87, 'Iginniarfik'),
(231, 87, 'Ikerasaarsuk'),
(232, 87, 'Ilimanaq'),
(233, 87, 'Innarsuit'),
(234, 87, 'Isortoq'),
(235, 87, 'Ikamiut'),
(236, 87, 'Qaqortoq (Julianehab)'),
(237, 87, 'Ilulissat (Jakobshavn)'),
(238, 87, 'Kangaatsiaq'),
(239, 87, 'Kulusuk'),
(240, 87, 'Upernavik Kujalleq'),
(241, 87, 'Kuummiit'),
(242, 87, 'Kullorsuaq'),
(243, 87, 'Kangersuatsiaq'),
(244, 87, 'Kitsissuarsuit'),
(245, 87, 'Illorsuit'),
(246, 87, 'Moriusaq'),
(247, 87, 'Maniitsoq (Sukkertoppen)'),
(248, 87, 'Niaqornaarsuk'),
(249, 87, 'Nalunaq'),
(250, 87, 'Nanortalik'),
(251, 87, 'Nuugaatsiaq'),
(252, 87, 'Narsaq'),
(253, 87, 'Niaqornat'),
(254, 87, 'Nuussuaq'),
(255, 87, 'Paamiut (Frederikshab)'),
(256, 87, 'Qeqertaq'),
(257, 87, 'Qaanaaq'),
(258, 87, 'Qassimiut'),
(259, 87, 'Ittoqqortoormiit (Scoresbysund)'),
(260, 87, 'Kangerlussuaq (Sondre Stromfjord)'),
(261, 87, 'Sermiligaaq'),
(262, 87, 'Siorapaluk'),
(263, 87, 'Saqqaq'),
(264, 87, 'Sisimiut (Holsteinsborg)'),
(265, 87, 'Saattut'),
(266, 87, 'Savissivik'),
(267, 87, 'Tiniteqilaaq'),
(268, 87, 'Upernavik'),
(269, 87, 'Uummannaq'),
(270, 87, 'Qaarsut'),
(271, 87, 'Ukkusissat'),
(272, 100, 'Akureyri'),
(273, 100, 'Bakki'),
(274, 100, 'Bildudalur'),
(275, 100, ' Bakkafjorour'),
(276, 100, 'Blonduos'),
(277, 100, 'Djupivogur'),
(278, 100, 'Egilsstair'),
(279, 100, 'Gjogur '),
(280, 100, 'Grimsey'),
(281, 100, 'Hornafjordur'),
(282, 100, 'Husavik '),
(283, 100, 'Isafjorour'),
(284, 100, 'Keflavik'),
(285, 100, 'Kopasker'),
(286, 100, ' Sauoarkrokur'),
(287, 100, 'Nordfjordur'),
(288, 100, 'Patreksfjorour'),
(289, 100, 'Olafsvik'),
(290, 100, 'Raufarhofn'),
(291, 100, 'Reykjavik'),
(292, 100, 'Selfoss'),
(293, 100, 'Siglufjorour'),
(294, 100, 'Stykkisholmur '),
(295, 100, ' Thingeyri ( Singeyri )'),
(296, 100, 'Torshofn'),
(297, 100, 'Vestmannaeyjar'),
(298, 100, ' Vopnafjorour'),
(299, 191, 'Pristina'),
(300, 39, 'Ontario'),
(301, 39, 'Quebec'),
(302, 39, 'British Columbia'),
(303, 39, 'Nova Scotia'),
(304, 39, 'Manitoba'),
(305, 39, 'Newfoundland and Labrador'),
(306, 39, 'Alberta'),
(307, 39, 'Nunavut'),
(308, 39, 'Saskatchewan'),
(309, 39, 'New Brunswick'),
(310, 39, 'Yukon'),
(311, 39, 'Northwest Territories'),
(312, 39, 'Prince Edward Island'),
(313, 4, 'Blida'),
(314, 4, 'Bejaia'),
(315, 4, 'Algiers'),
(316, 4, 'Djanet'),
(317, 4, 'Boufarik'),
(318, 4, 'Illizi'),
(319, 4, 'Setif'),
(320, 4, 'Tamanrasset'),
(321, 4, 'Jijel'),
(322, 4, 'Mecheria'),
(323, 4, 'Relizane'),
(324, 4, 'Annaba'),
(325, 4, 'Constantine'),
(326, 4, 'Skikda'),
(327, 4, 'Tebessa'),
(328, 4, 'Batna'),
(329, 4, 'Hassi R\\''Mel'),
(330, 4, 'Djelfa'),
(331, 4, 'Tiaret'),
(332, 39, 'Tindouf'),
(333, 39, 'Chlef'),
(334, 39, 'Oran'),
(335, 39, 'Tlemcen'),
(336, 4, 'Bechar'),
(337, 4, 'Ghriss'),
(338, 4, 'In Guezzam'),
(339, 4, 'Bordj Mokhtar'),
(340, 4, 'Adrar'),
(341, 4, 'Biskra'),
(342, 4, 'El Golea'),
(343, 4, 'Ghardaia'),
(344, 4, 'Hassi Messaoud'),
(345, 4, 'In Salah'),
(346, 4, 'Touggourt'),
(347, 4, 'Laghouat'),
(348, 4, 'El Oued'),
(349, 4, 'Timimoun'),
(350, 4, 'Ouargla'),
(351, 4, 'In Amenas'),
(352, 24, 'Cotonou'),
(353, 24, 'Bohicon'),
(354, 24, 'Djougou'),
(355, 24, 'Kandi'),
(356, 24, 'Natitingou'),
(357, 24, 'Porga'),
(358, 24, 'Parakou'),
(359, 24, 'Bembereke'),
(360, 24, 'Save'),
(361, 35, 'Kaya'),
(362, 35, 'Ouahigouya'),
(363, 35, 'Djibo'),
(364, 35, 'Leo'),
(365, 35, 'Boulsa'),
(366, 35, 'Bogande'),
(367, 35, 'Diapaga'),
(368, 35, 'Dori'),
(369, 35, 'Fada N\\''gourma'),
(370, 35, 'Gorom Gorom'),
(371, 35, 'Kantchari'),
(372, 35, 'Tambao'),
(373, 35, 'Pama'),
(374, 35, 'Sebba'),
(375, 35, 'Tenkodogo'),
(376, 35, 'Zabre'),
(377, 35, 'Ouagadougou'),
(378, 35, 'Banfora'),
(379, 35, 'Dedougou'),
(380, 35, 'Nouna'),
(381, 35, 'Bobo Dioulasso'),
(382, 35, 'Tougan'),
(383, 35, 'Diebougou'),
(384, 35, 'Aribinda'),
(385, 84, 'Accra'),
(386, 84, 'Tamale'),
(387, 84, 'Navrongo'),
(388, 84, 'Wa'),
(389, 84, 'Yendi'),
(390, 84, 'Kumasi'),
(391, 84, 'Sunyani'),
(392, 84, 'Takoradi'),
(393, 55, 'Aboisso'),
(394, 55, 'Abidjan'),
(395, 55, 'Abengourou'),
(396, 55, 'Boundiali'),
(397, 55, 'Bouake'),
(398, 55, 'Bouna'),
(399, 55, 'Bondoukou'),
(400, 55, 'Dimbokro'),
(401, 55, 'Daloa'),
(402, 55, 'Divo'),
(403, 55, 'Ferkessedougou'),
(404, 55, 'Gagnoa'),
(405, 55, 'Guiglo'),
(406, 55, 'Korhogo'),
(407, 55, 'Man'),
(408, 55, 'Odienne'),
(409, 55, 'Ouango Fitini'),
(410, 55, 'Seguela'),
(411, 55, 'San Pedro'),
(412, 55, 'Sassandra'),
(413, 55, 'Tabou'),
(414, 55, 'Touba'),
(415, 55, 'Yamoussoukro'),
(416, 158, 'FCT'),
(417, 158, 'Dogondoutchi'),
(418, 158, 'Dosso'),
(419, 158, 'Tra'),
(420, 158, 'Gaya'),
(421, 158, 'Tillabery'),
(422, 158, 'Maradi'),
(423, 158, 'Niamey'),
(424, 158, 'La Tapoa'),
(425, 158, 'Tahoua'),
(426, 158, 'Ouallam'),
(427, 158, 'Agades South'),
(428, 158, 'Dirkou'),
(429, 158, 'Diffa'),
(430, 158, 'Goure'),
(431, 158, 'Iferouane'),
(432, 158, 'Arlit'),
(433, 158, 'Maine-Soroa'),
(434, 158, 'Zinder'),
(435, 218, 'Tabarka'),
(436, 218, 'Monastir'),
(437, 218, 'Tunis'),
(438, 218, 'Bizerte'),
(439, 218, 'Gafsa'),
(440, 218, 'Gabes'),
(441, 218, 'Djerba'),
(442, 218, 'Sfax'),
(443, 218, 'Tozeur'),
(444, 218, 'Enfidha'),
(445, 214, 'Atakpame'),
(446, 214, 'Dapaong'),
(447, 214, 'Anie'),
(448, 214, 'Sansanne-Mango'),
(449, 214, 'Niamtougou'),
(450, 214, 'Sokode'),
(451, 214, 'Lome'),
(452, 22, 'Amougies'),
(453, 22, 'Antwerp / Deurne'),
(454, 22, 'Beauvechain'),
(455, 22, 'Kleine Brogel'),
(456, 22, 'Brussels / Zaventem'),
(457, 22, 'Brasschaat'),
(458, 22, 'Bertrix'),
(459, 22, 'Thy Ulmodrome'),
(460, 22, 'Buzet Ulmodrome'),
(461, 22, 'Charleroi'),
(462, 22, 'Cerfontaine'),
(463, 22, 'Chievres'),
(464, 22, 'Diest'),
(465, 22, 'Koksijde'),
(466, 22, 'Florennes'),
(467, 22, 'Grimbergen'),
(468, 22, 'Hoevenen'),
(469, 22, 'Balen-Keiheuvel'),
(470, 22, 'Kortrijk / Wevelgem'),
(471, 22, 'Liege'),
(472, 22, 'Leopoldsburg'),
(473, 22, 'Brussels'),
(474, 22, 'Namur'),
(475, 22, 'Ostend'),
(476, 22, 'Saint-Ghislain'),
(477, 22, 'Saint-Hubert'),
(478, 22, 'Zutendaal'),
(479, 22, 'Spa'),
(480, 22, 'Sint-Truiden'),
(481, 22, 'Goetsenhoven'),
(482, 22, 'Theux'),
(483, 22, 'Tournai'),
(484, 22, 'Ursel'),
(485, 22, 'Weelde'),
(486, 22, 'Hasselt'),
(487, 22, 'Zoersel / Oostmalle'),
(488, 22, 'Genk'),
(489, 83, 'Altenburg/Leipzig'),
(490, 83, 'Dessau'),
(491, 83, 'Cottbus'),
(492, 83, 'Finow'),
(493, 83, 'Rechlin'),
(494, 83, 'Magdeburg'),
(495, 83, 'Bautzen'),
(496, 83, 'Berlin'),
(497, 83, 'Dresden'),
(498, 83, 'Erfurt'),
(499, 83, 'Frankfurt am Main'),
(500, 83, 'Greven'),
(501, 83, 'Hamburg'),
(502, 83, 'Cologne/Bonn'),
(503, 83, 'Dusseldorf'),
(504, 83, 'Munich'),
(505, 83, 'Nuremberg'),
(506, 83, 'Leipzig/Halle'),
(507, 83, 'Saarbrucken'),
(508, 83, 'Stuttgart'),
(509, 83, 'Hanover'),
(510, 83, 'Bremen'),
(511, 83, 'Reichelsheim'),
(512, 83, 'Rhineland-Palatinate'),
(513, 83, 'Mannheim'),
(514, 83, 'Waldeck-Frankenberg'),
(515, 83, 'Mainz'),
(516, 83, 'Horselberg-Hainich'),
(517, 83, 'Oedheim'),
(518, 83, 'Oppenheim'),
(519, 83, 'Burbach'),
(520, 83, 'Walldorf (Baden)'),
(521, 83, 'Heist'),
(522, 83, 'Kiel'),
(523, 83, 'Lubeck'),
(524, 83, 'Heidelberg'),
(525, 83, 'Memmingen'),
(526, 83, 'Aachen'),
(527, 83, 'Sankt Augustin'),
(528, 83, 'Leverkusen'),
(529, 83, 'Finnentrop'),
(530, 83, 'Dahlem'),
(531, 83, 'Wesel'),
(532, 83, 'Goch'),
(533, 83, 'Krefeld'),
(534, 83, 'Monchengladbach'),
(535, 83, 'Paderborn / Lippstadt'),
(536, 83, 'Paderborn'),
(537, 83, 'Stadtlohn'),
(538, 83, 'Weeze'),
(539, 83, 'Dortmund'),
(540, 83, 'Pfarrkirchen'),
(541, 83, 'Oberpfaffenhofen'),
(542, 83, 'Friedrichshafen'),
(543, 83, 'Augsburg'),
(544, 83, 'Genderkingen'),
(545, 83, 'Straubing'),
(546, 83, 'Flugplatz Tannheim'),
(547, 83, 'Vilshofen'),
(548, 83, 'Lsse'),
(549, 83, 'Parchim'),
(550, 83, 'Coburg'),
(551, 83, 'Bayreuth'),
(552, 83, 'Burg Feuerstein'),
(553, 83, 'Giebelstadt'),
(554, 83, 'Hof/Plauen'),
(555, 83, 'Bitburg'),
(556, 83, 'Linkenheim-Hochstetten'),
(557, 83, 'Mosel'),
(558, 83, 'Trier'),
(559, 83, 'Speyer'),
(560, 83, 'Zweibrucken'),
(561, 83, 'Baden-Baden'),
(562, 83, 'Donaueschingen'),
(563, 83, 'Freiburg'),
(564, 83, 'Bremgarten'),
(565, 83, 'Lahr'),
(566, 83, 'Mengen'),
(567, 83, 'Pattonville'),
(568, 83, 'Schwabisch Hall'),
(569, 83, 'Kassel'),
(570, 83, 'Bremerhaven'),
(571, 83, 'Damme'),
(572, 83, 'Wilhelmshaven-Mariensiel'),
(573, 83, 'Heide'),
(574, 83, 'Heligoland'),
(575, 83, 'St. Michaelisdonn'),
(576, 83, 'Sylt'),
(577, 83, 'Spangdahlem'),
(578, 83, 'Ramstein'),
(579, 83, 'Bamberg'),
(580, 83, 'Altenstadt'),
(581, 83, 'Buckeburg'),
(582, 83, 'Celle'),
(583, 83, 'Rheine'),
(584, 83, 'Fritzlar'),
(585, 83, 'Laupheim'),
(586, 83, 'Niedermendig'),
(587, 83, 'Roth'),
(588, 83, 'Fassberg'),
(589, 83, 'Nordholz'),
(590, 83, 'Diepholz'),
(591, 83, 'Geilenkirchen'),
(592, 83, 'Hohn'),
(593, 83, 'Schortens'),
(594, 83, 'Rostock'),
(595, 83, 'Norvenich'),
(596, 83, 'Schleswig'),
(597, 83, 'Wittmund'),
(598, 83, 'Neubrandenburg'),
(599, 83, 'Wunstorf'),
(600, 83, 'Wiesbaden'),
(601, 83, 'Landsberg am Lech'),
(602, 83, 'Buchel / Cochem'),
(603, 83, 'Erding'),
(604, 83, 'Furstenfeldbruck'),
(605, 83, 'Jessen (Elster)'),
(606, 83, 'Ingolstadt'),
(607, 83, 'Lechfeld'),
(608, 83, 'Weeze '),
(609, 83, 'Gutersloh '),
(610, 83, 'Bruggen '),
(611, 83, 'Meppen'),
(612, 70, 'Tallinn'),
(613, 70, 'Omari'),
(614, 70, 'Hiiumaa'),
(615, 70, 'Saaremaa'),
(616, 70, 'Kihnu'),
(617, 70, 'Nurmsi'),
(618, 70, 'Narva'),
(619, 70, 'Parnu'),
(620, 70, 'Rapla'),
(621, 70, 'Ridali'),
(622, 70, 'Ruhnu'),
(623, 70, 'Tapa'),
(624, 70, 'Tartu'),
(625, 70, 'Viljandi'),
(626, 75, 'Ahmosuo'),
(627, 75, 'Alavus'),
(628, 75, 'Enontekio'),
(629, 75, 'Eura'),
(630, 75, 'Forssa'),
(631, 75, 'Kuorevesi'),
(632, 75, 'Helsinki'),
(633, 75, 'Vantaa'),
(634, 75, ' Hameenkyro'),
(635, 75, 'Hanko '),
(636, 75, 'Hyvinkaa'),
(637, 75, 'Kiikala'),
(638, 75, 'Seinajoki / Ilmajoki'),
(639, 75, 'Immola'),
(640, 75, 'Kitee'),
(641, 75, 'Ivalo / Inari'),
(642, 75, 'Jamijarvi'),
(643, 75, 'Joensuu / Liperi'),
(644, 75, 'Jyvaskylan maalaiskunta'),
(645, 75, 'Kauhava'),
(646, 75, 'Kemi / Tornio'),
(647, 75, 'Kajaani'),
(648, 75, 'Kauhajoki'),
(649, 75, 'Kronoby'),
(650, 75, 'Kemijarvi'),
(651, 75, 'Kalajoki'),
(652, 75, 'Kuusamo'),
(653, 75, ' Kittila'),
(654, 75, 'Kuopio / Siilinjarvi'),
(655, 75, 'Kivijarvi'),
(656, 75, 'Kymi'),
(657, 75, 'Lahti'),
(658, 75, 'Lappeenranta'),
(659, 75, 'Mariehamn'),
(660, 75, 'Menkijarvi'),
(661, 75, 'Mikkeli'),
(662, 75, 'Nummela'),
(663, 75, 'Oulunsalo'),
(664, 75, 'Piikajarvi'),
(665, 75, 'Pieksamaki'),
(666, 75, 'Pori'),
(667, 75, 'Pudasjarvi'),
(668, 75, 'Pyhiisalmi'),
(669, 75, 'Raahe'),
(670, 75, 'Rantasalmi'),
(671, 75, 'Rovaniemi'),
(672, 75, 'Ranua'),
(673, 75, 'Kiuruvesi'),
(674, 75, 'Rayskala'),
(675, 75, 'Savonlinna'),
(676, 75, 'Selanpaa'),
(677, 75, 'Seinajoki'),
(678, 75, 'Sodankyla'),
(679, 75, 'Tampere / Pirkkala'),
(680, 75, 'Teisko'),
(681, 75, 'Turku'),
(682, 75, 'Utti / Valkeala'),
(683, 75, 'Vaasa'),
(684, 75, 'Varkaus / Joroinen'),
(685, 75, 'Ylivieska'),
(686, 226, 'Northern Ireland'),
(687, 226, 'England'),
(688, 226, 'Wales'),
(689, 226, 'Scotland'),
(690, 226, 'Channel Islands'),
(691, 226, 'Isle of Man'),
(692, 226, 'Falkland Islands'),
(693, 152, 'near Amsterdam'),
(694, 152, 'Weert'),
(695, 152, 'De Bilt'),
(696, 152, 'Maastricht'),
(697, 152, 'Deelen'),
(698, 152, 'Venraij'),
(699, 152, 'Drachten'),
(700, 152, 'Eindhoven'),
(701, 152, 'Eelde'),
(702, 152, 'Gilze and Rijen'),
(703, 152, 'Hoogeveen'),
(704, 152, 'Hilversum'),
(705, 152, 'De Kooy'),
(706, 152, 'Uden'),
(707, 152, 'Lelystad'),
(708, 152, 'Leeuwarden'),
(709, 152, 'Nieuw-Milligen'),
(710, 152, 'Zeeland'),
(711, 152, 'Scheemda'),
(712, 152, 'Rotterdam'),
(713, 152, 'Soesterberg'),
(714, 152, 'Hoeven'),
(715, 152, 'Stadskanaal'),
(716, 152, 'Deventer'),
(717, 152, 'Terlet'),
(718, 152, 'Enschede'),
(719, 152, 'Texel'),
(720, 152, 'Valkenburg'),
(721, 152, 'Woensdrecht'),
(722, 152, 'The_Hague'),
(723, 105, 'County Longford'),
(724, 105, 'County Cork'),
(725, 105, 'County Offaly'),
(726, 105, 'Connemara'),
(727, 105, 'Cork'),
(728, 105, 'County Galway'),
(729, 105, 'County Limerick'),
(730, 105, 'County Donegal'),
(731, 105, 'Dublin'),
(732, 105, 'County Kilkenny'),
(733, 105, 'County Mayo'),
(734, 105, 'County Kerry'),
(735, 105, 'Baldonnel'),
(736, 105, 'County Meath'),
(737, 105, 'County Tipperary'),
(738, 105, 'County Clare'),
(739, 105, 'County Cork '),
(740, 105, 'near Sligo'),
(741, 105, 'Waterford'),
(742, 105, 'County Kildare'),
(743, 60, 'Tirstrup near Aarhus'),
(744, 60, 'Billund'),
(745, 60, 'Kastrup near Copenhagen'),
(746, 60, 'Esbjerg'),
(747, 60, 'Herning'),
(748, 60, 'Karup'),
(749, 60, 'Lolland Falster Maribo'),
(750, 60, 'Odense'),
(751, 60, 'Tune near Roskilde'),
(752, 60, 'Ronne'),
(753, 60, 'Sonderborg'),
(754, 60, 'Sindal'),
(755, 60, 'Vojens'),
(756, 60, 'Skive'),
(757, 60, 'Thisted'),
(758, 60, 'Aars'),
(759, 60, 'Skjern'),
(760, 60, 'Aalborg'),
(761, 60, 'Kolding'),
(762, 73, 'Faroe Islands'),
(763, 126, 'Luxembourg'),
(764, 126, 'Medernach Ulmodrome'),
(765, 126, 'Useldange glider field'),
(766, 162, 'More og Romsdal'),
(767, 162, 'Nordland'),
(768, 162, 'Svalbard'),
(769, 162, 'Finnmark'),
(770, 162, 'Arctic'),
(771, 162, 'Sogn og Fjordane'),
(772, 162, 'Hordaland'),
(773, 162, 'Vest-Agder'),
(774, 162, 'Buskerud'),
(775, 162, 'Norwegian Sea'),
(776, 162, 'Troms'),
(777, 162, 'Nordland / Troms'),
(778, 162, 'Akershus'),
(779, 162, 'Oppland'),
(780, 162, 'North Sea'),
(781, 162, 'Hedmark'),
(782, 162, 'Rogaland'),
(783, 162, 'Jan Mayen'),
(784, 162, 'Vestfold'),
(785, 162, 'Nord-Trondelag '),
(786, 162, 'Telemark'),
(787, 162, 'Sor-Trondelag'),
(788, 162, ' Ostfold'),
(789, 173, 'Bydgoszcz'),
(790, 173, 'Gda&#324;sk'),
(791, 173, 'Krakow'),
(792, 173, 'Katowice'),
(793, 173, 'Lodz'),
(794, 173, 'Nowy Dwor Mazowiecki'),
(795, 173, 'Poznan'),
(796, 173, 'Rzeszow '),
(797, 173, 'Szczecin'),
(798, 173, 'Szczytno'),
(799, 173, 'Warsaw'),
(800, 173, 'Wroc&#322;aw'),
(801, 173, 'Zielona Gora'),
(802, 207, 'Linkoping'),
(803, 207, 'Norrkoping'),
(804, 207, 'Uppsala'),
(805, 207, 'Stockholm'),
(806, 207, 'Ronneby'),
(807, 207, 'Hassleholm'),
(808, 207, 'Hasslosa'),
(809, 207, 'Knislinge'),
(810, 207, 'Sjobo'),
(811, 207, 'Moholm'),
(812, 207, 'Kosta'),
(813, 207, 'Ruda'),
(814, 207, 'Sandvik'),
(815, 207, 'Vaxjo'),
(816, 207, 'Byholma'),
(817, 207, 'Uddevalla'),
(818, 207, 'Balleberg'),
(819, 207, 'Tidaholm'),
(820, 207, 'Boras'),
(821, 207, 'Falkenberg'),
(822, 207, 'Goteborg'),
(823, 207, 'Herrljunga'),
(824, 207, ' Alingsas'),
(825, 207, 'Jonkoping'),
(826, 207, 'Falkoeping'),
(827, 207, 'Lidkoping'),
(828, 207, 'Ovre Resten'),
(829, 207, 'Gotene'),
(830, 207, 'Skovde'),
(831, 207, 'Stromstad'),
(832, 207, 'Trollhattan / Vanersborg'),
(833, 207, 'Varberg'),
(834, 207, 'Saffle'),
(835, 207, 'Karlsborg'),
(836, 207, 'Satenas'),
(837, 207, 'Gimo'),
(838, 207, 'Sundbro'),
(839, 207, 'Dala-Jarna'),
(840, 207, 'Gryttjom'),
(841, 207, 'Eksharad'),
(842, 207, 'Karlskoga'),
(843, 207, 'Mora'),
(844, 207, 'Stockholm / Nykoping'),
(845, 207, 'Munkfors'),
(846, 207, 'Strangnas'),
(847, 207, 'Tierp'),
(848, 207, 'Sunne'),
(849, 207, 'Arvika'),
(850, 207, 'Bjorkvik'),
(851, 207, 'Emmaboda'),
(852, 207, 'Borglanda'),
(853, 207, 'Eksjo'),
(854, 207, 'Eslov'),
(855, 207, 'Fagerhult'),
(856, 207, 'Ljungby'),
(857, 207, 'Haganas'),
(858, 207, 'Sovdeborg'),
(859, 207, 'Kagerod'),
(860, 207, 'Kristianstad'),
(861, 207, 'Landskrona'),
(862, 207, 'Lund'),
(863, 207, 'Oskarshamn'),
(864, 207, 'Anderstorp'),
(865, 207, 'Kalmar'),
(866, 207, 'Trelleborg'),
(867, 207, 'Malmo'),
(868, 207, 'Halmstad'),
(869, 207, 'Almhult'),
(870, 207, 'Hagshult'),
(871, 207, 'Tingsryd'),
(872, 207, 'Smalandsstenar'),
(873, 207, 'Olanda'),
(874, 207, 'Hallviken'),
(875, 207, 'Solleftea'),
(876, 207, 'Hede'),
(877, 207, 'Sveg'),
(878, 207, 'Overkalix'),
(879, 207, 'Farila'),
(880, 207, 'Gallivare'),
(881, 207, 'Hudiksvall'),
(882, 207, 'Kubbe'),
(883, 207, 'Jokkmokk'),
(884, 207, 'Kramfors / Solleftea'),
(885, 207, 'Lycksele'),
(886, 207, 'Optand'),
(887, 207, 'Sundsvall / Harnosand'),
(888, 207, 'Ornskoldsvik'),
(889, 207, 'Pitea'),
(890, 207, 'Kiruna'),
(891, 207, 'Orsa'),
(892, 207, 'Skelleftea'),
(893, 207, 'Sattna'),
(894, 207, 'Umea'),
(895, 207, 'Vilhelmina'),
(896, 207, 'Arvidsjaur'),
(897, 207, 'Soderhamn'),
(898, 207, 'Ostersund'),
(899, 207, 'Orebro'),
(900, 207, 'Hagfors'),
(901, 207, 'Karlstad'),
(902, 207, 'Storvik'),
(903, 207, 'Stockholm / Vasteras'),
(904, 207, 'Lulea'),
(905, 207, 'Vidsel'),
(906, 207, 'Boden'),
(907, 207, 'Heden'),
(908, 207, 'Arboga'),
(909, 207, 'Berga'),
(910, 207, 'Eskilstuna'),
(911, 207, 'Borlange'),
(912, 207, 'Hultsfred / Vimmerby'),
(913, 207, 'Ludvika'),
(914, 207, 'Laxo'),
(915, 207, 'Visingso'),
(916, 207, 'Gavle  / Sandviken'),
(917, 207, 'Brattforsheden'),
(918, 207, 'Norrtelje'),
(919, 207, 'Torsby'),
(920, 207, 'Visby'),
(921, 207, 'Vastervik'),
(922, 207, ' Vasteras'),
(923, 207, 'Vangso'),
(924, 207, 'Angelholm / Helsingborg'),
(925, 207, 'Fjallbacka'),
(926, 207, ' Gronhogen'),
(927, 207, 'Ljungbyhed'),
(928, 207, 'Tomelilla'),
(929, 207, 'Vellinge'),
(930, 207, 'Amsele'),
(931, 207, 'Arbra'),
(932, 207, 'Storuman'),
(933, 207, 'Idre'),
(934, 207, 'Fallfors'),
(935, 207, 'Gargnas'),
(936, 207, 'Harnosand'),
(937, 207, 'Mellansel'),
(938, 207, 'Ange'),
(939, 207, 'Kalixfors'),
(940, 207, 'Ljusdal'),
(941, 207, 'Mohed'),
(942, 207, 'Oviken'),
(943, 207, 'Pajala'),
(944, 207, 'Ramsele'),
(945, 207, 'Asele'),
(946, 207, 'Hemavan'),
(947, 207, 'Alvsbyn'),
(948, 207, 'Edsbyn'),
(949, 207, 'Avesta'),
(950, 207, 'Bunge'),
(951, 207, 'Gagnef'),
(952, 207, 'Hallefors'),
(953, 207, 'Katrineholm'),
(954, 207, 'Malung'),
(955, 207, 'Koping'),
(956, 207, 'Siljansnas'),
(957, 119, 'Adas'),
(958, 119, 'Daugavpils'),
(959, 119, 'Jelgava'),
(960, 119, 'Vainode'),
(961, 119, 'Lielvarde'),
(962, 119, 'Jekabpils'),
(963, 119, 'Liepaja'),
(964, 119, 'Riga'),
(965, 119, 'Riga'),
(966, 119, 'Tukums'),
(967, 119, 'Ventspils'),
(968, 125, 'Alytus'),
(969, 125, 'Birzai'),
(970, 125, 'Jurbarkas'),
(971, 125, 'Kaunas'),
(972, 125, 'Kedainiai'),
(973, 125, 'Klaipeda'),
(974, 125, 'KazlÅ³ Ruda'),
(975, 125, 'Kartena'),
(976, 125, 'Tirksliai'),
(977, 125, 'Sasnava'),
(978, 125, 'Akmene'),
(979, 125, 'Nida'),
(980, 125, 'Nemirseta'),
(981, 125, 'Palanga'),
(982, 125, 'Panevezys'),
(983, 125, 'Pikeliskes '),
(984, 125, 'Pajuostis'),
(985, 125, 'Pociunai'),
(986, 125, 'Rokishkis'),
(987, 125, 'Jonava'),
(988, 125, 'Siauliai '),
(989, 125, 'Barysiai'),
(990, 125, 'Seduva'),
(991, 125, 'Silute'),
(992, 125, 'Telsiai '),
(993, 125, 'Utena'),
(994, 125, 'Vilnius (MOT/CAD)'),
(995, 125, 'Vilnius (ACC/FIC/COM/RCC)'),
(996, 125, 'Vilnius'),
(997, 125, 'Kyviskes'),
(998, 125, 'Vilnius (FIR)'),
(999, 125, 'Vilnius (NOF/AIS)'),
(1000, 125, 'Paluknys'),
(1001, 125, 'Zarasai'),
(1002, 125, 'Oekiokes'),
(1003, 199, 'Bisho'),
(1004, 199, 'Bloemfontein'),
(1005, 199, 'Bethlehem'),
(1006, 199, 'Butterworth'),
(1007, 199, 'Cradock'),
(1008, 199, 'Cape Town'),
(1009, 199, 'Durban'),
(1010, 199, 'East London'),
(1011, 199, 'Empangeni'),
(1012, 199, 'Ellisras'),
(1013, 199, 'Ficksburg'),
(1014, 199, 'Durbanville'),
(1015, 199, 'Johannesburg'),
(1016, 199, 'George'),
(1017, 199, 'Giyani'),
(1018, 199, 'Hluhluwe'),
(1019, 199, 'Harrismith'),
(1020, 199, 'Hoedspruit'),
(1021, 199, 'Klerksdorp'),
(1022, 199, 'Hopefield'),
(1023, 199, 'Kimberley'),
(1024, 199, 'Nelspruit (Kruger National Park)'),
(1025, 199, 'Komga'),
(1026, 199, 'Komatipoort'),
(1027, 199, 'Krugersdorp'),
(1028, 199, 'Kuruman'),
(1029, 199, 'Kleinsee'),
(1030, 199, 'Lanseria'),
(1031, 199, 'Lime Acres'),
(1032, 199, 'Lusikisiki'),
(1033, 199, 'Makhado'),
(1034, 199, 'Langebaan'),
(1035, 199, 'Ladysmith'),
(1036, 199, 'Malamala'),
(1037, 199, 'Margate'),
(1038, 199, 'Mmabatho'),
(1039, 199, 'Malelane'),
(1040, 199, 'Mossel Bay'),
(1041, 199, 'Messina'),
(1042, 199, 'Mkuze'),
(1043, 199, 'Mzamba'),
(1044, 199, 'Newcastle'),
(1045, 199, 'Ngala'),
(1046, 199, 'Nelspruit'),
(1047, 199, 'Magaliesburg'),
(1048, 199, 'Oudtshoorn'),
(1049, 199, 'Port Alfred'),
(1050, 199, 'Port Elizabeth'),
(1051, 199, 'Plettenberg Bay'),
(1052, 199, 'Phalaborwa'),
(1053, 199, 'Port St. Johns'),
(1054, 199, 'Prieska'),
(1055, 199, 'Pietermaritzburg'),
(1056, 199, 'Pilanesberg (near Sun City)'),
(1057, 199, 'Polokwane'),
(1058, 199, 'Queenstown'),
(1059, 199, 'Richards Bay'),
(1060, 199, 'Rustenburg'),
(1061, 199, 'Robertson'),
(1062, 199, 'Springbok'),
(1063, 199, 'Secunda'),
(1064, 199, 'Saldanha Bay'),
(1065, 199, 'Sabi Sabi'),
(1066, 199, 'Stellenbosch'),
(1067, 199, 'Sishen'),
(1068, 199, 'Skukuza'),
(1069, 199, 'Teddarfield Airpark'),
(1070, 199, 'Thohoyandou'),
(1071, 199, 'Thaba Nchu'),
(1072, 199, 'Tzaneen'),
(1073, 199, 'Ulundi'),
(1074, 199, 'Upington'),
(1075, 199, 'Umtata'),
(1076, 199, 'Vryburg'),
(1077, 199, 'Vredendal'),
(1078, 199, 'Vryheid'),
(1079, 199, 'Pretoria'),
(1080, 199, 'Tshwane'),
(1081, 199, 'Welkom'),
(1082, 29, 'Francistown'),
(1083, 29, 'Gumare'),
(1084, 29, 'Ghanzi'),
(1085, 29, 'Jwaneng'),
(1086, 29, 'Kasane'),
(1087, 29, 'Kang'),
(1088, 29, 'Khwai River'),
(1089, 29, 'Kanye'),
(1090, 29, 'Lobatse'),
(1091, 29, 'Makalamabedi'),
(1092, 29, 'Maun'),
(1093, 29, 'Nokaneng'),
(1094, 29, 'Nata'),
(1095, 29, 'Orapa'),
(1096, 29, 'Palapye'),
(1097, 29, 'Rakops'),
(1098, 29, 'Gaborone'),
(1099, 29, 'Sua Pan'),
(1100, 29, 'Selebi-Phikwe'),
(1101, 29, 'Serowe'),
(1102, 29, 'Savuti'),
(1103, 29, 'Shakawe'),
(1104, 29, 'Tshane'),
(1105, 29, 'Tuli Lodge'),
(1106, 29, 'Tshabong'),
(1107, 29, 'Xugana'),
(1108, 50, 'Brazzaville'),
(1109, 50, 'Djambala'),
(1110, 50, 'Kindamba'),
(1111, 50, 'Lague'),
(1112, 50, 'Mouyondzi'),
(1113, 50, 'Sibiti'),
(1114, 50, 'Nkayi'),
(1115, 50, 'Zanaga'),
(1116, 50, 'Mossendjo'),
(1117, 50, 'Boundji'),
(1118, 50, 'Ewo'),
(1119, 50, 'Gamboma'),
(1120, 50, 'Impfondo'),
(1121, 50, 'Kelle'),
(1122, 50, 'Makoua'),
(1123, 50, 'Owando'),
(1124, 50, 'Souanke'),
(1125, 50, 'Betou'),
(1126, 50, 'Ouesso'),
(1127, 50, 'Makabana'),
(1128, 50, 'Loubomo'),
(1129, 50, 'Pointe-Noire'),
(1130, 206, 'Ngonini'),
(1131, 206, 'Kubuta'),
(1132, 206, 'Lavumisa'),
(1133, 206, 'Mhlume'),
(1134, 206, 'Manzini'),
(1135, 206, 'Nhlangano'),
(1136, 206, 'Nsoko'),
(1137, 206, 'Simunye'),
(1138, 206, 'Siteki'),
(1139, 206, 'Tambankula'),
(1140, 206, 'Tshaneni'),
(1141, 206, 'Big Bend'),
(1142, 42, 'Alindao'),
(1143, 42, 'Obo'),
(1144, 42, 'Carnot'),
(1145, 42, 'Mobaye'),
(1146, 42, 'Bangui'),
(1147, 42, 'Bangassou'),
(1148, 42, 'Birao'),
(1149, 42, 'Bossembele'),
(1150, 42, 'Bambari'),
(1151, 42, 'N\\\\\\''Dela'),
(1152, 42, 'Bouar'),
(1153, 42, 'Paoua'),
(1154, 42, 'Bria'),
(1155, 42, 'Bossangoa'),
(1156, 42, 'Berberati '),
(1157, 42, 'Sibut'),
(1158, 42, 'Ouadda'),
(1159, 42, 'Yalinga'),
(1160, 42, 'Zemio'),
(1161, 42, 'Bocaranga'),
(1162, 42, 'Batangafo'),
(1163, 42, 'Gordil'),
(1164, 42, 'Bakouma'),
(1165, 42, 'Ouanda Djalle'),
(1166, 42, 'Rafai'),
(1167, 42, 'Bouca'),
(1168, 42, 'Bozoum'),
(1169, 68, 'San Antonio de Pale'),
(1170, 68, 'Bata'),
(1171, 68, 'Malabo'),
(1172, 226, 'Georgetown'),
(1173, 138, 'Plaine Magnien'),
(1174, 138, 'Rodrigues Island'),
(1175, 32, 'Diego Garcia'),
(1176, 38, 'Kribi'),
(1177, 38, 'Tiko'),
(1178, 38, 'Douala'),
(1179, 38, 'Mamfe'),
(1180, 38, 'Bali'),
(1181, 38, 'Kaela'),
(1182, 38, 'Batouri'),
(1183, 38, 'Yagoua'),
(1184, 38, 'Maroua'),
(1185, 38, 'Foumban'),
(1186, 38, 'Ngaoundere'),
(1187, 38, 'Bertoua'),
(1188, 38, 'Garoua'),
(1189, 38, 'Dschang'),
(1190, 38, 'Bafoussam'),
(1191, 38, 'Bamenda'),
(1192, 38, 'Ebolowa'),
(1193, 38, 'Yaounde'),
(1194, 240, 'Mbala'),
(1195, 240, 'Chipata'),
(1196, 240, 'Kasompe'),
(1197, 240, 'Kalabo'),
(1198, 240, 'Kaoma'),
(1199, 240, 'Kasama'),
(1200, 240, 'Kabwe'),
(1201, 240, 'Livingstone'),
(1202, 240, 'Lukulu'),
(1203, 240, 'Lusaka'),
(1204, 240, 'Mansa'),
(1205, 240, 'Mfuwe'),
(1206, 240, 'Mongu'),
(1207, 240, 'Ndola'),
(1208, 240, 'Senanga'),
(1209, 240, 'Kitwe'),
(1210, 240, 'Sesheke'),
(1211, 240, 'Solwezi'),
(1212, 240, 'Zambezi'),
(1213, 49, 'Comoros'),
(1214, 139, 'Mayotte'),
(1215, 76, 'Reunion'),
(1216, 129, 'Madagascar'),
(1217, 7, 'Ambriz'),
(1218, 7, 'Mbanza Congo'),
(1219, 7, 'Benguela'),
(1220, 7, 'Cabinda'),
(1221, 7, 'Cafunfo'),
(1222, 7, 'Chitato'),
(1223, 7, 'Catumbela'),
(1224, 7, 'Cuito Cuanavale'),
(1225, 7, 'Cazombo'),
(1226, 7, 'Dundo'),
(1227, 7, 'Ondjiva (Ongiva, Ngiva, N\\''giva)'),
(1228, 7, 'Huambo'),
(1229, 7, 'Kuito'),
(1230, 7, 'Lucapa (Lukapa)'),
(1231, 7, 'Luanda'),
(1232, 7, 'Malanje'),
(1233, 7, 'Menongue'),
(1234, 7, 'Namibe'),
(1235, 7, 'Negage'),
(1236, 7, 'Porto Amboim'),
(1237, 7, 'Saurimo'),
(1238, 7, 'Soyo'),
(1239, 7, 'Luau'),
(1240, 7, 'Lubango'),
(1241, 7, 'Luena'),
(1242, 7, 'Uige'),
(1243, 7, 'Waco Kungo'),
(1244, 7, 'Xangongo'),
(1245, 7, 'N\\''zeto'),
(1246, 80, 'Akieni'),
(1247, 80, 'Booue'),
(1248, 80, 'Ndende'),
(1249, 80, 'Fougamou'),
(1250, 80, 'Mbigou'),
(1251, 80, 'Moabi'),
(1252, 80, 'Koulamoutou'),
(1253, 80, 'Mouila'),
(1254, 80, 'Oyem'),
(1255, 80, 'Okondja'),
(1256, 80, 'Lambarene'),
(1257, 80, 'Bitam'),
(1258, 80, 'Moanda'),
(1259, 80, 'Mekambo'),
(1260, 80, 'Port-Gentil'),
(1261, 80, 'Omboue'),
(1262, 80, 'Iguela'),
(1263, 80, 'Makokou'),
(1264, 80, 'Libreville'),
(1265, 80, 'Mitzic'),
(1266, 80, 'Franceville'),
(1267, 80, 'Lastourville'),
(1268, 80, 'Sette Cama'),
(1269, 80, 'Tchibanga'),
(1270, 80, 'Mayumba'),
(1271, 188, 'Sao Tome'),
(1272, 188, 'principe'),
(1273, 147, 'Angoche'),
(1274, 147, 'Beira'),
(1275, 147, 'Cuamba'),
(1276, 147, 'Chimoio'),
(1277, 147, 'Inhambane'),
(1278, 147, 'Lichinga'),
(1279, 147, 'Lumbo'),
(1280, 147, 'Maputo'),
(1281, 147, 'Mueda'),
(1282, 147, 'Mocimboa da Praia'),
(1283, 147, 'Nacala'),
(1284, 147, 'Nampula'),
(1285, 147, 'Pemba'),
(1286, 147, 'Quelimane'),
(1287, 147, 'Tete'),
(1288, 147, 'Vilankulo'),
(1289, 192, 'Alphonse Island'),
(1290, 192, 'Assumption Island'),
(1291, 192, 'D\\''Arros Island'),
(1292, 192, 'Desroches Island '),
(1293, 192, 'Farquhar Islands'),
(1294, 192, 'Mahe Island'),
(1295, 192, 'Marie Louise Island'),
(1296, 192, 'Platte Island '),
(1297, 192, 'Praslin Island'),
(1298, 192, 'Astove Island'),
(1299, 192, 'Bird Island'),
(1300, 192, 'Coetivy Island'),
(1301, 192, 'Denis Island'),
(1302, 192, 'Fregate Island'),
(1303, 192, 'Remire Island (Eagle Island)'),
(1304, 43, 'Sarh Airport'),
(1305, 43, 'Sarh'),
(1306, 43, 'Bongor'),
(1307, 43, 'Abeche'),
(1308, 43, 'Moundou'),
(1309, 43, 'Biltine'),
(1310, 43, 'Fada'),
(1311, 43, 'Gozbeida'),
(1312, 43, 'Lai'),
(1313, 43, 'Ati'),
(1314, 43, 'N\\''Djamena'),
(1315, 43, 'Bokoro'),
(1316, 43, 'Bol'),
(1317, 43, 'Mongo'),
(1318, 43, 'Am-Timan'),
(1319, 43, 'Pala'),
(1320, 43, 'Zouar'),
(1321, 43, 'Bousso'),
(1322, 43, 'Mao'),
(1323, 43, 'Faya-Largeau'),
(1324, 43, 'Bardai'),
(1325, 241, 'Bulawayo'),
(1326, 241, 'Chipinge'),
(1327, 241, 'Harare'),
(1328, 241, 'Chiredzi'),
(1329, 241, 'Victoria Falls'),
(1330, 241, 'Mutare'),
(1331, 241, 'Kariba'),
(1332, 241, 'Masvingo'),
(1333, 241, 'Gweru'),
(1334, 241, 'Hwange (Hwange National Park)'),
(1335, 241, 'Hwange Town'),
(1336, 130, 'Chelinda'),
(1337, 130, 'Blantyre'),
(1338, 130, 'Club Makokola'),
(1339, 130, 'Ntchisi'),
(1340, 130, 'Chitipa'),
(1341, 130, 'Dwanga'),
(1342, 130, 'Karonga'),
(1343, 130, 'Katumbi'),
(1344, 130, 'Kasungu'),
(1345, 130, 'Lilongwe'),
(1346, 130, 'Likoma'),
(1347, 130, 'Mchinji'),
(1348, 130, 'Mangochi'),
(1349, 130, 'Monkey Bay'),
(1350, 130, 'Nsanje'),
(1351, 130, 'Salima'),
(1352, 130, 'Nchalo'),
(1353, 130, 'Mzuzu'),
(1354, 130, 'Zomba'),
(1355, 121, 'Lebakeng'),
(1356, 121, 'Leribe'),
(1357, 121, 'Lesobeng'),
(1358, 121, 'Matsaile'),
(1359, 121, 'Mafeteng'),
(1360, 121, 'Mokhotlong'),
(1361, 121, 'Maseru'),
(1362, 121, 'Nkaus'),
(1363, 121, 'Pelaneng'),
(1364, 121, 'Quthing'),
(1365, 121, 'Qachas\\'' Nek'),
(1366, 121, 'Sekake'),
(1367, 121, 'Semongkong'),
(1368, 121, 'Thaba Tseka'),
(1369, 121, 'Tlokoeng'),
(1370, 149, 'Arandis'),
(1371, 149, 'Grootfontein'),
(1372, 149, 'Halali'),
(1373, 149, 'Helmeringhausen'),
(1374, 149, 'Karasburg'),
(1375, 149, 'Keetmanshoop'),
(1376, 149, 'Luderitz'),
(1377, 149, 'Mokuti Lodge'),
(1378, 149, 'Mpacha'),
(1379, 149, 'Namutoni'),
(1380, 149, 'Nkurenkuru'),
(1381, 149, 'Ondangwa'),
(1382, 149, 'Omega'),
(1383, 149, 'Oranjemund'),
(1384, 149, 'Okahao'),
(1385, 149, 'Okaukuejo'),
(1386, 149, 'Opuwa'),
(1387, 149, 'Oshakati'),
(1388, 149, 'Rundu'),
(1389, 149, 'Swakopmund'),
(1390, 149, 'Tsumeb'),
(1391, 149, 'Walvis Bay'),
(1392, 149, 'Windhoek'),
(1393, 239, 'Kinshasa'),
(1394, 239, 'Boma'),
(1395, 239, 'Luozi'),
(1396, 239, 'Matadi'),
(1397, 239, 'Nkolo-Fuma'),
(1398, 239, 'Inongo'),
(1399, 239, 'Nioki'),
(1400, 239, 'Bandundu'),
(1401, 239, 'Kiri'),
(1402, 239, 'Kikwit'),
(1403, 239, 'Idiofa'),
(1404, 239, 'Lusanga'),
(1405, 239, 'Masi-Manimba'),
(1406, 239, 'Mbandaka'),
(1407, 239, 'Basankusu'),
(1408, 239, 'Libenge'),
(1409, 239, 'Gbadolite'),
(1410, 239, 'Gemena'),
(1411, 239, 'Bumba'),
(1412, 239, 'Lisala'),
(1413, 239, 'Boende'),
(1414, 239, 'Ikela'),
(1415, 239, 'Kisangani'),
(1416, 239, 'Yangambi'),
(1417, 239, 'Isiro'),
(1418, 239, 'Bunia'),
(1419, 239, 'Buta Zega'),
(1420, 239, 'Bukavu'),
(1421, 239, 'Goma'),
(1422, 239, 'Beni'),
(1423, 239, 'Kindu'),
(1424, 239, 'Kalima'),
(1425, 239, 'Punia'),
(1426, 239, 'Lubumbashi'),
(1427, 239, 'Pweto'),
(1428, 239, 'Kasenga'),
(1429, 239, 'Kolwezi'),
(1430, 239, 'Manono'),
(1431, 239, 'Moba'),
(1432, 239, 'Kalemie'),
(1433, 239, 'Kabalo'),
(1434, 239, 'Kongolo'),
(1435, 239, 'Kamina'),
(1436, 239, 'Kapanga'),
(1437, 239, 'Kaniama'),
(1438, 239, 'Kananga'),
(1439, 239, 'Kasonga'),
(1440, 239, 'Luisa'),
(1441, 239, 'Moma'),
(1442, 239, 'Tshikapa'),
(1443, 239, 'Lodja'),
(1444, 239, 'Lusambo'),
(1445, 239, 'Mweka'),
(1446, 239, 'Basongo'),
(1447, 239, 'Mbuji Mayi'),
(1448, 239, 'Gandajika'),
(1449, 133, 'Ansongo'),
(1450, 133, 'Bandiagara'),
(1451, 133, 'Bafoulabe'),
(1452, 133, 'Bougouni'),
(1453, 133, 'Bourem'),
(1454, 133, 'Bamako'),
(1455, 133, 'Douentza'),
(1456, 133, 'Goundam'),
(1457, 133, 'Gao'),
(1458, 133, 'Kenieba'),
(1459, 133, 'Kidal'),
(1460, 133, 'Kolokani'),
(1461, 133, 'Koutiala'),
(1462, 133, 'Kita'),
(1463, 133, 'Kayes'),
(1464, 133, 'Markala'),
(1465, 133, 'Mopti'),
(1466, 133, 'Menaka Cercle'),
(1467, 133, 'Niafunke'),
(1468, 133, 'Nara'),
(1469, 133, 'Nioro'),
(1470, 133, 'Sikasso'),
(1471, 133, 'Tombouctou'),
(1472, 133, 'Tessalit'),
(1473, 133, 'Yelimane'),
(1474, 81, 'Banjul'),
(1475, 201, 'Fuerteventura'),
(1476, 201, 'El Hierro'),
(1477, 201, 'La Palma'),
(1478, 201, 'Gran Canaria'),
(1479, 201, 'La Gomera'),
(1480, 201, 'Arrecife'),
(1481, 201, 'Tenerife'),
(1482, 201, 'Ceuta'),
(1483, 201, 'Melilla'),
(1484, 193, 'Bonthe'),
(1485, 193, 'Bo'),
(1486, 193, 'Gbangbatok'),
(1487, 193, 'Freetown'),
(1488, 193, 'Kabala'),
(1489, 193, 'Kenema'),
(1490, 193, 'Yengema'),
(1491, 93, 'Bubaque'),
(1492, 93, 'Bissau'),
(1493, 93, 'Cufar'),
(1494, 122, 'Buchanan'),
(1495, 122, 'Harper'),
(1496, 122, 'Greenville (Sinoe)'),
(1497, 122, 'Monrovia'),
(1498, 122, 'Nimba'),
(1499, 122, 'Sasstown'),
(1500, 122, 'Tchien'),
(1501, 122, 'Voinjama'),
(1502, 146, 'Souss-Massa-Draa'),
(1503, 146, 'Guelmim-Es Semara'),
(1504, 146, 'Gharb-Chrarda-Beni Hssen'),
(1505, 146, 'Fes-Boulemane'),
(1506, 146, 'Meknes-Tafilalet'),
(1507, 146, 'Oriental'),
(1508, 146, 'Taza-Al Hoceima-Taounate'),
(1509, 146, 'Chaouia-Ouardigha'),
(1510, 146, 'Greater Casablanca'),
(1511, 146, 'Tadla-Azilal'),
(1512, 146, 'Rabat-Sale-Zemmour-Zaer'),
(1513, 146, 'Marrakech-Tensift-El Haouz'),
(1514, 146, 'Doukkala-Abda'),
(1515, 146, 'Tangier-Tetouan'),
(1516, 237, 'Western Sahara'),
(1517, 190, 'Ziguinchor'),
(1518, 190, 'Kolda'),
(1519, 190, 'Cap Skiring'),
(1520, 190, 'Kaolack'),
(1521, 190, 'Dakar'),
(1522, 190, 'Matam'),
(1523, 190, 'Podor'),
(1524, 190, 'Richard Toll'),
(1525, 190, 'Saint-Louis'),
(1526, 190, 'Bakel'),
(1527, 190, 'Kedougou'),
(1528, 190, 'Simenti'),
(1529, 190, 'Tambacounda'),
(1530, 137, 'Aioun el Atrouss'),
(1531, 137, 'Boutilimit'),
(1532, 137, 'Tichitt'),
(1533, 137, 'Tidjikja'),
(1534, 137, 'Boghe'),
(1535, 137, 'Kiffa'),
(1536, 137, 'Timbedra'),
(1537, 137, 'Nima'),
(1538, 137, 'Akjoujt'),
(1539, 137, 'Kaedi'),
(1540, 137, 'Moudjeria'),
(1541, 137, 'Nouakchott'),
(1542, 137, 'Selibaby'),
(1543, 137, 'Tamchakett'),
(1544, 137, 'Atar'),
(1545, 137, 'Fderik'),
(1546, 137, 'Nouadhibou'),
(1547, 137, 'Bir Moghrein'),
(1548, 137, 'Zouerat'),
(1549, 237, 'El Aaiun (Laayoune)'),
(1550, 92, 'Conakry'),
(1551, 92, 'Fria'),
(1552, 92, 'Faranah'),
(1553, 92, 'Banankoro'),
(1554, 92, 'Port Kamsar'),
(1555, 92, 'Kissidougou'),
(1556, 92, 'Labe'),
(1557, 92, 'Macenta'),
(1558, 92, 'N\\''zerekore'),
(1559, 92, 'Boki'),
(1560, 92, 'Guinea'),
(1561, 92, 'Koundara'),
(1562, 92, 'Siguiri'),
(1563, 92, 'Kankan'),
(1564, 40, 'Espargos'),
(1565, 40, 'Santo Antao'),
(1566, 40, 'Rabil'),
(1567, 40, 'Praia'),
(1568, 40, 'Vila do Maio'),
(1569, 40, 'Mosteiros'),
(1570, 40, 'Sao Filipe'),
(1571, 40, 'Preguica'),
(1572, 40, 'Sao Pedro'),
(1573, 71, 'Addis Ababa'),
(1574, 71, 'Arba Minch'),
(1575, 71, 'Axum'),
(1576, 71, 'Bahir Dar'),
(1577, 71, 'Beica'),
(1578, 71, 'Bulchi'),
(1579, 71, 'Dessie'),
(1580, 71, 'Dembidolo'),
(1581, 71, 'Debre Marqos'),
(1582, 71, 'Dire Dawa'),
(1583, 71, 'Debre Tabor'),
(1584, 71, 'Finicha\\''a'),
(1585, 71, 'Goba'),
(1586, 71, 'Gambela'),
(1587, 71, 'Gondar'),
(1588, 71, 'Gode'),
(1589, 71, 'Gore'),
(1590, 71, 'Debre Zeyit'),
(1591, 71, 'Humera'),
(1592, 71, 'Jimma'),
(1593, 71, 'Kabri Dar'),
(1594, 71, 'Kelafo'),
(1595, 71, 'Awasa'),
(1596, 71, 'Mek\\''ele'),
(1597, 71, 'Mizan Teferi'),
(1598, 71, 'Negele Boran'),
(1599, 71, 'Nejo'),
(1600, 71, 'Nekemte'),
(1601, 71, 'Asosa'),
(1602, 71, 'Tippi'),
(1603, 71, 'Wacca'),
(1604, 36, 'Bujumbura'),
(1605, 36, 'Gitega'),
(1606, 36, 'Kirundo'),
(1607, 198, 'Alula'),
(1608, 36, 'Baidoa'),
(1609, 36, 'Candala'),
(1610, 36, 'Bardera'),
(1611, 36, 'Eil'),
(1612, 36, 'Boosaaso'),
(1613, 36, 'Gardo'),
(1614, 36, 'Hargeisa'),
(1615, 36, 'Berbera'),
(1616, 36, 'Kisimayu'),
(1617, 36, 'Mogadishu'),
(1618, 36, 'Obbia'),
(1619, 36, 'Galcaio'),
(1620, 36, 'Scusciuban'),
(1621, 36, 'Erigavo'),
(1622, 36, 'Burao'),
(1623, 61, 'Assa-Gueyla'),
(1624, 61, 'Djibouti City'),
(1625, 61, 'Ali-Sabieh'),
(1626, 61, 'Chabelley'),
(1627, 61, 'Dikhil'),
(1628, 61, 'Herkale'),
(1629, 61, 'Moucha Island'),
(1630, 61, 'Obock'),
(1631, 61, 'Tadjoura'),
(1632, 66, 'El Arish'),
(1633, 66, 'Assiut'),
(1634, 66, 'Alexandria'),
(1635, 66, 'Abu Simbel'),
(1636, 66, 'Cairo'),
(1637, 66, 'Cairo West'),
(1638, 66, 'Hurghada'),
(1639, 66, 'El Gora'),
(1640, 66, 'Luxor'),
(1641, 66, 'Marsa Alam'),
(1642, 66, 'Mersa Matruh'),
(1643, 66, 'New Valley'),
(1644, 66, 'Egypt'),
(1645, 66, 'Port Said'),
(1646, 66, 'St. Catherine'),
(1647, 66, 'Sharm El Sheikh'),
(1648, 66, 'Aswan'),
(1649, 66, 'Taba'),
(1650, 69, 'Asmara'),
(1651, 69, 'Massawa'),
(1652, 69, 'Assab'),
(1653, 69, 'Teseney'),
(1654, 112, 'Amboseli'),
(1655, 112, 'Eldoret'),
(1656, 112, 'Eliye Springs'),
(1657, 112, 'Kalokol'),
(1658, 112, 'Garissa'),
(1659, 112, 'Hola'),
(1660, 112, 'Nairobi'),
(1661, 112, 'Kisumu'),
(1662, 112, 'Kilaguni'),
(1663, 112, 'Kericho'),
(1664, 112, 'Kitale'),
(1665, 112, 'Lodwar'),
(1666, 112, 'Lamu'),
(1667, 112, 'Loiyangalani'),
(1668, 112, 'Mandera'),
(1669, 112, 'Marsabit'),
(1670, 112, 'Malindi'),
(1671, 112, 'Mombasa'),
(1672, 112, 'Moyale'),
(1673, 112, 'Nyeri'),
(1674, 112, 'Nakuru'),
(1675, 112, 'Nanyuki'),
(1676, 112, 'Samburu'),
(1677, 112, 'Wajir'),
(1678, 123, 'Ghat'),
(1679, 123, 'Kufra'),
(1680, 123, 'Benghazi'),
(1681, 123, 'Tripoli'),
(1682, 123, 'Bayda'),
(1683, 123, 'Sabha'),
(1684, 123, 'Brega'),
(1685, 123, 'Ghadames'),
(1686, 180, 'Gisenyi'),
(1687, 180, 'Butare'),
(1688, 180, 'Kigali'),
(1689, 180, 'Ruhengeri'),
(1690, 180, 'Cyangugu'),
(1691, 203, 'Atbara'),
(1692, 203, 'Eldebba'),
(1693, 203, 'Dongola'),
(1694, 203, 'El Fasher'),
(1695, 203, 'Dinder'),
(1696, 203, 'Geneina'),
(1697, 203, 'Kassala'),
(1698, 203, 'Khashm El Girba'),
(1699, 203, 'Kosti'),
(1700, 203, 'Maridi'),
(1701, 203, 'Merowe'),
(1702, 203, 'En Nahud'),
(1703, 203, 'Nyala'),
(1704, 203, 'El Obeid'),
(1705, 203, 'Port Sudan'),
(1706, 203, 'Juba'),
(1707, 203, 'Malakal'),
(1708, 203, 'Khartoum'),
(1709, 203, 'Wadi Halfa'),
(1710, 203, 'Wau'),
(1711, 212, 'Arusha'),
(1712, 212, 'Bukoba'),
(1713, 212, 'Dar es Salaam'),
(1714, 212, 'Dodoma'),
(1715, 212, 'Iringa'),
(1716, 212, 'Kigoma'),
(1717, 212, 'Kilwa Masoko'),
(1718, 212, 'Mount Kilimanjaro'),
(1719, 212, 'Lindi'),
(1720, 212, 'Lake Manyara'),
(1721, 212, 'Mafia'),
(1722, 212, 'Mbeya'),
(1723, 212, 'Mwadui'),
(1724, 212, 'Masasi'),
(1725, 212, 'Moshi'),
(1726, 212, 'Mtwara'),
(1727, 212, 'Musoma'),
(1728, 212, 'Mwanza'),
(1729, 212, 'Nachingwea'),
(1730, 212, 'Njombe'),
(1731, 212, 'Seronera'),
(1732, 212, 'Songea'),
(1733, 212, 'Sumbawanga'),
(1734, 212, 'Shinyanga'),
(1735, 212, 'Tabora'),
(1736, 212, 'Tanga'),
(1737, 212, 'Zanzibar'),
(1738, 223, 'Adjumani'),
(1739, 223, 'Arua'),
(1740, 223, 'Bundibugyo'),
(1741, 223, 'Entebbe (near Kampala)'),
(1742, 223, 'Gulu'),
(1743, 223, 'Jinja'),
(1744, 223, 'Kampala'),
(1745, 223, 'Kabale'),
(1746, 223, 'Kabalega Falls'),
(1747, 223, 'Kasese'),
(1748, 223, 'Kotido'),
(1749, 223, 'Mbarara'),
(1750, 223, 'Masindi'),
(1751, 223, 'Pakuba'),
(1752, 223, 'Soroti'),
(1753, 223, 'Tororo'),
(1754, 3, 'Tirana'),
(1755, 3, 'Gjader'),
(1756, 3, 'Korce'),
(1757, 3, 'Kukes'),
(1758, 3, 'Kucove'),
(1759, 3, 'Shkoder (Shkodra)'),
(1760, 3, 'Sarande (Saranda)'),
(1761, 3, 'Vlore (Vlora)'),
(1762, 34, 'Burgas'),
(1763, 34, 'Burgas Province'),
(1764, 34, 'Sofia'),
(1765, 34, 'Gorna Oryahovitsa'),
(1766, 34, 'Haskovo'),
(1767, 34, 'Yambol Province'),
(1768, 34, 'Kyrdjali'),
(1769, 34, 'Kazanlyk'),
(1770, 34, 'Gabrovnitsa (Gabrovnica)'),
(1771, 34, 'Plovdiv'),
(1772, 34, 'Graf Ignatievo / Plovdiv'),
(1773, 34, 'Pernik'),
(1774, 34, 'Dolna Mitropoliia / Pleven'),
(1775, 34, 'Primorsko (private)'),
(1776, 34, 'Rousse'),
(1777, 34, 'Dobroslavtsi (Dobroslavci)'),
(1778, 34, 'Sliven'),
(1779, 34, 'Silistra'),
(1780, 34, 'Stara Zagora'),
(1781, 34, 'Targovishte'),
(1782, 34, 'Voden'),
(1783, 34, 'Vidin'),
(1784, 34, 'Balchik'),
(1785, 34, 'Varna'),
(1786, 58, 'Lefkosa'),
(1787, 58, 'Larnaca'),
(1788, 58, 'Nicosia'),
(1789, 58, 'Paphos'),
(1790, 58, 'Akrotiri'),
(1791, 56, 'Daruvar'),
(1792, 56, 'Zagreb'),
(1793, 56, 'Ploce'),
(1794, 56, 'Dubrovnik'),
(1795, 56, 'Losinj'),
(1796, 56, 'Borovo'),
(1797, 56, 'Cepin'),
(1798, 56, 'Slavonski Brod'),
(1799, 56, 'Osijek'),
(1800, 56, 'Pula'),
(1801, 56, 'Medulin'),
(1802, 56, 'Unije'),
(1803, 56, 'Vrsar'),
(1804, 56, 'Grobnik'),
(1805, 56, 'Rijeka'),
(1806, 56, 'Otocac'),
(1807, 56, 'Brac'),
(1808, 56, 'Hvar'),
(1809, 56, 'Split'),
(1810, 56, 'Sinj'),
(1811, 56, 'Varazdin'),
(1812, 56, 'Cakovec'),
(1813, 56, 'Koprivnica'),
(1814, 56, 'Zadar'),
(1815, 56, 'Udbina'),
(1816, 201, 'Alicante'),
(1817, 201, 'Almeria'),
(1818, 201, 'Asturias'),
(1819, 201, 'Cordoba Andalucia'),
(1820, 201, 'Biscay'),
(1821, 201, 'Spain'),
(1822, 201, 'Barcelona / El Prat de Llobregat'),
(1823, 201, 'Badajoz'),
(1824, 201, 'Galicia'),
(1825, 201, 'Madrid'),
(1826, 201, 'Girona'),
(1827, 201, 'Granada'),
(1828, 201, 'Huesca'),
(1829, 201, 'Balearic Islands'),
(1830, 201, 'Cadiz'),
(1831, 201, 'Region de Murcia'),
(1832, 201, 'Barcelona'),
(1833, 201, 'Leon'),
(1834, 201, 'Ciudad Real'),
(1835, 201, 'Malaga'),
(1836, 201, 'Palma de Mallorca'),
(1837, 201, 'Navarre'),
(1838, 201, 'Murcia'),
(1839, 201, 'Logrono'),
(1840, 201, 'Tarragona'),
(1841, 201, 'Rota'),
(1842, 201, 'Gipuzkoa'),
(1843, 201, 'Valencia'),
(1844, 201, 'Valladolid'),
(1845, 201, 'Alava'),
(1846, 201, 'Cantabria'),
(1847, 201, 'Zaragoza'),
(1848, 201, 'Sevilla'),
(1849, 76, 'Dieppe'),
(1850, 76, 'Dunkerque'),
(1851, 76, 'Compiegne'),
(1852, 76, 'Le Treport'),
(1853, 76, 'Laon'),
(1854, 76, 'Peronne'),
(1855, 76, 'Nangis'),
(1856, 76, 'Argentan'),
(1857, 76, 'La Fleche'),
(1858, 76, 'Berck-sur-Mer'),
(1859, 76, 'Bagnoles-de-l\\''Orne'),
(1860, 76, 'Rethel'),
(1861, 76, 'Albert'),
(1862, 76, 'Montdidier'),
(1863, 76, 'Falaise'),
(1864, 76, 'Le Touquet-Paris-Plage'),
(1865, 76, 'Vauville'),
(1866, 76, 'Valenciennes'),
(1867, 76, 'Villerupt'),
(1868, 76, 'Mortagne-au-Perche'),
(1869, 76, 'Amiens'),
(1870, 76, 'Saint-Brieuc'),
(1871, 76, 'Agen'),
(1872, 76, 'Bordeaux'),
(1873, 76, 'Bergerac'),
(1874, 76, 'Cognac'),
(1875, 76, 'La Rochelle'),
(1876, 76, 'Poitiers'),
(1877, 76, 'Saint-Junien'),
(1878, 76, 'Montlucon '),
(1879, 76, 'Limoges'),
(1880, 76, 'Mont-de-Marsan'),
(1881, 76, 'Niort'),
(1882, 76, 'Toulouse'),
(1883, 76, 'Pyrenees'),
(1884, 76, 'Lherm'),
(1885, 76, 'Biscarrosse'),
(1886, 76, 'Tarbes'),
(1887, 76, 'Angouleme'),
(1888, 76, 'Brive'),
(1889, 76, 'Perigueux'),
(1890, 76, 'Dax'),
(1891, 76, 'Biarritz'),
(1892, 76, 'Chatellerault'),
(1893, 76, 'Bagneres-de-Luchon'),
(1894, 76, 'Cahors'),
(1895, 76, 'Andernos-les-Bains'),
(1896, 76, 'Gueret'),
(1897, 76, 'Figeac'),
(1898, 76, 'Saint-Girons'),
(1899, 76, 'Arcachon'),
(1900, 76, 'Albi'),
(1901, 76, 'Jonzac'),
(1902, 76, 'Mazamet'),
(1903, 76, 'Millau'),
(1904, 76, 'Nogaro'),
(1905, 76, 'Oloron'),
(1906, 76, 'Pons'),
(1907, 76, 'Graulhet'),
(1908, 76, 'Rodez'),
(1909, 76, 'Thouars'),
(1910, 76, 'Thalamy'),
(1911, 76, 'Villefranche-de-Rouergue'),
(1912, 76, 'Villeneuve-sur-Lot'),
(1913, 76, 'Castelsarrasin'),
(1914, 76, 'Royan'),
(1915, 76, 'Mimizan'),
(1916, 76, 'Aire-sur-l\\''Adour'),
(1917, 76, 'Montauban'),
(1918, 76, 'Montendre'),
(1919, 76, 'Egletons'),
(1920, 76, 'Sainte-Foy-la-Grande'),
(1921, 76, 'Gaillac'),
(1922, 76, 'Auch'),
(1923, 76, 'Libourne'),
(1924, 76, 'Pamiers'),
(1925, 76, 'Soulac-sur-Mer'),
(1926, 76, 'Loudun'),
(1927, 76, 'Marmande'),
(1928, 76, 'Rochefort'),
(1929, 76, 'Saint-Pierre d\\\\\\''Oleron'),
(1930, 76, 'Castelnau'),
(1931, 76, 'La Reole'),
(1932, 76, 'Sarlat'),
(1933, 76, 'Lesparre-Medoc'),
(1934, 76, 'Couhe'),
(1935, 76, 'Chauvigny'),
(1936, 76, 'Fumel'),
(1937, 76, 'Belle Ile'),
(1938, 76, 'Dinan'),
(1939, 76, 'Ouessant'),
(1940, 76, 'Pontivy'),
(1941, 76, 'Amboise'),
(1942, 76, 'Argenton-sur-Creuse'),
(1943, 76, 'Aubigny-sur-Nere'),
(1944, 76, 'Briare'),
(1945, 76, 'Chateauroux '),
(1946, 76, 'Issoudun'),
(1947, 76, 'Le Blanc'),
(1948, 76, 'Montargis'),
(1949, 76, 'Tours'),
(1950, 76, 'Saint-Malo'),
(1951, 76, 'Pouilly-en-Auxois'),
(1952, 76, 'Quiberon'),
(1953, 76, 'Redon'),
(1954, 76, 'Guiscriff'),
(1955, 76, 'Til Chatel '),
(1956, 76, 'Bar-le-Duc'),
(1957, 76, 'Gray'),
(1958, 76, 'Saulieu'),
(1959, 76, 'Nancy'),
(1960, 76, 'Ile d\\\\\\''Yeu'),
(1961, 76, 'Buno'),
(1962, 76, 'Mantes'),
(1963, 76, 'Saint-Andre-de-l\\\\\\''Eure'),
(1964, 76, 'Enghien'),
(1965, 76, 'La Ferte-Gaucher '),
(1966, 76, 'Chateau-Thierry'),
(1967, 76, 'Ancenis'),
(1968, 76, 'Joinville'),
(1969, 76, 'Fontenay-le-Comte'),
(1970, 76, 'Bailleau-Armenonville'),
(1971, 76, 'Lamotte-Beuvron'),
(1972, 76, ' Brienne-Le-Chateau'),
(1973, 76, 'Pithiviers'),
(1974, 76, ' La Ferte-Alais'),
(1975, 76, 'Bar-sur-Seine'),
(1976, 76, 'Neufchateau'),
(1977, 76, 'Chateauneuf-sur-Cher'),
(1978, 76, 'Vierzon'),
(1979, 76, 'Montaigu'),
(1980, 76, 'Tournus'),
(1981, 76, 'Etrepagny'),
(1982, 76, 'Sezanne'),
(1983, 76, 'Colmar'),
(1984, 76, 'Mulhouse'),
(1985, 76, 'Strasbourg'),
(1986, 76, 'Arbois'),
(1987, 76, 'Avallon'),
(1988, 76, 'Beaune'),
(1989, 76, 'Belfort'),
(1990, 76, 'Cosne-Cours-sur-Loire'),
(1991, 76, 'Dijon'),
(1992, 76, 'Dole'),
(1993, 76, 'Joigny'),
(1994, 76, 'Lons-le-Saunier'),
(1995, 76, 'Montceau-les-Mines'),
(1996, 76, 'Paray-le-Monial'),
(1997, 76, 'Pont-sur-Yonne'),
(1998, 76, 'Saint-Florentin'),
(1999, 76, 'Semur-en-Auxois'),
(2000, 76, 'Doncourt Les Conflans'),
(2001, 76, 'Longuyon'),
(2002, 76, 'Sarrebourg'),
(2003, 76, 'Sarreguemines'),
(2004, 76, 'Thionville'),
(2005, 76, 'Verdun'),
(2006, 76, 'Champagnole'),
(2007, 76, 'Saint-Die'),
(2008, 76, 'Nuits-Saint-Georges'),
(2009, 76, 'Issoire'),
(2010, 76, 'Perouges'),
(2011, 76, 'Pierrelatte'),
(2012, 76, 'Romans-sur-Isere'),
(2013, 76, 'Ruoms'),
(2014, 76, 'Saint-Chamond'),
(2015, 76, 'Vienne'),
(2016, 76, 'Morestel'),
(2017, 76, 'Lyon'),
(2018, 76, 'Langogne'),
(2019, 76, 'Megeve'),
(2020, 76, 'Bellegarde'),
(2021, 76, 'Aubenas'),
(2022, 76, 'Le Puy-en-Velay'),
(2023, 76, 'Saint-Flour'),
(2024, 76, 'Brioude'),
(2025, 76, 'Bourg-en-Bresse'),
(2026, 76, 'Ambert'),
(2027, 76, 'L\\''Alpe d\\''Huez'),
(2028, 76, 'Tarare'),
(2029, 76, 'Rhone'),
(2030, 76, 'Lapalisse'),
(2031, 76, 'Moulins'),
(2032, 76, 'Sallanches'),
(2033, 76, 'Belves'),
(2034, 76, 'Condom'),
(2035, 76, 'Saint-Affrique'),
(2036, 76, 'Cassagnes-Begonhes'),
(2037, 76, 'Chalais'),
(2038, 76, 'Riberac'),
(2039, 76, 'Rion-des-Landes'),
(2040, 76, 'Saint-Gaudens'),
(2041, 76, 'Toulouse-Montaudran'),
(2042, 76, 'Peyresourde'),
(2043, 76, 'Revel'),
(2044, 76, 'Saint-Inglevert'),
(2045, 76, 'Vendays-Montalivet'),
(2046, 76, 'Itxassou'),
(2047, 76, 'Saint Jean d\\\\\\''Angely'),
(2048, 76, 'Chaumont'),
(2049, 76, 'Mauleon'),
(2050, 76, 'Clamecy'),
(2051, 76, 'Corlier'),
(2052, 76, 'La Motte-Chalancon'),
(2053, 76, 'Aubenasson'),
(2054, 76, 'Cazeres'),
(2055, 76, 'Marennes'),
(2056, 76, 'Metz'),
(2057, 76, 'Angers'),
(2058, 76, 'Soissons'),
(2059, 76, 'Lurcy'),
(2060, 76, 'Albertville'),
(2061, 76, 'Bastia'),
(2062, 76, 'Calvi'),
(2063, 76, 'Sollieres-Sardieres'),
(2064, 76, 'Saint-Jean-en-Royans'),
(2065, 76, 'Figari'),
(2066, 76, 'Ghisonaccia'),
(2067, 76, 'Saint-Jean-d\\''Avelanne'),
(2068, 76, 'Ajaccio'),
(2069, 76, 'Saint-Galmier'),
(2070, 76, 'Propriano'),
(2071, 76, 'La Tour-du-Pin'),
(2072, 76, 'Saint-Remy-de-Maurienne'),
(2073, 76, 'Solenzara'),
(2074, 76, 'Corte'),
(2075, 76, 'Meribel '),
(2076, 76, 'Belley'),
(2077, 76, 'Saint-Claude'),
(2078, 76, 'Auxerre'),
(2079, 76, 'Aix-les-Bains'),
(2080, 76, 'Clermont-Ferrand'),
(2081, 76, 'Bourges'),
(2082, 76, 'Chambery '),
(2083, 76, 'Grenoble'),
(2084, 76, 'Chalon'),
(2085, 76, 'Annemasse'),
(2086, 76, 'Courchevel'),
(2087, 76, 'Oyonnax'),
(2088, 76, 'Macon'),
(2089, 76, 'Saint-Yan'),
(2090, 76, 'Roanne'),
(2091, 76, 'Annecy'),
(2092, 76, 'Montelimar'),
(2093, 76, 'Saint-Rambert-d\\''Albon'),
(2094, 76, 'Valence'),
(2095, 76, 'Vichy'),
(2096, 76, 'Aurillac'),
(2097, 76, 'Deols'),
(2098, 76, 'Feurs'),
(2099, 76, 'Aix-les-Milles'),
(2100, 76, 'Le Luc'),
(2101, 76, 'Cannes'),
(2102, 76, ' Nimes'),
(2103, 76, 'Fayence'),
(2104, 76, 'La Montagne Noire'),
(2105, 76, 'Saint Etienne'),
(2106, 76, 'Istres'),
(2107, 76, 'Carcassonne'),
(2108, 76, 'Marseille'),
(2109, 76, 'Aix-en-Provence'),
(2110, 76, 'Nice'),
(2111, 76, 'Orange'),
(2112, 76, 'Perpignan'),
(2113, 76, 'Le Castellet'),
(2114, 76, 'Barcelonnette'),
(2115, 76, 'Ales'),
(2116, 76, 'Montpellier'),
(2117, 76, 'Beziers'),
(2118, 76, 'Avignon'),
(2119, 76, 'Castelnaudary'),
(2120, 76, 'Chateau-Arnoux'),
(2121, 76, 'Lezignan-Corbieres'),
(2122, 76, 'Gap'),
(2123, 76, 'Mende'),
(2124, 76, 'Mont-Dauphin'),
(2125, 76, 'Pont-Saint-Esprit'),
(2126, 76, 'Salon'),
(2127, 76, 'Vinon'),
(2128, 76, 'Carpentras'),
(2129, 76, 'Aspres-sur-Buech'),
(2130, 76, 'Saint-Martin-de-Londres'),
(2131, 76, 'Florac'),
(2132, 76, 'Pezenas'),
(2133, 76, 'Mont-Louis'),
(2134, 76, 'Berre'),
(2135, 76, 'Sisteron'),
(2136, 76, 'Uzes'),
(2137, 76, 'Valreas'),
(2138, 76, 'Puivert'),
(2139, 76, 'Bedarieux'),
(2140, 76, 'Le Mazet'),
(2141, 76, 'Beauvais'),
(2142, 76, 'Chateaudun'),
(2143, 76, 'Saumur'),
(2144, 76, 'Evreux'),
(2145, 76, 'Aleneon'),
(2146, 76, 'Flers'),
(2147, 76, 'Le Havre'),
(2148, 76, 'Abbeville'),
(2149, 76, 'Orleans'),
(2150, 76, 'Chalons-en-Champagne'),
(2151, 76, 'L\\''Aigle'),
(2152, 76, 'Lessay'),
(2153, 76, 'Dreux'),
(2154, 76, 'Les Sables-d\\''Olonne'),
(2155, 76, 'Rouen'),
(2156, 76, 'Blois'),
(2157, 76, 'Chartres'),
(2158, 76, 'Saint-Valery'),
(2159, 76, 'Cholet'),
(2160, 76, 'Laval'),
(2161, 76, 'Saint-Quentin'),
(2162, 76, 'Etampes'),
(2163, 76, 'Beaumont'),
(2164, 76, 'Paris'),
(2165, 76, 'Creil'),
(2166, 76, 'Eure'),
(2167, 76, 'Meaux'),
(2168, 76, 'Beynes'),
(2169, 76, 'Chelles'),
(2170, 76, 'Coulommiers'),
(2171, 76, 'Lognes'),
(2172, 76, 'Melun'),
(2173, 76, 'Toussus-le-Noble'),
(2174, 76, 'Orly (near Paris)'),
(2175, 76, 'Le Plessis-Belleville'),
(2176, 76, 'Fontenay Tresigny'),
(2177, 76, 'Pontoise'),
(2178, 76, 'Moret-sur-Loing'),
(2179, 76, 'Villacoublay'),
(2180, 76, 'Chavenay'),
(2181, 76, 'Bretigny-sur-Orge'),
(2182, 76, 'Saint Cyr l\\\\\\''Ecole'),
(2183, 76, 'Reims'),
(2184, 76, 'Troyes'),
(2185, 76, 'Luneville'),
(2186, 76, 'Arras'),
(2187, 76, 'Autun'),
(2188, 76, 'Nevers'),
(2189, 76, ' Chatillon sur Seine'),
(2190, 76, 'Cambrai');
INSERT INTO `states` (`state_id`, `country_id`, `state_name`) VALUES
(2191, 76, 'Maubeuge'),
(2192, 76, 'Lens'),
(2193, 76, 'Besancon'),
(2194, 76, 'Saint-Omer'),
(2195, 76, 'Lille'),
(2196, 76, 'Romilly-sur-Seine'),
(2197, 76, 'Vitry-en-Artois'),
(2198, 76, 'Merville / Hazebrouck'),
(2199, 76, 'Sarre-Union'),
(2200, 76, 'Charleville-Mezieres '),
(2201, 76, 'Vesoul'),
(2202, 76, 'Juvancourt'),
(2203, 76, 'Saverne'),
(2204, 76, 'Dieuze'),
(2205, 76, 'Brest'),
(2206, 76, 'Cherbourg'),
(2207, 76, 'Dinard'),
(2208, 76, 'La Baule-Escoublac'),
(2209, 76, 'Granville'),
(2210, 76, 'Deauville'),
(2211, 76, 'Lorient'),
(2212, 76, 'La Roche-sur-Yon'),
(2213, 76, 'Landivisiau'),
(2214, 76, 'Caen'),
(2215, 76, 'Le Mans'),
(2216, 76, 'Rennes'),
(2217, 76, 'Lannion'),
(2218, 76, 'Ploermel '),
(2219, 76, 'Quimper'),
(2220, 76, 'Nantes'),
(2221, 76, 'Morlaix'),
(2222, 76, 'Vannes'),
(2223, 76, 'Avranches'),
(2224, 76, 'Saint-Nazaire'),
(2225, 76, 'Basel (Switzerland) / Mulhouse'),
(2226, 76, 'Epinal'),
(2227, 76, 'Haguenau'),
(2228, 76, 'Sedan'),
(2229, 76, 'Vitry-le-Francois '),
(2230, 76, 'Montbeliard'),
(2231, 76, 'Pontarlier'),
(2232, 76, 'Langres'),
(2233, 76, 'Pont-Saint-Vincent'),
(2234, 76, 'Epernay'),
(2235, 76, 'Vittel'),
(2236, 76, 'Marignane'),
(2237, 76, 'Cuers'),
(2238, 76, 'Toulon'),
(2239, 76, 'Serres-la-Batie'),
(2240, 76, 'La Grand\\''Combe'),
(2241, 76, 'Puimoisson'),
(2242, 76, 'Chateaubriant'),
(2243, 76, 'Saint-Mandrier-sur-Mer'),
(2244, 76, 'Frejus'),
(2245, 76, 'La Mole'),
(2246, 76, 'Amberieu-en-Bugey'),
(2247, 76, 'Saintes'),
(2248, 76, 'Mourmelon'),
(2249, 76, 'Narbonne'),
(2250, 76, 'Les Mureaux'),
(2251, 76, 'Romorantin'),
(2252, 76, 'Sainte-Leocadie'),
(2253, 184, 'Miquelon'),
(2254, 184, 'Saint-Pierre'),
(2255, 86, 'Agrinion'),
(2256, 86, 'Alexandroupolis'),
(2257, 86, 'Andravida'),
(2258, 86, 'Athens (Athina)'),
(2259, 86, 'Thessaly'),
(2260, 86, 'Athens'),
(2261, 86, 'Chios'),
(2262, 86, 'Ikaria'),
(2263, 86, 'Ioannina'),
(2264, 86, 'Kastoria'),
(2265, 86, 'Kythira (Kithira)'),
(2266, 86, 'Kefalonia (Kefallinia, Cephallonia)'),
(2267, 86, 'Kastelorizo'),
(2268, 86, 'Kalamata'),
(2269, 86, 'Marathon'),
(2270, 86, 'Kos'),
(2271, 86, 'Karpathos'),
(2272, 86, 'Corfu (Kerkyra, Kerkira)'),
(2273, 86, 'Kasos (Kassos)'),
(2274, 86, 'Kavala'),
(2275, 86, 'Kozani'),
(2276, 86, 'Lemnos (Limnos)'),
(2277, 86, 'Mykonos (Mikonos)'),
(2278, 86, 'Milos'),
(2279, 86, 'Lesbos'),
(2280, 86, 'Naxos'),
(2281, 86, 'Paros'),
(2282, 86, 'Astypalaia'),
(2283, 86, 'Preveza'),
(2284, 86, 'Rhodes (Rhodos, Rodos)'),
(2285, 86, 'Araxos'),
(2286, 86, 'Skiathos'),
(2287, 86, 'Samos'),
(2288, 86, 'Syros (Siros)'),
(2289, 86, 'Laconia'),
(2290, 86, 'Santorini (Thira)'),
(2291, 86, 'Skyros (Skiros)'),
(2292, 86, 'Thessaloniki'),
(2293, 86, 'Decelea'),
(2294, 86, 'Zakynthos (Zakinthos)'),
(2295, 99, 'Budapest'),
(2296, 99, 'Budaors'),
(2297, 99, 'Debrecen'),
(2298, 99, 'Dunakeszi'),
(2299, 99, 'Dunaujvaros'),
(2300, 99, 'Ersekcsanad'),
(2301, 99, 'Esztergom'),
(2302, 99, 'Fertoszentmiklos'),
(2303, 99, 'Kecskemet'),
(2304, 99, 'Nyiregyhaza'),
(2305, 99, 'Ocseny'),
(2306, 99, 'Papa'),
(2307, 99, 'Pecs'),
(2308, 99, 'Per'),
(2309, 99, 'Szentkiralyszabadja'),
(2310, 99, 'Sarmellek'),
(2311, 99, 'Szolnok'),
(2312, 99, 'Szegvar'),
(2313, 99, 'Tasza'),
(2314, 99, 'Tokol'),
(2315, 99, 'Szeged'),
(2316, 107, 'Foligno'),
(2317, 107, 'L\\''Aquila'),
(2318, 107, 'Pisa'),
(2319, 107, 'Capua'),
(2320, 107, 'Foggia'),
(2321, 107, 'Crotone'),
(2322, 107, 'Bari'),
(2323, 107, 'Taranto'),
(2324, 107, 'Lecce'),
(2325, 107, 'Pescara'),
(2326, 107, 'Brindisi'),
(2327, 107, 'Catanzaro'),
(2328, 107, 'Comiso'),
(2329, 107, 'Catania'),
(2330, 107, 'Lampedusa'),
(2331, 107, 'Trapani'),
(2332, 107, 'Palermo / Punta Raisi'),
(2333, 107, 'Palermo'),
(2334, 107, 'Reggio Calabria'),
(2335, 107, 'Vicenza'),
(2336, 107, 'Belluno'),
(2337, 107, 'Reggio Emilia'),
(2338, 107, 'Pesaro & Urbino'),
(2339, 107, 'Ravenna'),
(2340, 107, 'Trento'),
(2341, 107, 'Carpi'),
(2342, 107, 'Sassari'),
(2343, 107, 'Cagliari'),
(2344, 107, 'Olbia'),
(2345, 107, 'Oristano'),
(2346, 107, 'Tortola'),
(2347, 107, 'Biella'),
(2348, 107, 'Varese'),
(2349, 107, 'Pavia'),
(2350, 107, 'Cremona'),
(2351, 107, 'Turin (Torino)'),
(2352, 107, 'Milan'),
(2353, 107, 'Bergamo'),
(2354, 107, 'Savona'),
(2355, 107, 'Genoa (Genova)'),
(2356, 107, 'Novara'),
(2357, 107, 'Parma'),
(2358, 107, 'Piacenza'),
(2359, 107, 'Aosta'),
(2360, 107, 'Cuneo'),
(2361, 107, 'Pordenone'),
(2362, 107, 'South Tyrol'),
(2363, 107, 'Campoformido / Udine'),
(2364, 107, 'Bologna'),
(2365, 107, 'Ferrara'),
(2366, 107, 'Treviso'),
(2367, 107, 'Rivolto / Udine'),
(2368, 107, 'Forli'),
(2369, 107, 'Brescia'),
(2370, 107, 'Modena'),
(2371, 107, 'Verona'),
(2372, 107, 'Ronchi dei Legionari / Trieste'),
(2373, 107, 'Rimini'),
(2374, 107, 'Padua (Padova)'),
(2375, 107, 'Venice (Venezia)'),
(2376, 107, 'Ancona'),
(2377, 107, 'Arezzo'),
(2378, 107, 'Lucca'),
(2379, 107, 'Siena'),
(2380, 107, 'Genoa'),
(2381, 107, 'Rome'),
(2382, 107, 'Salerno'),
(2383, 107, 'Elba'),
(2384, 107, 'Latina'),
(2385, 107, 'Caserta'),
(2386, 107, 'Naples'),
(2387, 107, 'Florence (Firenze)'),
(2388, 107, 'Grosseto'),
(2389, 107, 'Viterbo'),
(2390, 107, 'Perugia'),
(2391, 107, ' Ajdovscina'),
(2392, 196, 'Lesce'),
(2393, 196, 'Bovec'),
(2394, 196, 'Brezice'),
(2395, 196, 'Celje (Levec)'),
(2396, 196, 'Ljubljana'),
(2397, 196, 'Maribor'),
(2398, 196, 'Murska Sobota (Rakican)'),
(2399, 196, 'Novo Mesto (Precna)'),
(2400, 196, 'Postojna'),
(2401, 196, 'Ptuj (Moskanjci)'),
(2402, 196, 'Portoroz'),
(2403, 196, 'Slovenj Gradec'),
(2404, 196, 'Velenje '),
(2405, 59, 'Breclav'),
(2406, 59, 'Benesov'),
(2407, 59, 'Broumov'),
(2408, 59, 'Bubovice'),
(2409, 59, 'Cheb'),
(2410, 59, 'Ceska Lipa'),
(2411, 59, 'Chomutov'),
(2412, 59, 'Medlanky'),
(2413, 59, 'Ceske Budejovice'),
(2414, 59, 'Chotebor'),
(2415, 59, 'Dvur Kralove  nad Labem'),
(2416, 59, 'Havlickuv Brod'),
(2417, 59, 'Horice'),
(2418, 59, 'Hodkovice nad Mohelkou'),
(2419, 59, 'Hranice'),
(2420, 59, 'Holesov'),
(2421, 59, 'Jaromer'),
(2422, 59, 'Jicin'),
(2423, 59, 'Jindrichuv Hradec'),
(2424, 59, 'Jihlava'),
(2425, 59, 'Praha'),
(2426, 59, 'Kladno'),
(2427, 59, 'Kolin'),
(2428, 59, 'Krnov'),
(2429, 59, 'Krizanov'),
(2430, 59, 'Klatovy'),
(2431, 59, 'Kunovice'),
(2432, 59, 'Karlovy Vary'),
(2433, 59, 'Kyjov'),
(2434, 59, 'Let&#328;any'),
(2435, 59, 'Mlada Boleslav'),
(2436, 59, 'Mnichovo Hradiste'),
(2437, 59, 'Mikulovice'),
(2438, 59, 'Moravska Trebova'),
(2439, 59, 'Most'),
(2440, 59, 'Marianske Lazne'),
(2441, 59, 'Ostrava'),
(2442, 59, 'Nove Mesto nad Metuji'),
(2443, 59, 'Olomouc'),
(2444, 59, 'Otrokovice'),
(2445, 59, 'Policka'),
(2446, 59, 'Pardubice'),
(2447, 59, 'P&#345;ibyslav'),
(2448, 59, 'Letkov'),
(2449, 59, 'Pribram'),
(2450, 59, 'Podhorany'),
(2451, 59, 'Prerov'),
(2452, 59, 'Prague'),
(2453, 59, 'Plasy'),
(2454, 59, 'Rana u Loun'),
(2455, 59, 'Rakovnik'),
(2456, 59, 'Roudnice'),
(2457, 59, 'Sta&#328;kov'),
(2458, 59, 'Skutec'),
(2459, 59, 'Slana'),
(2460, 59, 'Sobeslav'),
(2461, 59, 'Strunkovice'),
(2462, 59, 'Strakonice'),
(2463, 59, 'A umperk'),
(2464, 59, 'Sazena'),
(2465, 59, 'Tabor'),
(2466, 59, 'Brno'),
(2467, 59, 'Tocna'),
(2468, 59, 'Touzim'),
(2469, 59, 'Usti nad Orlici'),
(2470, 59, 'Vlasim'),
(2471, 59, 'Vysoke Myto'),
(2472, 59, 'Vodochody'),
(2473, 59, 'Velke Porici '),
(2474, 59, 'Vrchlabi'),
(2475, 59, 'Vyskov'),
(2476, 59, 'Zabreh'),
(2477, 59, 'Zbraslavice'),
(2478, 106, 'Lod / Tel Aviv'),
(2479, 106, 'Beersheba (Be\\''er Sheva)'),
(2480, 106, 'Tel Nof (Tel Nov)'),
(2481, 106, 'Ein Shemer (Eyn-Shemer)'),
(2482, 106, 'Eilat'),
(2483, 106, 'Ein Yahav (Eyn-Yahav)'),
(2484, 106, 'Fiq, Golan Heights'),
(2485, 106, 'Haifa'),
(2486, 106, 'Hatzor'),
(2487, 106, 'Herzliya (Herzlia)'),
(2488, 106, 'Rosh-Pina'),
(2489, 106, 'Jerusalem (currently closed)'),
(2490, 106, 'Qiryat Shemona (Kiryat-Shmona)'),
(2491, 106, 'Megiddo (Meggido)'),
(2492, 106, 'Mitzpe Ramon'),
(2493, 106, 'Masada'),
(2494, 106, 'Nevatim'),
(2495, 106, 'Negev'),
(2496, 106, 'Megiddo'),
(2497, 106, 'Tel Aviv'),
(2498, 106, 'Yotvata'),
(2499, 134, 'Luqa'),
(2500, 143, 'Monte Carlo'),
(2501, 15, 'Lower Austria'),
(2502, 15, 'Carinthia'),
(2503, 15, 'Upper Austria'),
(2504, 15, 'Styria'),
(2505, 15, 'Tyrol'),
(2506, 15, 'Salzburg'),
(2507, 15, 'Graz'),
(2508, 15, 'Linz'),
(2509, 15, 'Vienna'),
(2510, 174, 'Vila Franca de Xira'),
(2511, 174, 'Aveiro'),
(2512, 174, 'Braganca'),
(2513, 174, 'Beja'),
(2514, 174, 'Braga'),
(2515, 174, 'Chaves'),
(2516, 174, 'Coimbra'),
(2517, 174, 'Sintra Coast / Greater Lisbon'),
(2518, 174, 'Castelo Branco'),
(2519, 174, 'Alentejo Central'),
(2520, 174, 'Faro'),
(2521, 174, 'Paramos / Silvalde/Espinho'),
(2522, 174, 'Braganca'),
(2523, 174, 'Idanha-a-Nova'),
(2524, 174, 'Mirandela'),
(2525, 174, 'Ponte de Sor'),
(2526, 174, 'Leiria'),
(2527, 174, 'Montijo'),
(2528, 174, 'Mogadouro'),
(2529, 174, 'Alenquer'),
(2530, 174, 'Ovar'),
(2531, 174, 'Porto'),
(2532, 174, 'Lisbon'),
(2533, 174, 'Torres Vedras'),
(2534, 174, 'Setubal'),
(2535, 174, 'Santarem'),
(2536, 174, 'Sintra'),
(2537, 174, 'Medio Tejo'),
(2538, 174, 'Maia'),
(2539, 174, 'Loule  TERMINATED'),
(2540, 174, 'Vila Real / Alto Douro'),
(2541, 174, 'Viseu '),
(2542, 174, 'Santa Maria Island / Vila do Porto'),
(2543, 174, 'Corvo Island / Vila do Corvo'),
(2544, 174, 'Flores Island / Santa Cruz das Flores'),
(2545, 174, 'Graciosa Island / Santa Cruz da Graciosa'),
(2546, 174, 'Faial Island'),
(2547, 174, 'Azores'),
(2548, 174, 'Sao Miguel Island'),
(2549, 174, 'Pico Island '),
(2550, 174, 'Sao Jorge Island /Velas'),
(2551, 174, 'Madeira Island (Santa Cruz) /Funchal area '),
(2552, 174, 'Porto Santo Island / Vila Baleira '),
(2553, 28, 'Bihac'),
(2554, 28, 'Banja Luka'),
(2555, 28, 'Sarajevo'),
(2556, 28, 'Coralici'),
(2557, 28, 'Glamoc'),
(2558, 28, 'Tuzla'),
(2559, 28, 'Kupres'),
(2560, 28, 'Livno'),
(2561, 28, 'Mostar'),
(2562, 28, 'Prijedor'),
(2563, 28, 'Tomislavgrad'),
(2564, 28, 'Novi Travnik'),
(2565, 28, 'Visoko'),
(2566, 178, 'Arad'),
(2567, 178, 'Bacau'),
(2568, 178, 'Brasov'),
(2569, 178, 'Baia Mare'),
(2570, 178, 'Bucharest'),
(2571, 178, 'Constanta'),
(2572, 178, 'Cluj-Napoca'),
(2573, 178, 'Resita'),
(2574, 178, 'Craiova'),
(2575, 178, 'Ia&#351;i'),
(2576, 178, 'Oradea'),
(2577, 178, 'Sibiu'),
(2578, 178, 'Satu Mare'),
(2579, 178, 'Suceava'),
(2580, 178, 'Tulcea'),
(2581, 178, 'Targu-Mures'),
(2582, 178, 'Timi&#351;oara'),
(2583, 206, 'Raron'),
(2584, 208, 'Zermatt'),
(2585, 208, 'Bex'),
(2586, 208, 'La Chaux-de-Fonds'),
(2587, 208, 'Ecuvillens'),
(2588, 208, 'Geneva'),
(2589, 208, 'Saanen'),
(2590, 208, 'Lausanne / Blecherette'),
(2591, 208, 'Neuchatel'),
(2592, 208, 'La Cote '),
(2593, 208, 'Reichenbach'),
(2594, 208, 'Sion (ICAO code applies to civilian airport)'),
(2595, 208, 'Gruyere'),
(2596, 208, 'Yverdon-les-Bains'),
(2597, 208, 'Collombey-Muraz'),
(2598, 208, 'Gampel'),
(2599, 208, 'Alpnach (military)'),
(2600, 208, 'Dubendorf(military)'),
(2601, 208, 'Emmen (military)'),
(2602, 208, 'Mollis'),
(2603, 208, 'Meiringen (military)'),
(2604, 208, 'Payerne (military)'),
(2605, 208, 'Sion (military)'),
(2606, 208, 'Amlikon'),
(2607, 208, 'Dittingen'),
(2608, 208, 'Schaffhausen'),
(2609, 208, 'Kagiswil'),
(2610, 208, 'Winterthur'),
(2611, 208, 'Hasenstrick'),
(2612, 208, 'Langenthal'),
(2613, 208, 'Ambri'),
(2614, 208, 'Triengen'),
(2615, 208, 'Olten'),
(2616, 208, 'Wangen-Lachen'),
(2617, 208, 'Canton of Fribourg'),
(2618, 208, 'Matiers'),
(2619, 208, 'Montricher'),
(2620, 208, 'St. Stephan'),
(2621, 208, 'Balzers'),
(2622, 208, 'Gsteigwiler'),
(2623, 208, 'Interlaken'),
(2624, 208, 'Benken'),
(2625, 208, 'Lauterbrunnen'),
(2626, 208, 'Trogen'),
(2627, 208, 'Schindellegi'),
(2628, 208, 'Untervaz'),
(2629, 208, 'Wurenlingen'),
(2630, 208, 'Leysin'),
(2631, 208, 'Lugano / Agno'),
(2632, 208, 'Berne / Belp'),
(2633, 208, 'Buochs'),
(2634, 208, 'Ascona'),
(2635, 208, 'Bad Ragaz'),
(2636, 208, 'Birrfeld'),
(2637, 208, 'Grenchen'),
(2638, 208, ' Zurich / Kloten'),
(2639, 208, 'Fricktal-Schupfart'),
(2640, 208, 'Courtelary'),
(2641, 208, 'Speck-Fehraltorf'),
(2642, 208, 'Locarno'),
(2643, 208, 'Hausen am Albis'),
(2644, 208, 'Luzern-Beromunster'),
(2645, 208, 'Biel-Kappelen'),
(2646, 208, 'St. Gallen / Altenrhein'),
(2647, 208, 'Samedan'),
(2648, 208, 'Lommis'),
(2649, 208, 'Buttwil'),
(2650, 208, 'Sitterdorf'),
(2651, 208, 'Thun'),
(2652, 208, 'Schanis'),
(2653, 208, 'Porrentruy'),
(2654, 208, 'Mulhouse (France) and Freiburg (Germany)'),
(2655, 219, 'Ankara'),
(2656, 219, 'Adana'),
(2657, 219, 'Afyonkarahisar'),
(2658, 219, 'Antalya'),
(2659, 219, 'Gaziantep'),
(2660, 219, 'Hatay'),
(2661, 219, 'Kastamonu'),
(2662, 219, 'Kayseri'),
(2663, 219, 'Konya'),
(2664, 219, 'Malatya'),
(2665, 219, 'Amasya'),
(2666, 219, 'Samsun'),
(2667, 219, 'Sivas'),
(2668, 219, 'Zonguldak'),
(2669, 219, 'Eski&#351;ehir'),
(2670, 219, 'Tokat'),
(2671, 219, 'Denizli'),
(2672, 219, 'Nev&#351;ehir'),
(2673, 219, 'Istanbul'),
(2674, 219, 'Manisa'),
(2675, 219, 'Ayd&#305;n'),
(2676, 219, 'Bursa'),
(2677, 219, 'Bal&#305;kesir'),
(2678, 219, 'Canakkale'),
(2679, 219, '&#304;zmir'),
(2680, 219, 'Isparta'),
(2681, 219, 'Kutahya'),
(2682, 219, 'Usak'),
(2683, 219, 'Yalova'),
(2684, 219, 'Kocaeli'),
(2685, 219, 'Mugla'),
(2686, 219, 'Tekirdag'),
(2687, 219, 'Bodrum'),
(2688, 219, 'Istanbu'),
(2689, 219, 'ElazÄ±g'),
(2690, 219, 'AgrÄ±'),
(2691, 219, 'Diyarbak&#305;r'),
(2692, 219, 'Erzincan'),
(2693, 219, 'Erzurum'),
(2694, 219, 'Kars'),
(2695, 219, 'Trabzon'),
(2696, 219, 'SanlÄ±urfa'),
(2697, 219, 'Van'),
(2698, 219, 'Batman'),
(2699, 219, 'Mus'),
(2700, 219, 'Siirt'),
(2701, 219, 'Sinop'),
(2702, 219, 'Kahramanmaras'),
(2703, 219, 'Ad&#305;yaman'),
(2704, 219, 'Mardin'),
(2705, 142, 'Balti'),
(2706, 142, 'Marculesti'),
(2707, 142, 'Cahul'),
(2708, 142, 'Chadyr Lunga'),
(2709, 142, 'Camenca'),
(2710, 142, 'Chisinau'),
(2711, 142, 'Soroca'),
(2712, 142, 'Tighina'),
(2713, 142, 'Tiraspol'),
(2714, 166, 'Rafah'),
(2715, 128, 'Ohrid'),
(2716, 128, 'Skopje'),
(2717, 85, 'Gibraltar'),
(2718, 191, 'Belgrade'),
(2719, 191, 'Batajnica / Belgrade'),
(2720, 191, 'Kraljevo'),
(2721, 191, 'Nis'),
(2722, 191, 'Novi Sad'),
(2723, 191, 'Trstenik'),
(2724, 191, 'Uzice'),
(2725, 191, 'Vrsac'),
(2726, 191, 'Zrenjanin'),
(2727, 191, 'Montenegro'),
(2728, 195, 'Bratislava'),
(2729, 195, 'Kosice'),
(2730, 195, 'Martin'),
(2731, 195, 'Malacky'),
(2732, 195, ' Zilina'),
(2733, 195, 'Nitra'),
(2734, 195, 'Nove Zamky'),
(2735, 195, 'PiesÅ¥any '),
(2736, 195, 'Senica'),
(2737, 195, 'Sliac'),
(2738, 195, 'Surany'),
(2739, 195, 'Trencin'),
(2740, 195, 'Trnava'),
(2741, 195, 'Poprad'),
(2742, 221, 'Ambergris Cay'),
(2743, 221, 'Grand Turk Island'),
(2744, 221, 'Middle Caicos'),
(2745, 221, 'North Caicos'),
(2746, 221, 'Pine Cay'),
(2747, 221, 'Providenciales'),
(2748, 221, 'South Caicos'),
(2749, 221, 'Salt Cay'),
(2750, 63, 'Samana'),
(2751, 63, 'Barahona'),
(2752, 63, 'Pedernales'),
(2753, 63, 'Constanza'),
(2754, 63, 'Santo Domingo'),
(2755, 63, 'La Romana'),
(2756, 63, 'Punta Cana / Higuey'),
(2757, 63, 'Puerto Plata'),
(2758, 63, 'Sabana de la Mar'),
(2759, 63, 'Punta Caucedo (near Santo Domingo)'),
(2760, 63, 'San Isidro'),
(2761, 63, 'San Juan de la Maguana'),
(2762, 63, 'Santiago'),
(2763, 91, 'Izabal'),
(2764, 91, 'Alta Verapaz'),
(2765, 91, 'El Peten'),
(2766, 91, 'Quetzaltenango'),
(2767, 91, 'Chiquimula'),
(2768, 91, 'Guatemala'),
(2769, 91, 'Huehuetenango'),
(2770, 91, 'San Marcos'),
(2771, 91, 'El Quiche'),
(2772, 91, 'Retalhuleu'),
(2773, 91, 'Escuintla'),
(2774, 91, 'Zacapa'),
(2775, 91, 'Amapala'),
(2776, 97, 'Catacamas'),
(2777, 97, 'Cenamer'),
(2778, 97, 'Comayagua'),
(2779, 97, 'Choluteca'),
(2780, 97, 'Puerto Castilla'),
(2781, 97, 'Mocoron'),
(2782, 97, 'Isla del Cisne'),
(2783, 97, 'Juticalpa'),
(2784, 97, 'La Ceiba'),
(2785, 97, 'La Esperanza'),
(2786, 97, 'La Mesa '),
(2787, 97, 'Marcala'),
(2788, 97, 'Guanaja'),
(2789, 97, 'Nuevo Ocotepeque'),
(2790, 97, 'Olanchito'),
(2791, 97, 'El Progreso'),
(2792, 97, 'Puerto Lempira'),
(2793, 97, 'Puerto Cortes'),
(2794, 97, 'Roatan'),
(2795, 97, 'Ruinas de Copan'),
(2796, 97, 'Santa Barbara '),
(2797, 97, 'Comayagua '),
(2798, 97, 'Santa Rosa de Copan'),
(2799, 97, 'Tegucigalpa'),
(2800, 97, 'Trujillo'),
(2801, 97, 'Tela (MHTE)'),
(2802, 97, 'Utila'),
(2803, 97, 'Yoro'),
(2804, 108, 'Ocho Rios'),
(2805, 108, 'Kingston'),
(2806, 108, 'Montego Bay'),
(2807, 108, 'Port Antonio'),
(2808, 108, 'Negril'),
(2809, 140, 'Guerrero'),
(2810, 140, 'Nuevo Leon'),
(2811, 140, 'Aguascalientes'),
(2812, 140, 'Oaxaca'),
(2813, 140, 'Morelos'),
(2814, 140, 'Coahuila'),
(2815, 140, 'Campeche'),
(2816, 140, 'Sinaloa'),
(2817, 140, 'Quintana Roo'),
(2818, 140, 'Sonora'),
(2819, 140, 'Chihuahua'),
(2820, 140, 'Yucatan'),
(2821, 140, 'Tamaulipas'),
(2822, 140, 'Guanajuato'),
(2823, 140, 'Durango'),
(2824, 140, 'Nayarit'),
(2825, 140, 'Baja California'),
(2826, 140, 'Jalisco'),
(2827, 140, 'Baja California Sur'),
(2828, 140, 'Colima'),
(2829, 140, 'Veracruz'),
(2830, 140, 'Michoacan'),
(2831, 140, 'Distrito Federal'),
(2832, 140, 'Puebla'),
(2833, 140, 'Queretaro'),
(2834, 140, 'Chiapas'),
(2835, 140, 'San Luis Potosi'),
(2836, 140, 'Estado de Mexico '),
(2837, 140, 'Tabasco'),
(2838, 140, 'Zacatecas'),
(2839, 156, 'RAAN (Zelaya)'),
(2840, 156, 'Boaco'),
(2841, 156, 'RAAS (Zelaya)'),
(2842, 156, 'Managua'),
(2843, 156, 'Chinandega'),
(2844, 156, 'Esteli'),
(2845, 156, 'Chontales'),
(2846, 156, 'Jinotega'),
(2847, 156, 'Rivas'),
(2848, 156, 'Rio San Juan'),
(2849, 167, 'Bocas del Toro'),
(2850, 167, 'Chitre'),
(2851, 167, 'Changuinola'),
(2852, 167, 'David'),
(2853, 167, 'Colon'),
(2854, 167, 'Fuerte Sherman'),
(2855, 167, 'Balboa'),
(2856, 167, 'Jaque'),
(2857, 167, 'Panama City'),
(2858, 167, 'Los Santos'),
(2859, 167, 'Puerto Obaldia'),
(2860, 167, 'Rio Hato'),
(2861, 167, 'El Porvenir'),
(2862, 167, 'Wannukandi'),
(2863, 54, 'La Fortuna'),
(2864, 54, 'Tortuguero'),
(2865, 54, 'Buenos Aires'),
(2866, 54, 'Barra del Colorado'),
(2867, 54, 'Canas'),
(2868, 54, 'Coto 47'),
(2869, 54, 'Chacarita'),
(2870, 54, 'Carrillo'),
(2871, 54, 'Cabo Velas'),
(2872, 54, 'Drake Bay'),
(2873, 54, 'Dieciocho'),
(2874, 54, 'El Carmen de Siquirres'),
(2875, 54, 'Nuevo Palmar Sur'),
(2876, 54, 'Flamingo'),
(2877, 54, 'Finca 63'),
(2878, 54, 'Golfito'),
(2879, 54, 'Guapiles'),
(2880, 54, 'Punta Islita'),
(2881, 54, 'Liberia'),
(2882, 54, 'Los Chiles'),
(2883, 54, 'Laurel'),
(2884, 54, 'La Flor'),
(2885, 54, 'Limon'),
(2886, 54, 'Las Piedras'),
(2887, 54, 'Las Trancas'),
(2888, 54, 'Nicoya Guanacaste'),
(2889, 54, 'Nosara'),
(2890, 54, 'San Jose'),
(2891, 54, 'Palo Arco'),
(2892, 54, 'Pandora'),
(2893, 54, 'Puerto Jimenez'),
(2894, 54, 'Palmar Sur'),
(2895, 54, 'Quepos'),
(2896, 54, 'Rio Frio O Progreso'),
(2897, 54, 'San Alberto'),
(2898, 54, 'Santa Clara de Guapiles'),
(2899, 54, 'Salama'),
(2900, 54, 'Santa Maria de Guacimo'),
(2901, 54, 'San Vito de Java'),
(2902, 54, 'Tamarindo'),
(2903, 54, 'Tambor'),
(2904, 54, 'Upala'),
(2905, 67, 'Barrillas'),
(2906, 67, 'La Cabana'),
(2907, 67, 'Ceiba Doblada'),
(2908, 67, 'La Chepona'),
(2909, 67, 'Corral De Mulas'),
(2910, 67, 'Cumichin'),
(2911, 67, 'La Carrera'),
(2912, 67, 'Las Cachas'),
(2913, 67, 'El Jocotillo'),
(2914, 67, 'Entre Rios'),
(2915, 67, 'Espiritu Santo'),
(2916, 67, 'El Tamarindo'),
(2917, 67, 'Los Comandos '),
(2918, 67, 'San Salvador'),
(2919, 67, 'El Papalon'),
(2920, 67, 'El Platanar'),
(2921, 67, 'El Ronco'),
(2922, 67, 'Santa Clara'),
(2923, 67, 'Punta San Juan'),
(2924, 67, 'San Miguel'),
(2925, 67, 'El Zapote'),
(2926, 95, 'Les Cayes'),
(2927, 95, 'Cap-Haitien '),
(2928, 95, 'Jacmel'),
(2929, 95, 'Jeremie'),
(2930, 95, 'Port-au-Prince'),
(2931, 95, 'Port-de-Paix'),
(2932, 57, 'Guantanamo'),
(2933, 57, 'Villa Clara'),
(2934, 57, 'Granma'),
(2935, 57, 'Ciego de Avila'),
(2936, 57, 'Cienfuegos'),
(2937, 57, 'Isla de la Juventud'),
(2938, 57, 'Camaguey'),
(2939, 57, 'Santiago de Cuba'),
(2940, 57, 'Holguin'),
(2941, 57, 'Havana (La Habana)'),
(2942, 57, 'Matanzas'),
(2943, 57, 'Pinar del Rio'),
(2944, 57, 'Nicaro'),
(2945, 57, 'Sancti Sparitus'),
(2946, 57, 'Las Tunas'),
(2947, 41, 'Cayman Brac'),
(2948, 41, 'Grand Cayman'),
(2949, 41, 'Little Cayman'),
(2950, 17, 'Andros'),
(2951, 17, 'Abaco'),
(2952, 17, 'Acklins'),
(2953, 17, 'Berry Islands'),
(2954, 17, 'Bimini'),
(2955, 17, 'Cat Island'),
(2956, 17, 'Crooked Island'),
(2957, 17, 'Cay Sal'),
(2958, 17, 'Exuma'),
(2959, 17, 'Eleuthera'),
(2960, 17, 'Grand Bahama'),
(2961, 17, 'Inagua'),
(2962, 17, 'Long Island'),
(2963, 17, 'Mayaguana'),
(2964, 17, 'New Providence'),
(2965, 17, 'Ragged Island'),
(2966, 17, 'Rum Cay'),
(2967, 17, 'San Salvador Island'),
(2968, 23, 'Belize City'),
(2969, 53, 'Aitutaki (Araura)'),
(2970, 53, 'Atiu (Enua Manu)'),
(2971, 53, 'Mangaia (Auau Enua)'),
(2972, 53, 'Manihiki (Humphrey Island)'),
(2973, 53, 'Mauke (Akatoka Manava)'),
(2974, 53, 'Manuae Island'),
(2975, 53, 'Mitiaro (Nukuroa)'),
(2976, 53, 'Penrhyn Island (Tongareva)'),
(2977, 53, 'Rarotonga'),
(2978, 74, 'Cicia'),
(2979, 74, 'Mamanuca Islands'),
(2980, 74, 'Viti Levu'),
(2981, 74, 'Malolo Lailai'),
(2982, 74, 'Rabi'),
(2983, 74, 'Kaibu Island'),
(2984, 74, 'Kadavu'),
(2985, 74, 'Mana Island'),
(2986, 74, 'Moala'),
(2987, 74, 'Bureta'),
(2988, 74, 'Ngau Island'),
(2989, 74, 'Laucala Island (Lauthala Island)'),
(2990, 74, 'Lakeba (Lakemba)'),
(2991, 74, 'Vanua Levu'),
(2992, 74, 'Taveuni'),
(2993, 74, 'Koro'),
(2994, 74, 'Rotuma'),
(2995, 74, 'Savu Savu'),
(2996, 74, 'Wakaya'),
(2997, 74, 'Ono-i-Lau'),
(2998, 74, 'Yasawa'),
(2999, 74, 'Vanua Balavu (Vanuabalavu)'),
(3000, 74, 'Vatulele'),
(3001, 216, 'Eua'),
(3002, 216, 'Tongatapu'),
(3003, 216, 'Ha\\''apai'),
(3004, 216, 'Niuafo\\''ou'),
(3005, 216, 'Niuatoputapu'),
(3006, 216, 'Vava\\''u'),
(3007, 113, 'Abaiang'),
(3008, 113, 'Beru Island'),
(3009, 113, 'Kuria'),
(3010, 113, 'Maiana'),
(3011, 113, 'Marakei'),
(3012, 113, 'Makin'),
(3013, 113, 'Nikunau'),
(3014, 113, 'Onotoa'),
(3015, 113, 'Tarawa'),
(3016, 113, 'Abemama'),
(3017, 113, 'Tabiteuea North'),
(3018, 113, 'Tamana'),
(3019, 113, 'Nonouti'),
(3020, 113, 'Arorae'),
(3021, 113, 'Tabiteuea South'),
(3022, 113, 'Butaritari'),
(3023, 113, 'Aranuka'),
(3024, 222, 'Funafuti'),
(3025, 159, 'Alofi'),
(3026, 236, 'Futuna Island'),
(3027, 236, 'Wallis Island'),
(3028, 186, 'Asau'),
(3029, 186, 'Apia'),
(3030, 186, 'Fagali\\''i'),
(3031, 186, 'Salelologa'),
(3032, 186, 'Ofu Island'),
(3033, 186, 'Fitiuta'),
(3034, 186, 'Pago Pago'),
(3035, 78, 'Tahiti'),
(3036, 78, 'Austral Islands'),
(3037, 78, 'Tuamotus'),
(3038, 78, 'Tikehau'),
(3039, 78, 'Fakarava'),
(3040, 78, 'Gambier Islands'),
(3041, 78, 'Kaukura Atoll'),
(3042, 78, 'Disappointment Islands'),
(3043, 78, 'Tatakoto'),
(3044, 78, 'Arutua'),
(3045, 78, 'Nukutavake'),
(3046, 78, 'Fakahina'),
(3047, 78, 'Niau'),
(3048, 78, 'Raroia'),
(3049, 78, 'Takaroa'),
(3050, 78, 'Marquesas Islands'),
(3051, 78, 'located on Moto Mute'),
(3052, 78, 'Society Islands'),
(3053, 78, 'Leeward Islands (Society Islands)'),
(3054, 78, 'Windward Islands (Society Islands)'),
(3055, 78, 'Hao Island'),
(3056, 78, 'Maupiti'),
(3057, 78, 'Vahitahi'),
(3058, 230, 'Mota Lava'),
(3059, 230, 'Sola'),
(3060, 230, 'Imao'),
(3061, 230, 'Craig Cove'),
(3062, 230, 'Longana'),
(3063, 230, 'Sara'),
(3064, 230, 'Lamap'),
(3065, 230, 'Lamen-Bay'),
(3066, 230, 'Maewo'),
(3067, 230, 'Lonorore'),
(3068, 230, 'Norsup'),
(3069, 230, 'Gaua'),
(3070, 230, 'Redcliff'),
(3071, 230, 'Tongoa'),
(3072, 230, 'Ulei'),
(3073, 230, 'Valesdir'),
(3074, 230, 'Walaha'),
(3075, 230, 'South West Bay'),
(3076, 230, 'Anatom'),
(3077, 230, 'Aniwa'),
(3078, 230, 'Dillon\\''s Bay'),
(3079, 230, 'Futuna'),
(3080, 230, 'Ipota'),
(3081, 230, 'Quoin Hill'),
(3082, 230, 'Port Vila'),
(3083, 230, 'Tanna'),
(3084, 154, 'Tiga Island'),
(3085, 154, 'Belep'),
(3086, 154, 'Kone'),
(3087, 154, ' L\\\\\\''Ile des Pins'),
(3088, 154, 'Houailou'),
(3089, 154, 'Koumac'),
(3090, 154, 'Lifou'),
(3091, 154, 'Noumea'),
(3092, 154, 'Ile Ouen'),
(3093, 154, 'Poum'),
(3094, 154, 'Mueo'),
(3095, 154, 'Mara'),
(3096, 154, 'La Foa'),
(3097, 154, 'Touho'),
(3098, 154, 'Ouvea'),
(3099, 154, 'Canala'),
(3100, 155, 'Auckland'),
(3101, 155, 'Wellington'),
(3102, 155, 'Taupo'),
(3103, 155, 'Ashburton'),
(3104, 155, 'Waiouru'),
(3105, 155, 'Balclutha'),
(3106, 155, 'Christchurch'),
(3107, 155, 'Chatham Islands'),
(3108, 155, 'Cromwell'),
(3109, 155, 'North Island'),
(3110, 155, 'Dargaville'),
(3111, 155, 'Dunedin'),
(3112, 155, 'Dannevirke'),
(3113, 155, 'Rangiora'),
(3114, 155, 'Feilding'),
(3115, 155, 'Franz Josef Village'),
(3116, 155, 'Foxton'),
(3117, 155, 'Galatea'),
(3118, 155, 'Great Barrier Island'),
(3119, 155, 'Greymouth'),
(3120, 155, 'Great Mercury Island'),
(3121, 155, 'Gisborne'),
(3122, 155, 'Lake Pukaki'),
(3123, 155, 'Glenorchy'),
(3124, 155, 'Hawera'),
(3125, 155, 'Hokitika'),
(3126, 155, 'Hamilton'),
(3127, 155, 'Hanmer Springs'),
(3128, 155, 'Hastings'),
(3129, 155, 'Haast'),
(3130, 155, 'Antarctica'),
(3131, 155, 'Tauranga'),
(3132, 155, 'Kerikeri'),
(3133, 155, 'Kaitaia'),
(3134, 155, 'Palmerston North'),
(3135, 155, 'Rotorua'),
(3136, 155, 'New Plymouth'),
(3137, 155, 'Whangarei'),
(3138, 155, 'Invercargill'),
(3139, 155, 'Taumarunui'),
(3140, 155, 'Wanganui'),
(3141, 155, 'Wairoa'),
(3142, 155, 'Waiheke Island'),
(3143, 155, 'Kaipara District'),
(3144, 155, 'Kaikoura'),
(3145, 155, 'Kerikeri / Bay of Islands'),
(3146, 155, 'Karamea'),
(3147, 155, 'Kaikohe'),
(3148, 155, 'Lake Taupo'),
(3149, 155, 'Alexandra'),
(3150, 155, 'Matamata'),
(3151, 155, 'Aoraki/Mount Cook'),
(3152, 155, 'Mercer'),
(3153, 155, 'Milford Sound'),
(3154, 155, 'Masterton'),
(3155, 155, 'Motueka'),
(3156, 155, 'Te Anau / Manapouri'),
(3157, 155, 'Murchison'),
(3158, 155, 'Martinborough'),
(3159, 155, 'Makarora'),
(3160, 155, 'Nelson'),
(3161, 155, 'Napier'),
(3162, 155, 'Omarama'),
(3163, 155, 'Ohakea'),
(3164, 155, 'Blenheim'),
(3165, 155, 'Opotiki'),
(3166, 155, 'Oamaru'),
(3167, 155, 'Paihia'),
(3168, 155, 'Parakai'),
(3169, 155, 'Picton - Koromiko'),
(3170, 155, 'Paraparaumu'),
(3171, 155, 'Raglan'),
(3172, 155, 'Stewart Island'),
(3173, 155, 'Rangitaiki'),
(3174, 155, 'Ruawai'),
(3175, 155, 'Roxburgh'),
(3176, 155, 'Stratford'),
(3177, 155, 'Thames'),
(3178, 155, 'Takaka'),
(3179, 155, 'Tekapo'),
(3180, 155, 'Turangi'),
(3181, 155, 'Tokoroa'),
(3182, 155, 'Te Kuiti'),
(3183, 155, 'Timaru'),
(3184, 155, 'Te Anau'),
(3185, 155, 'Twizel'),
(3186, 155, 'Pauanui'),
(3187, 155, 'Taihape'),
(3188, 155, 'Blenheim '),
(3189, 155, 'Wanaka'),
(3190, 155, 'Whakatane'),
(3191, 155, 'Waimate'),
(3192, 155, 'West Melton'),
(3193, 155, 'Westport'),
(3194, 155, 'Whitianga'),
(3195, 155, 'Waihi Beach'),
(3196, 155, 'Waipukurau'),
(3197, 1, 'Bamyan'),
(3198, 1, 'Bost'),
(3199, 1, 'Chaghcharan'),
(3200, 1, 'Darwaz'),
(3201, 1, 'Farah'),
(3202, 1, 'Faizabad'),
(3203, 1, 'Khwahan'),
(3204, 1, 'Herat'),
(3205, 1, 'Bagram near Charikar'),
(3206, 1, 'Jalalabad'),
(3207, 1, 'Kabul'),
(3208, 1, 'Kandahar'),
(3209, 1, 'Khost'),
(3210, 1, 'Maymana'),
(3211, 1, 'Mazari Sharif'),
(3212, 1, 'Qala i Naw'),
(3213, 1, 'Sheghnan'),
(3214, 1, 'Tereen'),
(3215, 1, 'Taloqan'),
(3216, 1, 'Kunduz'),
(3217, 1, 'Helmand near Lashkar Gah'),
(3218, 1, 'Zaranj'),
(3219, 18, 'Manama'),
(3220, 18, 'Bahrain'),
(3221, 189, 'Jubail'),
(3222, 189, 'Abha'),
(3223, 189, 'Al-Ahsa'),
(3224, 189, 'al-Baha'),
(3225, 189, 'Bisha'),
(3226, 189, 'Abqaiq'),
(3227, 189, 'Dammam'),
(3228, 189, 'Dhahran'),
(3229, 189, 'Dawadmi'),
(3230, 189, 'Gizan'),
(3231, 189, 'Gassim '),
(3232, 189, 'Gurayat '),
(3233, 189, 'Ha\\''il'),
(3234, 189, 'Haradh'),
(3235, 189, 'Jeddah'),
(3236, 189, 'KKMC'),
(3237, 189, 'Medina'),
(3238, 189, 'Najran '),
(3239, 189, 'Qaisumah '),
(3240, 189, 'Rafha'),
(3241, 189, 'Riyadh'),
(3242, 189, 'Ras Al-Mishab'),
(3243, 189, 'Arar '),
(3244, 189, 'Ras Tanura'),
(3245, 189, 'Shaybah'),
(3246, 189, 'Sharurah '),
(3247, 189, 'al-Jouf '),
(3248, 189, 'Tabuk'),
(3249, 189, 'Taeif'),
(3250, 189, 'Ath Thumamah'),
(3251, 189, 'Tanajib'),
(3252, 189, 'Turaif'),
(3253, 189, 'Udhayliyah'),
(3254, 189, 'Wadi al-Dawasir'),
(3255, 189, 'Wedjh '),
(3256, 189, 'Yanbu '),
(3257, 103, 'Abadan'),
(3258, 103, 'Dezful'),
(3259, 103, 'Omidiyeh'),
(3260, 103, 'Mahshahr'),
(3261, 103, 'Ahwaz'),
(3262, 103, 'Bushehr'),
(3263, 103, 'Asalouyeh'),
(3264, 103, 'Kish Island'),
(3265, 103, 'Bandar Lengeh'),
(3266, 103, 'Khalije Fars'),
(3267, 103, 'Khark Island'),
(3268, 103, 'Sirri Island'),
(3269, 103, 'Lavan Island'),
(3270, 103, 'Kermanshah'),
(3271, 103, 'Ilam'),
(3272, 103, 'Khorramabad'),
(3273, 103, 'Sanandaj'),
(3274, 103, 'Isfahan (Esfahan)'),
(3275, 103, 'Shahrekord'),
(3276, 103, 'Rasht'),
(3277, 103, 'Hamadan'),
(3278, 103, 'Tehran'),
(3279, 103, 'Bandar Abbas'),
(3280, 103, 'Jiroft'),
(3281, 103, 'Kerman'),
(3282, 103, 'Bam'),
(3283, 103, 'Qeshm'),
(3284, 103, 'Rafsanjan'),
(3285, 103, 'Sirjan'),
(3286, 103, 'Birjand'),
(3287, 103, 'Sarakhs'),
(3288, 103, 'Mashhad'),
(3289, 103, 'Bojnourd'),
(3290, 103, 'Sabzevar'),
(3291, 103, 'Tabas'),
(3292, 103, 'Gorgan'),
(3293, 103, 'Noshahr'),
(3294, 103, 'Ramsar'),
(3295, 103, 'Sari'),
(3296, 103, 'Abadeh'),
(3297, 103, 'Lar'),
(3298, 103, 'Lamerd'),
(3299, 103, 'Shiraz'),
(3300, 103, 'Yasuj'),
(3301, 103, 'Khoy'),
(3302, 103, 'Ardabil'),
(3303, 103, 'Parsabad'),
(3304, 103, 'Urmia'),
(3305, 103, 'Tabriz'),
(3306, 103, 'Yazd'),
(3307, 103, 'Zabol'),
(3308, 103, 'Chah Bahar'),
(3309, 103, 'Zahedan'),
(3310, 110, 'Amman'),
(3311, 110, 'Aqaba'),
(3312, 116, 'Kuwait'),
(3313, 116, 'Al-Maqwa, near Kuwait City'),
(3314, 120, 'Beirut'),
(3315, 120, 'Kleyate'),
(3316, 120, 'Rayak'),
(3317, 225, 'Al Ain'),
(3318, 225, 'Muqatra'),
(3319, 225, 'Dubai'),
(3320, 225, 'Fujairah'),
(3321, 225, 'Ras al-Khaimah'),
(3322, 225, 'Sharjah'),
(3323, 163, 'Khasab'),
(3324, 163, 'Masirah'),
(3325, 163, 'Muscat'),
(3326, 163, 'Marmul'),
(3327, 163, 'Salalah'),
(3328, 163, 'Thumrait'),
(3329, 164, 'Abbottabad'),
(3330, 164, 'Bannu'),
(3331, 164, 'Bahawalpur'),
(3332, 164, 'Chitral'),
(3333, 164, 'Chilas'),
(3334, 164, 'Dalbandin'),
(3335, 164, 'Dera Ghazi Khan'),
(3336, 164, 'Dera Ismail Khan'),
(3337, 164, 'Faisalabad'),
(3338, 164, 'Gwadar'),
(3339, 164, 'Gilgit'),
(3340, 164, 'Jacobabad'),
(3341, 164, 'Jiwani'),
(3342, 164, 'Karachi'),
(3343, 164, 'Hyderabad'),
(3344, 164, 'Khuzdar'),
(3345, 164, 'Kohat'),
(3346, 164, 'Lahore'),
(3347, 164, 'Mangla'),
(3348, 164, 'Muzaffarabad'),
(3349, 164, 'Mianwali'),
(3350, 164, 'Mohenjo-daro'),
(3351, 164, 'Sindhri Tharparkar'),
(3352, 164, 'Kamra'),
(3353, 164, 'Multan'),
(3354, 164, 'Nawabshah'),
(3355, 164, 'Ormara'),
(3356, 164, 'Parachinar'),
(3357, 164, 'Panjgur'),
(3358, 164, 'Pasni City'),
(3359, 164, 'Peshawar'),
(3360, 164, 'Rawalpindi'),
(3361, 164, 'Quetta'),
(3362, 164, 'Rahim Yar Khan'),
(3363, 164, 'Islamabad'),
(3364, 164, 'Shorkot'),
(3365, 164, 'Rawalakot'),
(3366, 164, 'Sawan Gas Field'),
(3367, 164, 'Sibi'),
(3368, 164, 'Skardu'),
(3369, 164, 'Sukkur'),
(3370, 164, 'Sehwan Sharif'),
(3371, 164, 'Sargodha'),
(3372, 164, 'Saidu Sharif'),
(3373, 164, 'Sialkot'),
(3374, 164, 'Sui'),
(3375, 164, 'Sahiwal'),
(3376, 164, 'Tarbela Dam'),
(3377, 164, 'Turbat'),
(3378, 164, 'Zhob'),
(3379, 104, 'Al Anbarv'),
(3380, 104, 'Al Iskandariyah Airport'),
(3381, 104, 'An Numaniyah Airport'),
(3382, 104, 'Al Bakr'),
(3383, 104, 'Baghdad'),
(3384, 104, 'Bashur'),
(3385, 104, 'Erbil '),
(3386, 104, 'Jalibah'),
(3387, 104, 'Basrah'),
(3388, 104, 'Qasr Tall Mihl'),
(3389, 104, 'Qayyarah'),
(3390, 104, 'Tikrit'),
(3391, 104, 'Iraqi Kurdistan'),
(3392, 104, 'Tall Afar'),
(3393, 104, 'Al Taji'),
(3394, 104, 'Nasiriyah'),
(3395, 104, 'Al Kut'),
(3396, 104, 'Umm Qasr'),
(3397, 209, 'Aleppo'),
(3398, 209, 'Damascus'),
(3399, 209, 'Deir ez-Zor'),
(3400, 209, 'Kamishly'),
(3401, 209, 'Latakia'),
(3402, 209, 'Palmyra'),
(3403, 238, 'Aden'),
(3404, 238, 'Abbs'),
(3405, 238, 'Ataq'),
(3406, 238, 'Beihan'),
(3407, 238, 'Al-Bough'),
(3408, 238, 'Al-Ghaidah'),
(3409, 238, 'Hodeidah'),
(3410, 238, 'Marib'),
(3411, 238, 'Mukeiras'),
(3412, 238, 'Qishn'),
(3413, 238, 'Mukalla'),
(3414, 238, 'Saadah'),
(3415, 238, 'Sana\\''a'),
(3416, 238, 'Socotra'),
(3417, 238, 'Sayun'),
(3418, 238, 'Taiz'),
(3419, 227, 'Alaska'),
(3420, 227, 'Alaska / Fort Wainwright'),
(3421, 227, 'Fort Richardson'),
(3422, 113, 'Canton Island'),
(3423, 227, 'Agana'),
(3424, 227, 'Rota Island'),
(3425, 227, 'Saipan Island'),
(3426, 227, 'Tinian Island'),
(3427, 227, 'Hawaii'),
(3428, 135, 'Enewetak'),
(3429, 135, 'Majuro'),
(3430, 135, 'Roi-Namur'),
(3431, 135, 'Kwajalein'),
(3432, 113, 'Kiritimati (Christmas Island)'),
(3433, 113, 'Palmyra Atoll'),
(3434, 227, 'Sand Island'),
(3435, 141, 'Chuuk'),
(3436, 141, 'Pohnpei'),
(3437, 141, 'Kosrae'),
(3438, 141, 'Yap'),
(3439, 165, 'Palau'),
(3440, 227, 'Wake Island'),
(3441, 45, 'Kinmen'),
(3442, 45, 'Penghu'),
(3443, 45, 'Lianchiang'),
(3444, 45, 'Taitung'),
(3445, 45, 'Kaohsiung City'),
(3446, 45, 'Chiayi'),
(3447, 45, 'Pingtung'),
(3448, 45, 'Taichung'),
(3449, 45, 'Tainan City'),
(3450, 45, 'Hsinchu'),
(3451, 45, 'Taipei City'),
(3452, 45, 'Taoyuan'),
(3453, 45, 'Hualien'),
(3454, 109, 'Chiba'),
(3455, 109, 'Nagano'),
(3456, 109, 'Ibaraki'),
(3457, 109, 'Tokyo'),
(3458, 109, 'Osaka'),
(3459, 109, 'Wakayama'),
(3460, 109, 'Hyogo'),
(3461, 109, 'Hiroshima'),
(3462, 109, 'Okayama'),
(3463, 109, 'Kyoto'),
(3464, 109, 'Hokkaid&#333;'),
(3465, 109, 'Kumamoto'),
(3466, 109, 'Nagasaki'),
(3467, 109, 'Yamaguchi'),
(3468, 109, 'Saga'),
(3469, 109, 'Fukuoka'),
(3470, 109, 'Kagoshima'),
(3471, 109, 'Miyazaki'),
(3472, 109, 'Oita'),
(3473, 109, 'Aichi'),
(3474, 109, 'Fukui'),
(3475, 109, 'Gifu'),
(3476, 109, 'Shizuoka'),
(3477, 109, 'Ishikawa'),
(3478, 109, 'Shimane'),
(3479, 109, 'Toyama'),
(3480, 109, 'Mie'),
(3481, 109, 'Tottori'),
(3482, 109, 'Kochi'),
(3483, 109, 'Ehime'),
(3484, 109, 'Tokushima'),
(3485, 109, 'Kagawa'),
(3486, 109, 'Aomori'),
(3487, 109, 'Yamagata'),
(3488, 109, 'Niigata'),
(3489, 109, 'Fukushima'),
(3490, 109, 'Iwate'),
(3491, 109, 'Akita'),
(3492, 109, 'Miyagi'),
(3493, 109, 'Saitama'),
(3494, 109, 'Gunma'),
(3495, 109, 'Tochigi'),
(3496, 109, 'Okinawa'),
(3497, 115, 'Dokdo'),
(3498, 115, 'Muan'),
(3499, 115, 'Gwangju'),
(3500, 115, 'Gunsan'),
(3501, 115, 'Yeongam County (near Mokpo)'),
(3502, 115, 'Kunsan'),
(3503, 115, 'Yeosu'),
(3504, 115, 'Sokcho'),
(3505, 115, 'Kangnung'),
(3506, 115, 'Wonju'),
(3507, 115, 'Yangyang County'),
(3508, 115, 'Jeju'),
(3509, 115, 'Pusan'),
(3510, 115, 'Sacheon'),
(3511, 115, 'Ulsan'),
(3512, 115, 'Pyeongtaek'),
(3513, 115, 'Incheon (near Seoul)'),
(3514, 115, 'Seongnam'),
(3515, 115, 'Osan'),
(3516, 115, 'Seoul'),
(3517, 115, 'Seongmu'),
(3518, 115, 'Pohang'),
(3519, 115, 'Daegu'),
(3520, 115, 'Cheongju'),
(3521, 171, 'Palawan'),
(3522, 171, 'Oriental Mindoro'),
(3523, 171, 'Bataan'),
(3524, 171, 'Angeles City'),
(3525, 171, 'Ilocos Norte'),
(3526, 171, 'Quezon'),
(3527, 171, 'Metro Manila'),
(3528, 171, 'Isabela'),
(3529, 171, 'Albay'),
(3530, 171, 'Tarlac'),
(3531, 171, 'Pangasinan'),
(3532, 171, 'Cavite'),
(3533, 171, 'Batanes'),
(3534, 171, 'Occidental Mindoro'),
(3535, 171, 'Nueva Ecija'),
(3536, 171, 'Sorsogon'),
(3537, 171, 'South Cotabato'),
(3538, 171, 'Maguindanao '),
(3539, 171, 'Davao City'),
(3540, 171, 'Butuan City'),
(3541, 171, 'Surigao del Sur'),
(3542, 171, 'Zamboanga del Norte'),
(3543, 171, 'Camiguin'),
(3544, 171, 'Lanao del Norte'),
(3545, 171, 'Sulu'),
(3546, 171, 'Sultan Kudarat'),
(3547, 171, 'Misamis Oriental'),
(3548, 171, 'Lanao del Sur'),
(3549, 171, 'Tawi-Tawi'),
(3550, 171, 'Misamis Occidental'),
(3551, 171, 'Zamboanga del Sur'),
(3552, 171, 'Davao Oriental'),
(3553, 171, 'Surigao del Norte'),
(3554, 171, 'Bukidnon'),
(3555, 171, 'Zamboanga Sibugay'),
(3556, 171, 'Mindanao'),
(3557, 171, 'Cebu'),
(3558, 171, 'Iloilo'),
(3559, 171, 'Southern Leyte'),
(3560, 171, 'Bohol'),
(3561, 171, 'Antique'),
(3562, 171, 'Cagayan'),
(3563, 171, 'Baguio City'),
(3564, 171, 'Camarines Norte'),
(3565, 171, 'Lucena City'),
(3566, 171, 'Pampanga'),
(3567, 171, 'Zambales'),
(3568, 171, 'Batangas'),
(3569, 171, 'Camarines Sur'),
(3570, 171, 'Ilocos Sur'),
(3571, 171, 'Aurora'),
(3572, 171, 'La Union'),
(3573, 171, 'Catanduanes'),
(3574, 171, 'Marinduque'),
(3575, 171, 'Bulacan'),
(3576, 171, 'Nueva Vizcaya'),
(3577, 171, 'Tacloban City'),
(3578, 171, 'Negros Occidental'),
(3579, 171, 'Samar'),
(3580, 171, 'Negros Oriental'),
(3581, 171, 'Aklan'),
(3582, 171, 'Northern Samar'),
(3583, 171, 'Eastern Samar'),
(3584, 171, 'Leyte'),
(3585, 171, 'Masbate'),
(3586, 171, 'Lapu-Lapu City'),
(3587, 171, 'Ormoc City'),
(3588, 171, 'Puerto Princesa City'),
(3589, 171, 'Biliran'),
(3590, 171, 'Capiz'),
(3591, 171, 'Romblon'),
(3592, 171, 'Siquijor'),
(3593, 171, 'Agusan del Norte'),
(3594, 171, 'Manila'),
(3595, 171, 'Ubay Airport (now RPSN)'),
(3596, 171, 'Rajah Buayan Air Base (now RPMB)'),
(3597, 171, 'Maguindanao'),
(3598, 171, 'Tacurong'),
(3599, 171, 'Malabang'),
(3600, 171, 'Surigao City'),
(3601, 171, 'Malaybalay'),
(3602, 171, 'Itbayat'),
(3603, 171, 'Jomalig'),
(3604, 171, 'Nueva Ecija'),
(3605, 171, 'Luzon Island'),
(3606, 171, 'Alabat'),
(3607, 11, 'Entre Rios Province'),
(3608, 11, 'Buenos Aires Province'),
(3609, 11, 'Santa Fe Province'),
(3610, 11, 'Cordoba Province'),
(3611, 11, 'La Rioja Province'),
(3612, 11, 'El Palomar'),
(3613, 11, 'Neuquen Province'),
(3614, 11, 'Mendoza Province'),
(3615, 11, 'Catamarca Province'),
(3616, 11, 'Santiago del Estero Province'),
(3617, 11, 'Tucuman Province'),
(3618, 11, 'San Juan Province'),
(3619, 11, 'San Luis Province'),
(3620, 11, 'Corrientes Province'),
(3621, 11, 'Chaco Province'),
(3622, 11, 'Formosa Province'),
(3623, 11, 'Misiones Province'),
(3624, 11, 'Salta Province'),
(3625, 11, 'Jujuy Province'),
(3626, 11, 'Rio Negro Province'),
(3627, 11, 'Chubut Province'),
(3628, 11, 'Santa Cruz Province'),
(3629, 11, 'Tierra del Fuego Province'),
(3630, 11, 'La Pampa Province'),
(3631, 31, 'Para'),
(3632, 31, 'Goias'),
(3633, 31, 'Sao Paulo'),
(3634, 31, 'Sergipe'),
(3635, 31, 'Mato Grosso'),
(3636, 31, 'Rio Grande do Sul'),
(3637, 31, 'Minas Gerais'),
(3638, 31, 'Parana'),
(3639, 31, 'Brazilian Federal District'),
(3640, 31, 'Roraima'),
(3641, 31, 'Rio de Janeiro'),
(3642, 31, 'Brazil'),
(3643, 31, 'Mato Grosso do Sul'),
(3644, 31, 'Santa Catarina'),
(3645, 31, 'Maranhao'),
(3646, 31, 'Bahia'),
(3647, 31, 'Acre'),
(3648, 31, 'Amazonas'),
(3649, 31, 'Pernambuco'),
(3650, 31, 'Ceara'),
(3651, 31, 'Rondonia'),
(3652, 31, 'Paraiba'),
(3653, 31, 'Alagoas'),
(3654, 31, 'Amapa'),
(3655, 31, 'Rio Grande do Norte'),
(3656, 31, 'Parnaiba'),
(3657, 31, 'Tocantins'),
(3658, 31, 'Piaui'),
(3659, 31, 'Espirito Santo'),
(3660, 44, 'Ancud'),
(3661, 44, 'Los Angeles'),
(3662, 44, 'Alto Palena'),
(3663, 44, 'Arica'),
(3664, 44, 'Balmaceda'),
(3665, 44, 'Tocopilla'),
(3666, 44, 'Chile Chico'),
(3667, 44, 'Calama'),
(3668, 44, 'Chillin'),
(3669, 44, 'Punta Arenas'),
(3670, 44, 'Coyhaique'),
(3671, 44, 'Iquique'),
(3672, 44, 'Valparaiso'),
(3673, 44, 'El Salvador'),
(3674, 44, 'Antofagasta'),
(3675, 44, 'Porvenir'),
(3676, 44, 'Puerto Williams'),
(3677, 44, 'Copiapo'),
(3678, 44, 'Cochrane'),
(3679, 44, 'Curica'),
(3680, 44, 'Concepcion'),
(3681, 44, 'Easter Island (Isla de Pascua)'),
(3682, 44, 'Juan Fernandez Islands'),
(3683, 44, 'Osorno'),
(3684, 44, 'Chuquicamata'),
(3685, 44, 'Vallenar'),
(3686, 44, 'Puerto Natales'),
(3687, 44, 'Ovalle Tuqui'),
(3688, 44, 'Pucon'),
(3689, 44, 'Chanaral'),
(3690, 44, 'Rancagua'),
(3691, 44, 'Antartica Chilena'),
(3692, 44, 'Cerro Sombrero'),
(3693, 44, 'La Serena'),
(3694, 44, 'Castro'),
(3695, 44, 'Temuco'),
(3696, 44, 'Puerto Montt'),
(3697, 44, 'Talca'),
(3698, 44, 'Chaiten'),
(3699, 44, 'Victoria'),
(3700, 44, 'Taltal'),
(3701, 44, 'Valdivia'),
(3702, 44, 'Vina del Mar'),
(3703, 65, 'Ambato'),
(3704, 65, 'Bahia de Caraquez'),
(3705, 65, 'Santa Cecilia'),
(3706, 65, 'Coca'),
(3707, 65, 'Cuenca'),
(3708, 65, 'Esmeraldas'),
(3709, 65, 'Galapagos (Baltra)'),
(3710, 65, 'Guayaquil'),
(3711, 65, 'Jipijapa'),
(3712, 65, 'Latacunga'),
(3713, 65, 'Lago Agrio'),
(3714, 65, 'Loja'),
(3715, 65, 'Macara'),
(3716, 65, 'Macas'),
(3717, 65, 'Machala'),
(3718, 65, 'Manta'),
(3719, 65, 'Pastaza'),
(3720, 65, 'Putumayo'),
(3721, 65, 'Portoviejo'),
(3722, 65, 'Quito'),
(3723, 65, 'Salinas'),
(3724, 65, 'Sucua'),
(3725, 65, 'Galapagos Islands'),
(3726, 65, 'Taisha'),
(3727, 65, 'Tiputini'),
(3728, 65, 'Tarapoa'),
(3729, 65, 'Tulcan'),
(3730, 169, 'Asuncion'),
(3731, 169, 'Ayolas'),
(3732, 169, 'Encarnacion'),
(3733, 169, 'Ciudad Del Este'),
(3734, 169, 'Filadelfia'),
(3735, 169, 'Mariscal Estigarribia'),
(3736, 169, 'Pilar'),
(3737, 169, 'Pedro Juan Caballero'),
(3738, 48, 'Araracuara'),
(3739, 48, 'Acandi'),
(3740, 48, 'Aguachica'),
(3741, 48, 'Amalfi'),
(3742, 48, 'Andes'),
(3743, 48, 'Apiay'),
(3744, 48, 'Armenia'),
(3745, 48, 'Puerto Asis'),
(3746, 48, 'El Banco'),
(3747, 48, 'Lebrija (near Bucaramanga)'),
(3748, 48, 'Bogota'),
(3749, 48, 'Barranquilla'),
(3750, 48, 'Bahia Solano'),
(3751, 48, 'Buenaventura'),
(3752, 48, 'Capurgana'),
(3753, 48, 'Cucuta'),
(3754, 48, 'Condoto'),
(3755, 48, 'Cartagena'),
(3756, 48, 'Carimagua'),
(3757, 48, 'Cali'),
(3758, 48, 'Cimitarra'),
(3759, 48, 'Tumaco'),
(3760, 48, 'Caucasia'),
(3761, 48, 'Covenas'),
(3762, 48, 'Corozal'),
(3763, 48, 'El Bagre'),
(3764, 48, 'Barrancabermeja'),
(3765, 48, 'Florencia'),
(3766, 48, 'Girardot'),
(3767, 48, 'Cartago'),
(3768, 48, 'Guapi'),
(3769, 48, 'Chaparral'),
(3770, 48, 'Hato Corozal'),
(3771, 48, 'Ibague'),
(3772, 48, 'Chigorodo'),
(3773, 48, 'Ipiales'),
(3774, 48, 'Tibu'),
(3775, 48, 'Apartado'),
(3776, 48, 'Puerto Leguizamo'),
(3777, 48, 'Maicao'),
(3778, 48, 'La Pedrera'),
(3779, 48, 'Leticia'),
(3780, 48, 'Medellin'),
(3781, 48, 'Miraflores'),
(3782, 48, 'Magangue'),
(3783, 48, 'Monteria'),
(3784, 48, 'Mitu'),
(3785, 48, 'Manizales'),
(3786, 48, 'Necocli'),
(3787, 48, 'Nuqui'),
(3788, 48, 'Neiva'),
(3789, 48, 'Ocana'),
(3790, 48, 'Orocue'),
(3791, 48, 'Otu'),
(3792, 48, 'Guajira Department'),
(3793, 48, 'Puerto Carreno'),
(3794, 48, 'Puerto Inirida'),
(3795, 48, 'Pereira'),
(3796, 48, 'Pitalito'),
(3797, 48, 'Plato'),
(3798, 48, 'Popayan'),
(3799, 48, 'Palanquero'),
(3800, 48, 'Pasto'),
(3801, 48, 'Providencia Island'),
(3802, 48, 'Paz de Ariporo'),
(3803, 48, 'Mariquita'),
(3804, 48, 'Medellin/Rionegro'),
(3805, 48, 'Riohacha'),
(3806, 48, 'Saravena'),
(3807, 48, 'San Jose del Guaviare'),
(3808, 48, 'Santa Marta'),
(3809, 48, 'San Andres Island'),
(3810, 48, 'San Vicente del Caguan'),
(3811, 48, 'Trinidad'),
(3812, 48, 'Tunja'),
(3813, 48, 'Tame'),
(3814, 48, 'Tres Esquinas'),
(3815, 48, 'Turbo'),
(3816, 48, 'Marandua'),
(3817, 48, 'Arauca'),
(3818, 48, 'Quibdo'),
(3819, 48, 'Tulua'),
(3820, 48, 'Urrao'),
(3821, 48, 'Villa Garzon'),
(3822, 48, 'Valledupar'),
(3823, 48, 'Villavicencio'),
(3824, 48, 'Yaguara'),
(3825, 48, 'Yopal'),
(3826, 27, 'Apolo'),
(3827, 27, 'Ascencion de Guarayos'),
(3828, 27, 'Bermejo'),
(3829, 27, 'Bella Union'),
(3830, 27, 'Camiri'),
(3831, 27, 'Cochabamba'),
(3832, 27, 'Cobija'),
(3833, 27, 'Santa Cruz'),
(3834, 27, 'Guayaramerin'),
(3835, 27, 'San Jose de Chiquitos'),
(3836, 27, 'San Joaquin'),
(3837, 27, 'San Javier'),
(3838, 27, 'La Paz'),
(3839, 27, 'Magdalena'),
(3840, 27, 'Oruro'),
(3841, 27, 'Potosi'),
(3842, 27, 'Puerto Rico'),
(3843, 27, 'Puerto Suarez'),
(3844, 27, 'San Ramon'),
(3845, 27, 'Robore'),
(3846, 27, 'Riberalta'),
(3847, 27, 'Rurrenabaque'),
(3848, 27, 'Reyes'),
(3849, 27, 'Santa Ana del Yacuma'),
(3850, 27, 'San Borja'),
(3851, 27, 'San Ignacio de Velas'),
(3852, 27, 'San Ignacio de Moxos'),
(3853, 27, 'Sucre'),
(3854, 27, 'Tarija'),
(3855, 27, 'Villamontes'),
(3856, 27, 'Yacuiba'),
(3857, 204, 'Albina'),
(3858, 204, 'Coeroeni'),
(3859, 204, 'Coronie District'),
(3860, 204, 'Drietabbetje'),
(3861, 204, 'Zanderij'),
(3862, 204, 'Kabalebo'),
(3863, 204, 'Nieuw-Nickerie (New Nickerie)'),
(3864, 204, 'Paloemeu'),
(3865, 204, 'Stoelmans Eiland'),
(3866, 204, 'Tafelberg'),
(3867, 204, 'Wageningen'),
(3868, 204, 'Paramaribo'),
(3869, 77, 'Cayenne'),
(3870, 77, 'Grand-Santi'),
(3871, 77, 'Maripasoula'),
(3872, 77, 'Saint-Georges-de-l\\''Oyapock'),
(3873, 77, 'Saint-Laurent-du-Maroni'),
(3874, 77, 'Regina'),
(3875, 77, 'Saul'),
(3876, 77, 'Sinnamary'),
(3877, 170, 'San Juan Aposento'),
(3878, 170, 'Ucayali Region'),
(3879, 170, 'Loreto Region'),
(3880, 170, 'San Martin Region'),
(3881, 170, 'Iberia'),
(3882, 170, 'Corrientes'),
(3883, 170, 'Ancash Region'),
(3884, 170, 'Moquegua Region'),
(3885, 170, 'Huanuco Region'),
(3886, 170, 'Lambayeque Region'),
(3887, 170, 'Ayacucho Region'),
(3888, 170, 'Junin Region'),
(3889, 170, 'Apurimac Region'),
(3890, 170, 'Cusco Region'),
(3891, 170, 'Lima Metropolitan Area'),
(3892, 170, 'Satipo'),
(3893, 170, 'Uchiza'),
(3894, 170, 'Cajamarca Region'),
(3895, 170, 'Puno Region'),
(3896, 170, 'San Juan de Marcona'),
(3897, 170, 'Arequipa Region'),
(3898, 170, 'Rodriquez de Mendoza'),
(3899, 170, 'Lima Province'),
(3900, 170, 'Tumbes Region'),
(3901, 170, 'Santa Maria'),
(3902, 170, 'Saposoa'),
(3903, 170, 'Leon Velarde'),
(3904, 170, 'Amazonas Region'),
(3905, 170, 'San Rafael'),
(3906, 170, 'La Libertad Region'),
(3907, 170, 'San Francisco'),
(3908, 170, 'Ica Region'),
(3909, 170, 'Shiringayoc'),
(3910, 170, 'Tacna Region'),
(3911, 170, 'Piura Region'),
(3912, 170, 'Madre de Dios Region'),
(3913, 170, 'Vitor'),
(3914, 228, 'Artigas'),
(3915, 228, 'Colonia'),
(3916, 228, 'Durazno'),
(3917, 228, 'Maldonado'),
(3918, 228, 'Melo'),
(3919, 228, 'Montevideo'),
(3920, 228, 'Punta del Este'),
(3921, 228, 'Paysandu'),
(3922, 228, 'Rivera'),
(3923, 228, 'Salto'),
(3924, 228, 'Tacuarembo'),
(3925, 228, 'Treinta y Tres'),
(3926, 228, 'Vichadero'),
(3927, 232, 'Acarigua'),
(3928, 232, 'Anzoategui'),
(3929, 232, 'Barinas State'),
(3930, 232, 'Aragua'),
(3931, 232, 'Barquisimeto'),
(3932, 232, 'Bolivar'),
(3933, 232, 'Caicara del Orinoco'),
(3934, 232, 'Guarico'),
(3935, 232, 'Canaima'),
(3936, 232, 'Lara'),
(3937, 232, 'Carupano'),
(3938, 232, 'Falcon'),
(3939, 232, 'El Dorado'),
(3940, 232, 'Apure'),
(3941, 232, 'Caracas Lacar'),
(3942, 232, 'Portuguesa'),
(3943, 232, 'Tachira'),
(3944, 232, 'Zulia'),
(3945, 232, 'Merida'),
(3946, 232, 'Isla Margarita'),
(3947, 232, 'Vargas (near Caracas)'),
(3948, 232, 'Monagas'),
(3949, 232, 'Carabobo'),
(3950, 232, 'Yaracuy'),
(3951, 232, 'San Tome'),
(3952, 232, 'Santa Barbara del Zulia'),
(3953, 232, 'Delta Amacuro'),
(3954, 232, 'Tumeremo'),
(3955, 232, 'El Vigia'),
(3956, 94, 'Annai'),
(3957, 94, 'Baramita'),
(3958, 94, 'Bartica'),
(3959, 94, 'Ogle'),
(3960, 94, 'Imbaimadai'),
(3961, 94, 'Kamarang'),
(3962, 94, 'Karanambo'),
(3963, 94, 'Karasabai'),
(3964, 94, 'Kato'),
(3965, 94, 'Lethem'),
(3966, 94, 'Mabaruma'),
(3967, 94, 'Mahdia'),
(3968, 94, 'Guyana'),
(3969, 94, 'New Amsterdam'),
(3970, 94, 'Orinduik'),
(3971, 94, 'Paruima'),
(3972, 10, 'Antigua'),
(3973, 10, 'Barbuda'),
(3974, 20, 'Bridgetown'),
(3975, 62, 'Roseau'),
(3976, 62, 'Marigot'),
(3977, 89, 'La Desirade'),
(3978, 89, 'Basse-Terre'),
(3979, 89, 'Grande-Terre'),
(3980, 89, 'Marie-Galante'),
(3981, 89, 'Les Saintes'),
(3982, 136, 'Fort-de-France'),
(3983, 88, 'Grenville'),
(3984, 88, 'St. George\\''s'),
(3985, 88, 'Carriacou Island'),
(3986, 235, 'St. Thomas'),
(3987, 235, 'St. Croix'),
(3988, 175, 'Arecibo'),
(3989, 175, 'Aquadilla Borinquen'),
(3990, 175, 'Vieques'),
(3991, 175, 'Culebra'),
(3992, 175, 'Fajardo'),
(3993, 175, 'San Juan'),
(3994, 175, 'Mayaguez'),
(3995, 175, 'Ceiba'),
(3996, 175, 'Ponce'),
(3997, 182, 'Saint Kitts'),
(3998, 182, 'Nevis'),
(3999, 183, 'Saint Lucia'),
(4000, 152, 'Bonaire'),
(4001, 152, 'Sint Eustatius'),
(4002, 152, 'Saba'),
(4003, 13, 'Aruba'),
(4004, 152, 'Curacao'),
(4005, 152, 'Curacao'),
(4006, 152, 'Sint Maarten'),
(4007, 8, 'The Valley'),
(4008, 145, 'Gerald\\''s Park'),
(4009, 217, 'Tobago'),
(4010, 234, 'Anegada'),
(4011, 234, 'Beef Island / Tortola'),
(4012, 234, 'Virgin Gorda'),
(4013, 185, 'Grenadines'),
(4014, 185, 'Saint Vincent'),
(4015, 25, 'Ferry Reach'),
(4016, 152, 'Grand Case'),
(4017, 179, 'Russia'),
(4018, 179, 'Belarus'),
(4019, 111, 'Kazakhstan'),
(4020, 117, 'Kyrgyzstan'),
(4021, 117, 'Tamchy, Kyrgyzstan'),
(4022, 16, 'Baku'),
(4023, 16, 'Ganja'),
(4024, 16, 'Nakhchivan'),
(4025, 16, 'Lenkoran'),
(4026, 16, 'Zagatala'),
(4027, 16, 'Yevlakh'),
(4028, 82, 'Abkhazia'),
(4029, 224, 'Ukraine'),
(4030, 220, 'Turkmenistan'),
(4031, 211, 'Tajikistan'),
(4032, 229, 'Uzbekistan'),
(4033, 101, 'Karnataka'),
(4034, 101, 'Gujarat'),
(4035, 101, 'Maharashtra'),
(4036, 101, 'Chhattisgarh'),
(4037, 101, 'Gujarat, India'),
(4038, 101, 'Madhya Pradesh'),
(4039, 101, 'Daman & Diu'),
(4040, 101, 'Daparizo'),
(4041, 101, 'Guna'),
(4042, 101, 'Goa'),
(4043, 101, 'Rajasthan'),
(4044, 101, 'Arunachal Pradesh'),
(4045, 101, 'Tripura'),
(4046, 101, 'Mizoram'),
(4047, 101, 'West Bengal'),
(4048, 101, 'Meghalaya'),
(4049, 101, 'Orissa'),
(4050, 101, 'Assam'),
(4051, 101, 'Jharkhand'),
(4052, 101, 'Uttar Pradesh'),
(4053, 101, 'Bihar'),
(4054, 101, 'Manipur'),
(4055, 101, 'Nagaland'),
(4056, 101, 'Andhra Pradesh'),
(4057, 101, 'Haryana'),
(4058, 101, 'Punjab'),
(4059, 101, 'Himachal Pradesh'),
(4060, 101, 'Haryana and Punjab'),
(4061, 101, 'Delhi'),
(4062, 101, 'Uttarakhand'),
(4063, 101, 'New Delhi'),
(4064, 101, 'Jammu'),
(4065, 101, 'Jammu and Kashmir'),
(4066, 101, 'Uttarlai'),
(4067, 101, 'Tamil Nadu'),
(4068, 101, 'Kerala'),
(4069, 101, 'Car Nicobar'),
(4070, 101, 'Neyvafli'),
(4071, 101, 'Port Blair'),
(4072, 101, 'Puducherry'),
(4073, 202, 'Western Province'),
(4074, 202, 'North Central Province'),
(4075, 202, 'Eastern'),
(4076, 202, 'Gal Oya'),
(4077, 202, 'Northern'),
(4078, 202, 'Southern Province'),
(4079, 202, 'Hambantota'),
(4080, 37, 'Battambang'),
(4081, 37, 'Kampong Cham'),
(4082, 37, 'Kompong Chhnang'),
(4083, 37, 'Koh Kong Province'),
(4084, 37, 'Kratie'),
(4085, 37, 'Mondulkiri'),
(4086, 37, 'Phnom Penh'),
(4087, 37, 'Ratanankiri'),
(4088, 37, 'Siem Reap'),
(4089, 37, 'Stung Treng'),
(4090, 37, 'Sihanoukville'),
(4091, 1, 'Barisal'),
(4092, 19, 'Cox\\''s Bazar'),
(4093, 19, 'Ishurdi'),
(4094, 19, 'Khulna'),
(4095, 19, 'Shamshernagar'),
(4096, 98, 'Chek Lap Kok'),
(4097, 98, 'Kowloon'),
(4098, 98, 'Shek Kong'),
(4099, 98, 'Sheung Wan'),
(4100, 118, 'Vientiane'),
(4101, 118, 'Attopeu'),
(4102, 118, 'Ban Hat Tai'),
(4103, 118, 'Khong Island'),
(4104, 118, 'Luang Prabang'),
(4105, 118, 'Luang Namtha'),
(4106, 118, 'Muang Xay'),
(4107, 118, 'Pakse'),
(4108, 118, 'Sayaboury'),
(4109, 118, 'Savannakhet'),
(4110, 118, 'Sam Neua'),
(4111, 118, 'Saravane'),
(4112, 118, 'Thakhek'),
(4113, 118, 'Vientiane (Viangchan)'),
(4114, 118, 'Xieng Khouang'),
(4115, 127, 'Taipa Island (Ilha da Taipa)'),
(4116, 151, 'Bajhang'),
(4117, 151, 'Bhojpur'),
(4118, 151, 'Baglung'),
(4119, 151, 'Bharatpur'),
(4120, 151, 'Bajura'),
(4121, 151, 'Baitadi'),
(4122, 151, 'Bhairahawa'),
(4123, 151, 'Dolpa'),
(4124, 151, 'Jumla'),
(4125, 151, 'Kathmandu'),
(4126, 151, 'Lamidanda'),
(4127, 151, 'Lukla'),
(4128, 151, 'Langtang'),
(4129, 151, 'Manang'),
(4130, 151, 'Meghauli'),
(4131, 151, 'Mahendranagar'),
(4132, 151, 'Nepalgunj'),
(4133, 151, 'Pokhara'),
(4134, 151, 'Phaplu'),
(4135, 151, 'Rajbiraj'),
(4136, 151, 'Ramechhap'),
(4137, 151, 'Rukumkot'),
(4138, 151, 'Rolpa'),
(4139, 151, 'Rumjatar'),
(4140, 151, 'Syanboche'),
(4141, 151, 'Surkhet'),
(4142, 151, 'Sanfebagar'),
(4143, 151, 'Simikot'),
(4144, 151, 'Taplejung'),
(4145, 151, 'Tikapur'),
(4146, 151, 'Tumlingtar'),
(4147, 151, 'Biratnagar'),
(4148, 26, 'Paro'),
(4149, 26, 'Thimbu'),
(4150, 132, 'Seenu Atoll'),
(4151, 132, 'Haa Dhaalu Atoll'),
(4152, 132, 'Laamu Atoll'),
(4153, 132, 'North Male Atoll'),
(4154, 132, 'Gaafu Dhaalu Atoll'),
(4155, 213, 'Chantaburi (Chanthaburi)'),
(4156, 213, 'Bangkok'),
(4157, 213, 'Pattaya'),
(4158, 213, 'Kanchanaburi'),
(4159, 213, 'Lopburi'),
(4160, 213, 'Prachuap Khiri Khan'),
(4161, 213, 'Trat'),
(4162, 213, 'Samut Prakan (near Bangkok)'),
(4163, 213, 'Chonburi (Chon Buri)'),
(4164, 213, 'Rayong (near Pattaya)'),
(4165, 213, 'Watthana Nakhon / Prachin Buri'),
(4166, 213, 'Chiang Mai'),
(4167, 213, 'Mae Hong Son'),
(4168, 213, 'Lampang'),
(4169, 213, 'Nan'),
(4170, 213, 'Lamphun'),
(4171, 213, 'Phrae'),
(4172, 213, 'Chiang Rai'),
(4173, 213, 'Mae Sariang'),
(4174, 213, 'Phetchabun'),
(4175, 213, 'Hua Hin / Prachuap Khiri Khan'),
(4176, 213, 'Nakhon Sawan'),
(4177, 213, 'Lom Sak / Phetchabun'),
(4178, 213, 'Mae Sot'),
(4179, 213, 'Sukhothai'),
(4180, 213, 'Phitsanulok'),
(4181, 213, 'Photharam'),
(4182, 213, 'Tak'),
(4183, 213, 'Uttaradit'),
(4184, 213, 'Phumipol Dam / Khuan Phumiphon'),
(4185, 213, 'Surat Thani'),
(4186, 213, 'Narathiwat'),
(4187, 213, 'Chumphon'),
(4188, 213, 'Nakhon Si Thammarat'),
(4189, 213, 'Krabi'),
(4190, 213, 'Songkhla'),
(4191, 213, 'Pattani'),
(4192, 213, 'Ko Samui (Ko Samui)'),
(4193, 213, 'Phuket'),
(4194, 213, 'Ranong'),
(4195, 213, 'Hat Yai / Songkhla'),
(4196, 213, 'Trang'),
(4197, 213, 'Udon Thani'),
(4198, 213, 'Sakon Nakhon'),
(4199, 213, 'Surin'),
(4200, 213, 'Khon Kaen'),
(4201, 213, 'Loei'),
(4202, 213, 'Nakhon Ratchasima (Khorat)'),
(4203, 213, 'Buriram (Buri Ram)'),
(4204, 213, 'Roi Et (Roiet)'),
(4205, 213, 'Ubon Ratchathani'),
(4206, 213, 'Nakhon Phanom'),
(4207, 233, 'Buon Ma Thuot'),
(4208, 233, 'Hai Phong'),
(4209, 233, 'Da Lat'),
(4210, 233, 'Ca Mau'),
(4211, 233, 'Nha Trang'),
(4212, 233, 'Con Dao'),
(4213, 233, 'Can Tho'),
(4214, 233, 'Dien Bien Phu'),
(4215, 233, 'Da Nang'),
(4216, 233, 'Hanoi'),
(4217, 233, 'Son La'),
(4218, 233, 'Hue'),
(4219, 233, 'Qui Nhon'),
(4220, 233, 'Pleiku'),
(4221, 233, 'Phu Quoc'),
(4222, 233, 'Phan Thiet'),
(4223, 233, 'Rach Gia'),
(4224, 233, 'Tuy Hoa'),
(4225, 233, 'Ho Chi Minh City'),
(4226, 233, 'Vinh'),
(4227, 148, 'Anisakan'),
(4228, 148, 'Bagan (Pagan)'),
(4229, 148, 'Bhamo'),
(4230, 148, 'Coco Island'),
(4231, 148, 'Mandalay'),
(4232, 148, 'Dawei (Tavoy)'),
(4233, 148, 'Naypyidaw'),
(4234, 148, 'Gangaw'),
(4235, 148, 'Gwa'),
(4236, 148, 'Hmawby'),
(4237, 148, 'Heho'),
(4238, 148, 'Homalin (Hommalin)'),
(4239, 148, 'Tilin'),
(4240, 148, 'Kengtung (Kengtong)'),
(4241, 148, 'Khamti'),
(4242, 148, 'Kalaymyo (Kalemyo)'),
(4243, 148, 'Kyaukpyu');
INSERT INTO `states` (`state_id`, `country_id`, `state_name`) VALUES
(4244, 148, 'Kawthaung (Kawthoung)'),
(4245, 148, 'Kyauktu'),
(4246, 148, 'Loikaw'),
(4247, 148, 'Lashio'),
(4248, 148, 'Lanywa'),
(4249, 148, 'Myeik (Mergui)'),
(4250, 148, 'Myitkyina (Pamti)'),
(4251, 148, 'Meiktila'),
(4252, 148, 'Mawlamyaing (Mawlamyine)'),
(4253, 148, 'Manaung'),
(4254, 148, 'Momeik'),
(4255, 148, 'Monghsat (Mong Hsat)'),
(4256, 148, 'Mong-Tong (Hong Ton)'),
(4257, 148, 'Magwe'),
(4258, 148, 'Monywar'),
(4259, 148, 'Myitkyina'),
(4260, 148, 'Namsang'),
(4261, 148, 'Namtu'),
(4262, 148, 'Hpa-An (Pa-An)'),
(4263, 148, 'Pauk'),
(4264, 148, 'Pathein (Bassein)'),
(4265, 148, 'Hpapun'),
(4266, 148, 'Putao'),
(4267, 148, 'Pakokku'),
(4268, 148, 'Pyay (Prome)'),
(4269, 148, 'Shante'),
(4270, 148, 'Sittwe'),
(4271, 148, 'Thandwe'),
(4272, 148, 'Tachilek (Tachileik)'),
(4273, 148, 'Ye'),
(4274, 148, 'Yangon (Rangoon)'),
(4275, 102, 'South Sulawesi'),
(4276, 102, 'Bau Bau'),
(4277, 102, 'West Sulawesi'),
(4278, 102, 'Masamba'),
(4279, 102, 'Soroako'),
(4280, 102, 'South East Sulawesi'),
(4281, 102, 'Papua'),
(4282, 102, 'Moanamani'),
(4283, 102, 'Noemfoor'),
(4284, 102, 'Wagethe'),
(4285, 102, 'Nabire'),
(4286, 102, 'Ilaga (Papua)'),
(4287, 102, 'Tembagapura'),
(4288, 102, 'Enarotali'),
(4289, 102, 'Lombok'),
(4290, 102, 'Arso'),
(4291, 102, 'Bokondini'),
(4292, 102, 'Lereh'),
(4293, 102, 'Mulia'),
(4294, 102, 'Oksibil'),
(4295, 102, 'Waris'),
(4296, 102, 'Senggeh'),
(4297, 102, 'Wamena'),
(4298, 102, 'Mindiptana'),
(4299, 102, 'Bade'),
(4300, 102, 'Merauke'),
(4301, 102, 'Okaba'),
(4302, 102, 'Kepi'),
(4303, 102, 'Tanah Merah'),
(4304, 102, 'East Kalimantan'),
(4305, 102, 'Galela'),
(4306, 102, 'Naha'),
(4307, 102, 'Toli Toli'),
(4308, 102, 'Central Sulawesi'),
(4309, 102, 'North Sulawesi'),
(4310, 102, 'Melangguane'),
(4311, 102, 'Maluku Islands'),
(4312, 102, 'West Papua'),
(4313, 102, 'Dobo'),
(4314, 102, 'Mangole Island'),
(4315, 102, 'Saumlaki'),
(4316, 102, 'Langgur'),
(4317, 102, 'Sanana'),
(4318, 102, 'Maluku'),
(4319, 102, 'Namlea'),
(4320, 102, 'Taliabu'),
(4321, 102, 'Madiun'),
(4322, 102, 'Sidoarjo (near Surabaya)'),
(4323, 102, 'Ransiki'),
(4324, 102, 'Kebar'),
(4325, 102, 'Fak Fak'),
(4326, 102, 'Inanwatan'),
(4327, 102, 'Kaimana'),
(4328, 102, 'Merdei'),
(4329, 102, 'Babo'),
(4330, 102, 'Manokwari'),
(4331, 102, 'Sorong'),
(4332, 102, 'Teminabuan'),
(4333, 102, 'Wasior'),
(4334, 102, 'East Nusa Tenggara'),
(4335, 102, 'Aceh'),
(4336, 102, 'East Java'),
(4337, 102, 'Riau'),
(4338, 102, 'Sipura'),
(4339, 102, 'Tanjung Balai'),
(4340, 102, 'Banten'),
(4341, 102, 'West Java'),
(4342, 102, 'Riau Islands'),
(4343, 102, 'Jakarta'),
(4344, 102, 'Central Java'),
(4345, 102, 'Banten (near Jakarta)'),
(4346, 102, 'Yogyakarta (special region)'),
(4347, 102, 'Lampung'),
(4348, 102, 'Tanjung Pandan'),
(4349, 102, 'Bangka-Belitung Islands'),
(4350, 102, 'South Sumatra'),
(4351, 102, 'North Sumatra'),
(4352, 102, 'Padang Sidempuan'),
(4353, 102, 'West Sumatra'),
(4354, 102, 'Kalimantan'),
(4355, 102, 'Ketapang'),
(4356, 102, 'Riau Province'),
(4357, 102, 'West Kalimantan'),
(4358, 102, 'Putussibau'),
(4359, 102, 'Sintang'),
(4360, 102, 'Jambi'),
(4361, 102, 'Bengkulu'),
(4362, 102, 'Pendopo'),
(4363, 102, 'Sumatra'),
(4364, 102, 'Keluang'),
(4365, 102, 'Tapak Tuan'),
(4366, 102, 'Primapun'),
(4367, 102, 'South Kalimantan'),
(4368, 102, 'Pangkalan Bun'),
(4369, 102, 'Kotabaru'),
(4370, 102, 'Central Kalimantan'),
(4371, 102, 'Sampit'),
(4372, 102, 'Atambua'),
(4373, 102, 'Bajawa'),
(4374, 102, 'Maumere'),
(4375, 102, 'Ruteng'),
(4376, 102, 'Larantuka'),
(4377, 102, 'Labuhan Bajo'),
(4378, 102, 'Long Bawan'),
(4379, 102, 'Bontang'),
(4380, 102, 'Tanah Grogot'),
(4381, 102, 'Long Apung'),
(4382, 102, 'Tanjung Santan'),
(4383, 102, 'West Nusa Tenggara'),
(4384, 102, 'Bima'),
(4385, 102, 'Cepu'),
(4386, 102, 'Sumenep'),
(4387, 33, 'Anduki / Seria'),
(4388, 33, 'Bandar Seri Begawan'),
(4389, 131, 'Long Atip'),
(4390, 131, 'Sarawak'),
(4391, 131, 'Long Geng'),
(4392, 131, 'Long Akah'),
(4393, 131, 'Sematan'),
(4394, 131, 'Lio Matu'),
(4395, 131, 'Tanjung Manis'),
(4396, 131, 'Sabah'),
(4397, 131, 'Telupid'),
(4398, 131, 'Tommanggong'),
(4399, 131, 'Sepulot'),
(4400, 131, 'Pamol'),
(4401, 131, 'Negeri Sembilan'),
(4402, 131, 'Johor'),
(4403, 131, 'Pahang'),
(4404, 131, 'Perak'),
(4405, 131, 'Grik'),
(4406, 131, 'Jendarata'),
(4407, 131, 'Sungai Tiang'),
(4408, 131, 'Sungei Patani'),
(4409, 131, 'Ulu Bernam'),
(4410, 131, 'Kroh'),
(4411, 131, 'Selangor'),
(4412, 131, 'Gong Kedak Terengganu'),
(4413, 131, 'Kedah'),
(4414, 131, 'Penang'),
(4415, 131, 'Kelantan'),
(4416, 131, 'Terengganu'),
(4417, 131, 'Kuala Lumpur'),
(4418, 131, 'Malacca'),
(4419, 131, 'Lutong'),
(4420, 131, 'Pulau Pangkor'),
(4421, 131, 'Pulau Redang'),
(4422, 64, 'Atauro'),
(4423, 64, 'Suai'),
(4424, 64, 'Dili'),
(4425, 64, 'Baucau'),
(4426, 64, 'Fuiloro'),
(4427, 64, 'Maliana'),
(4428, 64, 'Oecussi'),
(4429, 64, 'Viqueque'),
(4430, 194, 'Singapore'),
(4431, 194, 'Tengah'),
(4432, 194, 'Seletar'),
(4433, 194, 'Changi'),
(4434, 14, 'Western Australia'),
(4435, 14, 'Queensland'),
(4436, 14, 'New South Wales'),
(4437, 14, 'Northern Territory'),
(4438, 14, 'Cobar'),
(4439, 14, 'Tasmania'),
(4440, 14, 'South Australia'),
(4441, 14, 'Australia'),
(4442, 14, 'Victoria near Ballan'),
(4443, 14, 'Cocos (Keeling) Islands'),
(4444, 14, 'Christmas Island'),
(4445, 14, 'Australian Capital Territory'),
(4446, 14, 'Norfolk Island'),
(4447, 45, 'Beijing'),
(4448, 45, 'Inner Mongolia'),
(4449, 45, 'Shanxi'),
(4450, 45, 'Hebei'),
(4451, 45, 'Tianjin'),
(4452, 45, 'Guangxi'),
(4453, 45, 'Guangdong'),
(4454, 45, 'Hunan'),
(4455, 45, 'Henan'),
(4456, 45, 'Hubei'),
(4457, 45, 'Hainan'),
(4458, 45, 'Gansu'),
(4459, 45, 'Qinghai'),
(4460, 45, 'Shaanxi'),
(4461, 45, 'Ningxia'),
(4462, 45, 'Shandong'),
(4463, 45, 'Yunnan'),
(4464, 45, 'Fujian'),
(4465, 45, 'Anhui'),
(4466, 45, 'Jiangsu'),
(4467, 45, 'Jiangxi'),
(4468, 45, 'Zhejiang'),
(4469, 45, 'Shanghai'),
(4470, 45, 'Tibet Autonomous Region'),
(4471, 45, 'Chongqing'),
(4472, 45, 'Sichuan'),
(4473, 45, 'Guizhou'),
(4474, 45, 'Xinjiang'),
(4475, 45, 'Liaoning'),
(4476, 45, 'Jilin'),
(4477, 45, 'Heilongjiang'),
(4478, 114, 'Pyongyang'),
(4479, 144, 'Ovorkhangai'),
(4480, 144, 'Govi-Altai'),
(4481, 144, 'Bayankhongor'),
(4482, 144, 'Bulgan'),
(4483, 144, 'Khovd'),
(4484, 144, 'Sukhbaatar '),
(4485, 144, 'Dornod'),
(4486, 144, 'Omnogovi'),
(4487, 144, 'Dundgovi'),
(4488, 144, 'Khovsgol'),
(4489, 144, 'Arkhangai'),
(4490, 144, 'Ulan Bator (Ulaanbaatar)'),
(4491, 144, 'Uvs'),
(4492, 144, 'Khentii'),
(4493, 144, 'Bayan Olgii'),
(4494, 76, 'St. Jean'),
(4495, 19, 'Magura');

-- --------------------------------------------------------

--
-- Table structure for table `subscribers`
--

CREATE TABLE IF NOT EXISTS `subscribers` (
  `id` bigint(20) NOT NULL AUTO_INCREMENT,
  `name` varchar(255) COLLATE utf8_unicode_ci DEFAULT NULL,
  `email` varchar(255) COLLATE utf8_unicode_ci DEFAULT NULL,
  `un_sub` tinyint(4) DEFAULT '0',
  `s_date` datetime DEFAULT NULL,
  PRIMARY KEY (`id`)
) ENGINE=InnoDB  DEFAULT CHARSET=utf8 COLLATE=utf8_unicode_ci AUTO_INCREMENT=9 ;

--
-- Dumping data for table `subscribers`
--

INSERT INTO `subscribers` (`id`, `name`, `email`, `un_sub`, `s_date`) VALUES
(1, 'Dev6', 'dev6@eicra.com', 0, '0000-00-00 00:00:00'),
(2, 'Maruf', 'dev4@eicra.com', 1, '0000-00-00 00:00:00'),
(3, 'Joel', 'joel@eicra.com', 1, '0000-00-00 00:00:00'),
(4, 'Shamin', 'dev5@eicra.com', 1, '0000-00-00 00:00:00'),
(5, 'Toma', 'dev1@eicra.com', 1, '0000-00-00 00:00:00'),
(6, 'Nasrul', 'support@eicra.com', 1, '0000-00-00 00:00:00'),
(7, 'test', 'test@eicrasoft.com', 0, '2011-09-14 11:23:09'),
(8, 'sadsa', 'xcz@dsfs.com', 0, '2012-02-02 03:41:19');

-- --------------------------------------------------------

--
-- Table structure for table `vote_banned_ips`
--

CREATE TABLE IF NOT EXISTS `vote_banned_ips` (
  `id` int(11) NOT NULL AUTO_INCREMENT,
  `ip` varchar(255) COLLATE utf8_unicode_ci DEFAULT NULL,
  `created` timestamp NOT NULL DEFAULT CURRENT_TIMESTAMP,
  PRIMARY KEY (`id`)
) ENGINE=InnoDB  DEFAULT CHARSET=utf8 COLLATE=utf8_unicode_ci AUTO_INCREMENT=88 ;

--
-- Dumping data for table `vote_banned_ips`
--

INSERT INTO `vote_banned_ips` (`id`, `ip`, `created`) VALUES
(86, 'fasfafaf', '2011-10-30 22:30:43'),
(87, 'fasfasf', '2011-10-30 22:30:45');

-- --------------------------------------------------------

--
-- Table structure for table `vote_closed_items`
--

CREATE TABLE IF NOT EXISTS `vote_closed_items` (
  `id` int(11) NOT NULL AUTO_INCREMENT,
  `table_name` varchar(255) COLLATE utf8_unicode_ci DEFAULT NULL,
  `table_id` int(11) DEFAULT NULL,
  `created` timestamp NOT NULL DEFAULT CURRENT_TIMESTAMP,
  PRIMARY KEY (`id`)
) ENGINE=InnoDB  DEFAULT CHARSET=utf8 COLLATE=utf8_unicode_ci AUTO_INCREMENT=11 ;

--
-- Dumping data for table `vote_closed_items`
--

INSERT INTO `vote_closed_items` (`id`, `table_name`, `table_id`, `created`) VALUES
(10, 'gallery', 1, '2011-10-29 23:04:46');

-- --------------------------------------------------------

--
-- Table structure for table `vote_voting`
--

CREATE TABLE IF NOT EXISTS `vote_voting` (
  `id` int(11) NOT NULL AUTO_INCREMENT,
  `table_name` varchar(255) COLLATE utf8_unicode_ci DEFAULT NULL,
  `table_id` int(11) NOT NULL,
  `article_title` varchar(255) COLLATE utf8_unicode_ci DEFAULT NULL,
  `vote_value` int(11) DEFAULT NULL,
  `ip` varchar(255) COLLATE utf8_unicode_ci DEFAULT NULL,
  `date` timestamp NOT NULL DEFAULT CURRENT_TIMESTAMP,
  PRIMARY KEY (`id`)
) ENGINE=InnoDB  DEFAULT CHARSET=utf8 COLLATE=utf8_unicode_ci AUTO_INCREMENT=97 ;

--
-- Dumping data for table `vote_voting`
--

INSERT INTO `vote_voting` (`id`, `table_name`, `table_id`, `article_title`, `vote_value`, `ip`, `date`) VALUES
(1, 'hotels_page', 1, 'Oasis Beach Tower Apartments', 1, '127.0.0.1', '2011-10-30 18:37:06'),
(2, 'hotels_page', 2, 'Al Qasr Hotel, Madinat Jumeirah', -1, '127.0.0.1', '2011-10-30 18:37:14'),
(3, 'hotels_page', 3, 'Hotel Splendide Royal - Small Luxury Hotels of World', 1, '127.0.0.1', '2011-10-30 18:37:16'),
(4, 'hotels_page', 4, 'Radisson Royal Hotel Dubai', -1, '127.0.0.1', '2011-10-30 18:37:19'),
(5, 'vacationrentals_page', 3, 'Seascape - Nautilus 1', 1, '127.0.0.1', '2011-10-30 18:38:13'),
(6, 'vacationrentals_page', 1, 'Romantic Private Cottage in the Mountains', -1, '127.0.0.1', '2011-10-30 18:38:15'),
(7, 'vacationrentals_page', 2, 'South Kensington Chic Two Bedroom Apartment', 1, '127.0.0.1', '2011-10-30 18:38:16'),
(8, 'vacationrentals_page', 4, 'Nazrul test', -1, '127.0.0.1', '2011-10-30 18:38:18'),
(9, 'vacationrentals_page', 5, 'Time-Out-Atlantic-Beach-Vacation-Home', 1, '127.0.0.1', '2011-10-30 18:38:19'),
(10, 'vacationrentals_page', 6, 'Forest Pines 1-11', 1, '127.0.0.1', '2011-10-30 18:38:43'),
(11, 'vacationrentals_page', 7, 'Seculded Quebec Territory for those that want a wilderness adventure and total privacy.', -1, '127.0.0.1', '2011-10-30 18:38:45'),
(12, 'vacationrentals_page', 8, 'Lotus Beach Villa', 1, '127.0.0.1', '2011-10-30 18:38:46'),
(13, 'vacationrentals_page', 9, 'Luxury Austrian Vacation Home - World Class Skiing', -1, '127.0.0.1', '2011-10-30 18:38:48'),
(14, 'vacationrentals_page', 10, 'Absolutely the Best Kailua-Kona 1BR in Alii Villas Complex', 1, '127.0.0.1', '2011-10-30 18:38:50'),
(15, 'vacationrentals_page', 11, 'Grand Juniper Chalet', 1, '127.0.0.1', '2011-10-30 18:38:58'),
(16, 'vacationrentals_page', 12, 'Luxurious Riverside Apartment', -1, '127.0.0.1', '2011-10-30 18:38:59'),
(17, 'vacationrentals_page', 14, 'Arrabelle 655', 1, '127.0.0.1', '2011-10-30 18:39:00'),
(18, 'vacationrentals_page', 13, 'Sundial P201-Beautiful view', 1, '127.0.0.1', '2011-10-30 18:39:03'),
(19, 'vacationrentals_page', 15, 'Kadenwood #2972', 1, '127.0.0.1', '2011-10-30 18:39:06'),
(20, 'vacationrentals_page', 16, 'Test Nazrul', 1, '127.0.0.1', '2011-10-30 18:39:16'),
(21, 'vacationrentals_page', 17, 'Apartment Sol, Beautifully Sun Filled, Manhattan', -1, '127.0.0.1', '2011-10-30 18:39:17'),
(22, 'vacationrentals_page', 18, 'Incredible Mont Tremblant Area Luxury Log Home With On-Site Spa, Gym & Restaurant!', 1, '127.0.0.1', '2011-10-30 18:39:18'),
(23, 'vacationrentals_page', 19, 'A Slice of Heaven in Nova Scotia', -1, '127.0.0.1', '2011-10-30 18:39:19'),
(24, 'vacationrentals_page', 20, 'Vadakkathu Houseboats', 1, '127.0.0.1', '2011-10-30 18:39:20'),
(25, 'vacationrentals_page', 21, 'Benyasiri, Villa 15 - Samsara', 1, '127.0.0.1', '2011-10-30 18:39:30'),
(26, 'vacationrentals_page', 22, 'Bitterbrush 4', -1, '127.0.0.1', '2011-10-30 18:39:30'),
(27, 'vacationrentals_page', 23, 'Hackensack Resort with Lake Front Cabins', 1, '127.0.0.1', '2011-10-30 18:39:32'),
(28, 'vacationrentals_page', 24, 'Ohana Beach House', 1, '127.0.0.1', '2011-10-30 18:39:34'),
(29, 'hotels_page', 5, 'Amigos Hotel', -1, '127.0.0.1', '2011-11-09 23:14:03'),
(30, 'hotels_page', 7, 'K West Hotel London', 1, '127.0.0.1', '2011-11-09 23:14:04'),
(31, 'hotels_page', 8, 'Harbour Plaza North Point Hotel Hong Kong', -1, '127.0.0.1', '2011-11-09 23:14:07'),
(32, 'hotels_page', 9, 'Ascott Raffles Place Singapore', 1, '127.0.0.1', '2011-11-09 23:14:08'),
(33, 'hotels_page', 10, 'Ameritania Hotel', -1, '127.0.0.1', '2011-11-09 23:14:09'),
(34, 'hotels_page', 11, 'Nikko Bali Resort & Spa', 1, '127.0.0.1', '2011-11-09 23:14:11'),
(35, 'hotels_page', 12, 'K+K Hotel am Harras', 0, '127.0.0.1', '2011-11-09 23:14:25'),
(36, 'hotels_page', 13, 'Lancaster London formerly Royal Lancaster', 1, '127.0.0.1', '2011-11-09 23:14:26'),
(37, 'hotels_page', 14, 'Hilton Financial District San Francisco', -1, '127.0.0.1', '2011-11-09 23:14:28'),
(38, 'hotels_page', 15, 'Park Regis City Centre Sydney', 1, '127.0.0.1', '2011-11-09 23:14:29'),
(39, 'hotels_page', 16, 'Crowne Plaza Newcastle Hotel', -1, '127.0.0.1', '2011-11-09 23:14:31'),
(40, 'hotels_page', 17, 'Castiglione Hotel Paris', 1, '127.0.0.1', '2011-11-09 23:14:33'),
(41, 'hotels_page', 18, 'Novotel Peace Hotel Beijing', -1, '127.0.0.1', '2011-11-09 23:14:35'),
(42, 'hotels_page', 19, 'Grand City Hotel Berlin Hamburg Zentrum', 1, '127.0.0.1', '2011-11-09 23:14:36'),
(43, 'hotels_page', 20, 'UNA Hotel Rome', -1, '127.0.0.1', '2011-11-09 23:14:38'),
(44, 'hotels_page', 21, 'Balmes Hotel Barcelona', 1, '127.0.0.1', '2011-11-09 23:14:39'),
(45, 'tours_page', 1, 'Stonehenge, Windsor Castle and Bath Day Trip from London', 1, '127.0.0.1', '2011-12-07 17:46:14'),
(46, 'tours_page', 3, 'River Kwai with Death Railway in Kanchanaburi - Bangkok Thailand', -1, '127.0.0.1', '2011-12-07 17:46:16'),
(47, 'tours_page', 6, 'Niagara Falls Power Pass (Access to Many Attractions for 1 LOW Price!!)', -1, '127.0.0.1', '2011-12-07 17:46:18'),
(48, 'tours_page', 5, 'Vatican Museums Walking Tour including Sistine Chapel, Raphael\\''s Rooms and St Peter\\''s', -1, '127.0.0.1', '2011-12-07 17:46:19'),
(49, 'tours_page', 7, 'Spectacular South Island with Sydney & Fiji', 1, '127.0.0.1', '2011-12-07 17:46:21'),
(50, 'tours_page', 8, '4 Days Canada, Montreal, Ottawa, Toronto, Niagara Falls Bus Tour (Budget Tour)', -1, '127.0.0.1', '2011-12-07 17:46:22'),
(51, 'tours_page', 9, 'Christmastime In Bavaria & Austria', 1, '127.0.0.1', '2011-12-07 17:46:24'),
(52, 'tours_page', 10, 'Tuscany in One Day Sightseeing Tour', -1, '127.0.0.1', '2011-12-07 17:46:25'),
(53, 'tours_page', 11, 'Paris City Tour, Seine River Cruise and Eiffel Tower', 1, '127.0.0.1', '2011-12-07 17:46:26'),
(54, 'tours_page', 13, 'Scenic Norway', -1, '127.0.0.1', '2011-12-07 17:46:32'),
(55, 'tours_page', 15, '5-Day Best of Italy Trip', 1, '127.0.0.1', '2011-12-07 17:46:34'),
(56, 'tours_page', 18, 'The Heart of China & The Yangtze River with Bangkok', 1, '127.0.0.1', '2011-12-07 17:46:36'),
(57, 'tours_page', 20, 'Kuala Lumpur & Penang Wonder', 1, '127.0.0.1', '2011-12-07 17:46:37'),
(58, 'tours_page', 21, 'Enticing Bali', -1, '127.0.0.1', '2011-12-07 17:46:39'),
(59, 'tours_page', 22, 'Independent 3-Day Trip to Liverpool including the Beatles Story Experience', 1, '127.0.0.1', '2011-12-07 17:46:40'),
(60, 'tours_page', 23, '3-Day Bus Tour to Washington D.C. , Philadelphia, Niagara Falls from New York (Super Value Tour)', 1, '127.0.0.1', '2011-12-07 17:46:41'),
(61, 'tours_page', 2, 'Darjeeling Tour Packages', 1, '127.0.0.1', '2011-12-07 17:46:50'),
(62, 'tours_page', 4, 'Essence of Kashmir and Ladakh Tour', -1, '127.0.0.1', '2011-12-07 17:46:52'),
(63, 'tours_page', 12, 'The Original London Sightseeing''s Tour: Hop-on Hop-off', -1, '127.0.0.1', '2011-12-07 17:46:53'),
(64, 'tours_page', 14, 'Scenic Japan 5 Nights / 6 Days', 1, '127.0.0.1', '2011-12-07 17:46:54'),
(65, 'tours_page', 16, 'Erawan Waterfall and River Kwai Bridge Tour - Kanchanaburi Thailand', -1, '127.0.0.1', '2011-12-07 17:46:56'),
(66, 'tours_page', 17, '5-Day Nepal Extension Tour - Winter', 1, '127.0.0.1', '2011-12-07 17:46:57'),
(67, 'tours_page', 19, 'A Memorable Honeymoon Trip to India', -1, '127.0.0.1', '2011-12-07 17:46:58'),
(68, 'tours_page', 24, '5 Day East Coast: US from Washington D.C. (Standard Quality)', 1, '127.0.0.1', '2011-12-07 17:47:00'),
(69, 'flight_flights', 1, 'Tour Flight', 1, '127.0.0.1', '2011-12-12 22:25:24'),
(70, 'flight_flights', 3, 'tures1', -1, '127.0.0.1', '2011-12-12 23:22:47'),
(71, 'flight_flights', 4, 'rewr', 1, '127.0.0.1', '2011-12-12 23:22:50'),
(72, 'flight_flights', 11, 'Test', 1, '127.0.0.1', '2011-12-12 23:22:52'),
(73, 'flight_flights', 2, 'Usa Toure', 1, '127.0.0.1', '2011-12-13 18:44:16'),
(74, 'flight_flights', 12, 'London-New York', 1, '127.0.0.1', '2011-12-14 22:53:00'),
(75, 'flight_flights', 14, 'Usa Toure1', 1, '127.0.0.1', '2011-12-14 22:53:06'),
(76, 'flight_flights', 13, 'Saudi London - New York', 1, '127.0.0.1', '2011-12-14 22:53:12'),
(77, 'flight_flights', 15, 'Tour Flight1', 1, '127.0.0.1', '2011-12-14 22:54:04'),
(78, 'flight_flights', 16, 'Dhaka to America', -1, '127.0.0.1', '2011-12-14 22:54:09'),
(79, 'flight_flights', 22, 'Nepal to Canada', 1, '127.0.0.1', '2011-12-14 22:54:14'),
(80, 'flight_flights', 26, 'Alberta  to Albury', 1, '127.0.0.1', '2011-12-14 22:54:21'),
(81, 'flight_flights', 28, 'Eungella National Park to Bedfordshire', -1, '127.0.0.1', '2011-12-14 22:54:26'),
(82, 'property_page', 8, 'A Stunning 2 bed Flat to Let', 1, '127.0.0.1', '2011-12-31 20:12:21'),
(83, 'property_page', 5, 'A NICE 3 BEDROOMS HOUSE TO RENT', 1, '127.0.0.1', '2012-01-10 21:38:43'),
(84, 'property_page', 1, 'A EXELENT 3 BEDROOMS HOUSE TO RENT', 1, '127.0.0.1', '2012-01-14 21:46:14'),
(85, 'autos_page', 19, '2010 Toyota Corolla LE', 1, '127.0.0.1', '2012-02-12 16:18:55'),
(86, 'autos_page', 3, '2010 Toyota Matrix', -1, '127.0.0.1', '2012-02-12 16:18:59'),
(87, 'autos_page', 1, '2010 Toyota Corolla LE', 1, '127.0.0.1', '2012-02-12 16:19:01'),
(88, 'autos_page', 4, '2010 Honda Civic LX', 1, '127.0.0.1', '2012-02-13 21:19:17'),
(89, 'autos_page', 15, '2009 Kia Rio LX', -1, '127.0.0.1', '2012-02-13 21:19:18'),
(90, 'autos_page', 11, '2010 Nissan Rogue S', 1, '127.0.0.1', '2012-02-15 17:33:15'),
(91, 'autos_page', 8, 'Used 2008 Mitsubishi Eclipse SE', 0, '127.0.0.1', '2012-02-15 17:46:47'),
(92, 'autos_page', 7, 'Used 2009 Honda Civic Sedan Si', 1, '127.0.0.1', '2012-02-15 17:46:49'),
(93, 'autos_page', 10, 'Used 1997 Toyota Supra W-Sport RF Ltd ED', -1, '127.0.0.1', '2012-02-15 17:46:51'),
(94, 'autos_page', 24, 'Used 2010 Volvo S80 I6', -1, '127.0.0.1', '2012-02-15 17:46:53'),
(95, 'autos_page', 6, 'Used 2008 BMW 128i Convertible', 1, '127.0.0.1', '2012-02-15 17:52:21'),
(96, 'property_page', 53, '5714 Merrywing Circle, Austin TX 78730', 1, '127.0.0.1', '2012-03-20 17:03:22');