-- Table structure for table `forms_fields`
--

CREATE TABLE IF NOT EXISTS `forms_fields` (
  `id` int(11) NOT NULL AUTO_INCREMENT,
  `form_id` int(11) DEFAULT NULL,
  `field_name` varchar(255) COLLATE utf8_unicode_ci DEFAULT NULL,
  `field_group` varchar(255) COLLATE utf8_unicode_ci DEFAULT NULL,
  `group_order` int(11) DEFAULT '1',
  `field_id` varchar(255) COLLATE utf8_unicode_ci DEFAULT NULL,
  `field_class` varchar(255) COLLATE utf8_unicode_ci DEFAULT NULL,
  `field_type` varchar(255) COLLATE utf8_unicode_ci DEFAULT NULL,
  `field_width` varchar(255) COLLATE utf8_unicode_ci DEFAULT NULL,
  `field_height` varchar(255) COLLATE utf8_unicode_ci DEFAULT NULL,
  `field_separator` varchar(255) COLLATE utf8_unicode_ci DEFAULT NULL,
  `field_label` varchar(255) COLLATE utf8_unicode_ci DEFAULT NULL,
  `field_title` varchar(255) COLLATE utf8_unicode_ci DEFAULT NULL,
  `field_desc` text COLLATE utf8_unicode_ci,
  `field_option` text COLLATE utf8_unicode_ci,
  `field_default_value` varchar(255) COLLATE utf8_unicode_ci DEFAULT NULL,
  `regexpr` varchar(255) COLLATE utf8_unicode_ci DEFAULT NULL,
  `display_admin` enum('0','1') COLLATE utf8_unicode_ci DEFAULT '1',
  `display_frontend` enum('0','1') COLLATE utf8_unicode_ci DEFAULT '1',
  `required` enum('0','1') COLLATE utf8_unicode_ci DEFAULT '0',
  `field_order` int(11) DEFAULT '0',
  PRIMARY KEY (`id`)
) ENGINE=InnoDB  DEFAULT CHARSET=utf8 COLLATE=utf8_unicode_ci AUTO_INCREMENT=292 ;

--
-- Dumping data for table `forms_fields`
--

INSERT INTO `forms_fields` (`id`, `form_id`, `field_name`, `field_group`, `group_order`, `field_id`, `field_class`, `field_type`, `field_width`, `field_height`, `field_separator`, `field_label`, `field_title`, `field_desc`, `field_option`, `field_default_value`, `regexpr`, `display_admin`, `display_frontend`, `required`, `field_order`) VALUES
(1, 1, 'member_package', 'Partnership Package', 1, 'member_package', 'ui-widget-content ui-corner-all', 'select', '1', '10', '', 'Select a package :', 'Select a package', 'Select a package', '', '', 'Int', '1', '1', '1', 1),
(6, 2, 'g_name', 'General Form', 1, 'g_name', 'ui-widget-content ui-corner-all', 'text', '50', '10', '', 'Name :', 'Name', '', '', '', '', '1', '1', '1', 1),
(7, 2, 'g_subject', 'General Form', 1, 'g_subject', 'ui-widget-content ui-corner-all', 'text', '50', '10', '', 'Subject:', 'Subject', 'Subject', '', '', '', '1', '1', '0', 2),
(8, 2, 'attach_file1', 'General Form', 1, 'attach_file1', 'ui-widget-content ui-corner-all', 'file', '50', '10', '', 'Attach File1 :', 'Attach File1', 'Attach File1', '', '', '', '1', '1', '0', 3),
(9, 2, 'attach_file2', 'General Form', 1, 'attach_file2', 'ui-widget-content ui-corner-all', 'file', '50', '10', '', 'Attach File2 :', 'Attach File2', 'Attach File2', '', '', '', '1', '1', '0', 4),
(10, 2, 'g_message', 'General Form', 1, 'g_message', 'ui-widget-content ui-corner-all', 'textarea', '40', '7', '', 'Message :', 'Message', '', '', '', '', '1', '1', '1', 5),
(11, 3, 'o_name', 'Order Form', 1, 'o_name', 'ui-widget-content ui-corner-all', 'text', '50', '7', NULL, 'Name :', 'Name', 'Name', '', '', '', '1', '1', '1', 1),
(12, 3, 'o_product', 'Order Form', 1, 'o_product', 'ui-widget-content ui-corner-all', 'text', '50', '7', NULL, 'Product :', 'Product', 'Product', '', '', '', '1', '1', '1', 2),
(13, 3, 'o_upload', 'Order Form', 1, 'o_upload', 'ui-widget-content ui-corner-all', 'file', '50', '7', NULL, 'Upload File :', 'Upload File', 'Upload File', '', '', '', '1', '1', '0', 3),
(14, 3, 'o_message', 'Order Form', 1, 'o_message', 'ui-widget-content ui-corner-all', 'textarea', '40', '7', NULL, 'Message :', 'Message', 'Message', '', '', '', '1', '1', '1', 4),
(15, 4, 'friend_name', 'Send email to Friends', 1, 'friend_name', 'ui-widget-content ui-corner-all', 'text', '25', '10', '', 'Friend Name :', 'Friend Name', 'Friend Name', '', '', '', '1', '1', '1', 1),
(16, 4, 'to_email', 'Send email to Friends', 1, 'to_email', 'ui-widget-content ui-corner-all', 'text', '25', '10', '', 'Friends Email Address :', 'Friends Email Address', 'Friends Email Address', '', '', 'EmailAddress', '1', '1', '1', 2),
(17, 4, 'viewing_date', 'Send email to Friends', 1, 'viewing_date', 'ui-widget-content ui-corner-all', 'text', '20', '10', '', 'Prefered viewing date :', 'Prefered viewing date', 'Prefered viewing date', '', '', 'Date', '1', '1', '1', 3),
(18, 4, 'message', 'Send email to Friends', 1, 'message', 'ui-widget-content ui-corner-all', 'textarea', '20', '5', '', 'Message :', 'Message', 'message', '', '', '', '1', '1', '1', 4),
(19, 4, 'my_name', 'My Details', 2, 'my_name', 'ui-widget-content ui-corner-all', 'text', '25', '10', '', 'Name :', 'Name', 'Name', '', '', '', '1', '1', '1', 1),
(20, 4, 'from_email', 'My Details', 2, 'from_email', 'ui-widget-content ui-corner-all', 'text', '25', '10', '', 'Email :', 'Email', 'From Email', '', '', 'EmailAddress', '1', '1', '0', 2),
(21, 4, 'telephone', 'My Details', 2, 'telephone', 'ui-widget-content ui-corner-all', 'text', '25', '10', '', 'Telephone :', 'Telephone', 'Telephone', '', '', '/^[+0-9 ]+$/', '1', '1', '0', 3),
(22, 5, 'c_name', 'Contact Owner', 1, 'c_name', 'ui-widget-content ui-corner-all', 'text', '50', '10', '', 'Name :', 'Name', 'Please Enter Your Name', '', '', '', '1', '1', '1', 1),
(23, 5, 'c_email', 'Contact Owner', 1, 'c_email', 'ui-widget-content ui-corner-all', 'text', '50', '10', '', 'Email :', 'Email', '', '', '', 'EmailAddress', '1', '1', '0', 2),
(24, 5, 'c_message', 'Contact Owner', 1, 'c_message', 'ui-widget-content ui-corner-all', 'textarea', '40', '6', '', 'Message :', 'Message', '', '', '', '', '1', '1', '1', 3),
(25, 6, 'a_name', 'Appointment', 1, 'a_name', 'ui-widget-content ui-corner-all', 'text', '50', '10', '', 'Name :', 'Name', 'Please enter your name', '', '', '', '1', '1', '1', 1),
(26, 6, 'a_address', 'Appointment', 1, 'a_address', 'ui-widget-content ui-corner-all', 'text', '50', '10', '', 'Address :', 'Address', '', '', '', '', '1', '1', '1', 2),
(27, 6, 'a_city', 'Appointment', 1, 'a_city', 'ui-widget-content ui-corner-all', 'text', '50', '10', '', 'City :', 'City', '', '', '', '', '1', '1', '1', 3),
(28, 6, 'a_state', 'Appointment', 1, 'a_state', 'ui-widget-content ui-corner-all', 'text', '50', '10', '', 'State :', 'State', '', '', '', '', '1', '1', '1', 4),
(29, 6, 'a_country', 'Appointment', 1, 'a_country', 'ui-widget-content ui-corner-all', 'select', '1', '10', '', 'Country :', 'Country', '', '', '', '', '1', '1', '1', 5),
(30, 6, 'a_phone', 'Appointment', 1, 'a_phone', 'ui-widget-content ui-corner-all', 'text', '50', '10', '', 'Phone :', 'Phone', '', '', '', '/^[+0-9]+$/', '1', '1', '1', 6),
(31, 6, 'from_email', 'Appointment', 1, 'a_email', 'ui-widget-content ui-corner-all', 'text', '50', '10', '', 'Email :', 'Email', 'Enter your valid email address', '', '', 'EmailAddress', '1', '1', '1', 7),
(32, 6, 'a_date', 'Appointment', 1, 'a_date', 'ui-widget-content ui-corner-all', 'text', '50', '10', '', 'Apointment Date:', 'Apointment Date', '', '', '', 'Date', '1', '1', '1', 8),
(33, 6, 'a_time', 'Appointment', 1, 'a_time', 'ui-widget-content ui-corner-all', 'text', '50', '10', '', 'Preferred time of Meeting :', 'Preferred time of Meeting', 'Ex:- HH :: MM :: PM', '', 'HH :: MM :: PM', '', '1', '1', '1', 9),
(34, 6, 'a_subject', 'Appointment', 1, 'a_subject', 'ui-widget-content ui-corner-all', 'text', '50', '10', '', 'Subject Matters :', 'Subject Matters', '', '', '', '', '1', '1', '1', 10),
(35, 6, 'a_summary', 'Appointment', 1, 'a_summary', 'ui-widget-content ui-corner-all', 'textarea', '40', '7', '', 'Purpose of Meeting in summary :', 'Purpose of Meeting in summary', '', '', '', '', '1', '1', '1', 11),
(36, 7, 'sofa', 'Extra Features', 1, 'sofa', 'ui-widget-content ui-corner-all', 'file', '50', '10', '', 'Sofa :', 'Sofa', '', '', '', '', '1', '1', '1', 1),
(37, 7, 'table', 'Extra Features', 1, 'table', 'ui-widget-content ui-corner-all', 'file', '50', '10', '', 'Table :', 'Table', 'Table', '', '', '', '1', '1', '0', 2),
(38, 7, 'tv', 'Extra Features', 1, 'tv', 'ui-widget-content ui-corner-all', 'text', '50', '10', '', 'Television :', 'Television', 'Television', '', '', '', '1', '1', '1', 3),
(39, 7, 'time_date', 'Extra Features1', 2, 'time_date', 'ui-widget-content ui-corner-all', 'text', '10', '10', '', 'Date :', 'Date', 'Date', '', '', 'Date', '1', '1', '1', 4),
(40, 7, 'statch_price', 'Extra Features1', 2, 'statch_price', 'ui-widget-content ui-corner-all', 'text', '10', '10', '', 'Status :', 'Status', '', '', '', '', '1', '1', '0', 5),
(41, 2, 'dob_date', 'General Form', 1, 'dob_date', 'ui-widget-content ui-corner-all', 'text', '50', '10', '', 'Date of Birth :', 'Date of Birth', '', '', '', 'Date', '1', '1', '0', 6),
(43, 5, 'upload_file', 'Contact Owner', 1, 'upload_file', 'ui-widget-content ui-corner-all', 'file', '10', '10', '', 'Upload File :', 'Upload File', '', '', '', '', '1', '1', '0', 4),
(44, 4, 'Upload_files', 'My Details', 1, 'Upload_files', 'ui-widget-content ui-corner-all', 'file', '10', '10', '', 'Upload Files :', 'Upload Files', 'Upload Files', '', '', '', '1', '1', '0', 4),
(45, 6, 'upload_file', 'Appointment', 1, 'upload_file', 'ui-widget-content ui-corner-all', 'file', '10', '10', '', 'Upload File :', 'Upload File', '', '', '', '', '1', '1', '0', 12),
(46, 3, 'gender', 'Order Form', 1, 'gender', 'ui-widget-content ui-corner-all', 'radio', '10', '10', NULL, 'gender', '', '', 'rwer,rwrwe', '', '', '1', '1', '0', 5),
(47, 8, 'contact_name', 'Contact Us', 1, 'contact_name', 'ui-widget-content ui-corner-all', 'text', '50', '10', NULL, 'Name:', 'Name', '', '', '', '', '1', '1', '1', 1),
(48, 8, 'contact_country', 'Contact Us', 1, 'contact_country', 'ui-widget-content ui-corner-all', 'select', '1', '10', NULL, 'Country :', 'Country', '', '', '', '', '1', '1', '0', 2),
(49, 8, 'contact_email', 'Contact Us', 1, 'contact_email', 'ui-widget-content ui-corner-all', 'text', '50', '10', NULL, 'Email :', 'Email', '', '', '', 'EmailAddress', '1', '1', '0', 3),
(50, 8, 'contact_subject', 'Contact Us', 1, 'contact_subject', 'ui-widget-content ui-corner-all', 'text', '50', '10', NULL, 'Subject :', 'Subject', '', '', '', '', '1', '1', '0', 4),
(51, 8, 'contact_message', 'Contact Us', 1, 'contact_message', 'ui-widget-content ui-corner-all', 'textarea', '50', '15', NULL, 'Message :', 'Message', '', '', '', '', '1', '1', '1', 5),
(53, 9, 'package_name', 'Package Info', 1, 'package_name', 'ui-widget-content ui-corner-all', 'text', '40', '10', '', 'Package Name :', 'Package Name', 'Package Name', '', '', '', '1', '1', '1', 1),
(54, 9, 'package_price', 'Package Info', 1, 'package_price', 'ui-widget-content ui-corner-all', 'text', '40', '10', '', 'Price:', 'Price (0 price means free package)', '0 price means free package', '', '', 'Float', '1', '1', '1', 2),
(55, 9, 'property_backendpro_add', 'Package Info', 1, 'property_backendpro_add', 'ui-widget-content ui-corner-all', 'text', '40', '10', '', 'Maximum Listing :', 'Maximum Listing to be added', '0 means unlimited property can be added', '', '', '', '1', '1', '1', 4),
(56, 9, 'property_frontend_details', 'Package Info', 1, 'property_frontend_details', 'ui-widget-content ui-corner-all', 'radio', '40', '10', '', 'Realtor Profile:', 'Enable or Disable Realtor Profile', 'Enable or Disable Realtor Profile', 'On,Off', 'On', '', '1', '1', '0', 6),
(57, 9, 'property_cron_expire', 'Package Info', 1, 'property_cron_expire', 'ui-widget-content ui-corner-all', 'text', '5', '10', '', 'Listing Expire (Month) :', 'Listing Expire  (Month)', '''0'' means never expire', '', '0', 'Int', '1', '1', '0', 5),
(58, 9, 'property_cron_account', 'Package Info', 1, 'property_cron_account', 'ui-widget-content ui-corner-all', 'text', '5', '10', '', 'Valid Until (Month) :', 'Valid Until by Month', '''0'' means valid for all time', '', '0', 'Int', '1', '1', '1', 3),
(59, 9, 'property_frontend_details_contact_directly', 'Package Info', 1, 'property_frontend_details_contact_directly', 'ui-widget-content ui-corner-all', 'radio', '10', '10', '', 'Can visitors contact directly :', 'Can visitors contact directly', '', 'Yes,No', 'No', '', '1', '1', '1', 7),
(60, 9, 'property_frontend_details_certified', 'Package Info', 1, 'property_frontend_details_certified', 'ui-widget-content ui-corner-all', 'radio', '10', '10', '', 'Is the package certified :', 'Is the package certified ?', '', 'Yes,No', 'No', '', '1', '1', '0', 8),
(61, 9, 'property_frontend_details_allow_logo', 'Package Info', 1, 'property_frontend_details_allow_logo', 'ui-widget-content ui-corner-all', 'radio', '10', '10', '', 'Do you allow print logo (Company logo):', 'Do you allow print logo (specialy Company logo)', 'Do you allow print logo (specialy Company logo)', 'Yes,No', 'No', '', '1', '1', '0', 9),
(62, 9, 'property_frontend_details_pic', 'Package Images', 2, 'property_frontend_details_pic', 'ui-widget-content ui-corner-all', 'file', '10', '10', '', 'Package Picture :', 'Upload Package Picture', '', '', '', '', '1', '1', '0', 10),
(63, 9, 'property_frontend_details_pic_width', 'Package Images', 2, 'property_frontend_details_pic_width', 'ui-widget-content ui-corner-all', 'text', '4', '10', '', 'Package Picture Width :', 'Package Picture Width', '', '', '75', 'Int', '1', '1', '0', 11),
(64, 9, 'property_frontend_details_pic_height', 'Package Images', 2, 'property_frontend_details_pic_height', 'ui-widget-content ui-corner-all', 'text', '4', '10', '', 'Package Picture Height :', 'Package Picture Height', '', '', '87', 'Int', '1', '1', '0', 12),
(65, 9, 'property_frontend_details_pic_certi', 'Package Images', 2, 'property_frontend_details_pic_certi', 'ui-widget-content ui-corner-all', 'file', '4', '10', '', 'Certificate Picture :', 'Certificate Picture', '', '', '', '', '1', '1', '0', 13),
(66, 9, 'property_frontend_details_pic_certi_width', 'Package Images', 2, 'property_frontend_details_pic_certi_width', 'ui-widget-content ui-corner-all', 'text', '4', '10', '', 'Certificate Picture Width :', 'Certificate Picture Width', '', '', '80', 'Int', '1', '1', '0', 14),
(67, 9, 'property_frontend_details_pic_certi_height', 'Package Images', 2, 'property_frontend_details_pic_certi_height', 'ui-widget-content ui-corner-all', 'text', '4', '10', '', 'Certificate Picture Height :', 'Certificate Picture Height', '', '', '60', 'Int', '1', '1', '0', 15),
(68, 10, 'member_photo_default', 'Default Info', 1, 'member_photo_default', 'ui-widget-content ui-corner-all', 'file', '10', '10', NULL, 'Default Member Photo :', 'Upload Default Member Photo', '', '', '', '', '1', '1', '1', 1),
(69, 10, 'member_photo_width_default', 'Default Info', 1, 'member_photo_width_default', 'ui-widget-content ui-corner-all', 'text', '5', '10', NULL, 'Width :', 'Width of default member photo', 'Width of default member photo', '', '75', 'Int', '1', '1', '1', 2),
(70, 10, 'member_photo_height_default', 'Default Info', 1, 'member_photo_height_default', 'ui-widget-content ui-corner-all', 'text', '5', '10', NULL, 'Height :', 'Height of default member photo', 'Height of default member photo', '', '87', 'Int', '1', '1', '1', 3),
(71, 10, 'property_frontend_details_pic_default', 'Default Info', 1, 'property_frontend_details_pic_default', 'ui-widget-content ui-corner-all', 'file', '5', '10', NULL, 'Default Package Picture :', 'Default Package Picture', '', '', '', '', '1', '1', '1', 4),
(72, 10, 'property_frontend_details_pic_width_default', 'Default Info', 1, 'property_frontend_details_pic_width_default', 'ui-widget-content ui-corner-all', 'text', '5', '10', NULL, 'Width :', 'Width of default package picture', 'Width of default package picture', '', '80', 'Int', '1', '1', '1', 5),
(73, 10, 'property_frontend_details_pic_height_default', 'Default Info', 1, 'property_frontend_details_pic_height_default', 'ui-widget-content ui-corner-all', 'text', '5', '10', NULL, 'Height :', 'Height of default package picture', 'Height of default package picture', '', '60', 'Int', '1', '1', '1', 6),
(74, 10, 'property_frontend_details_pic_certi_default', 'Default Info', 1, 'property_frontend_details_pic_certi_default', 'ui-widget-content ui-corner-all', 'file', '5', '10', NULL, 'Realtor''s default sign :', 'Realtor''s default sign', '', '', '', '', '1', '1', '1', 7),
(75, 10, 'property_frontend_details_pic_certi_width_default', 'Default Info', 1, 'property_frontend_details_pic_certi_width_default', 'ui-widget-content ui-corner-all', 'text', '5', '10', NULL, 'Width :', 'Default width', 'Default width', '', '80', 'Int', '1', '1', '1', 8),
(76, 10, 'property_frontend_details_pic_certi_height_default', 'Default Info', 1, 'property_frontend_details_pic_certi_height_default', 'ui-widget-content ui-corner-all', 'text', '5', '10', NULL, 'Height :', 'Default height', 'Default height', '', '60', 'Int', '1', '1', '1', 9),
(77, 10, 'company_logo_default', 'Default Info', 1, 'company_logo_default', 'ui-widget-content ui-corner-all', 'file', '10', '10', NULL, 'Realtor''s default company logo :', 'Realtor''s default company logo', 'Realtor''s default company logo', '', '', '', '1', '1', '1', 10),
(78, 10, 'company_logo_width_default', 'Default Info', 1, 'company_logo_width_default', 'ui-widget-content ui-corner-all', 'text', '5', '10', NULL, 'Default width :', 'Default width', 'Default width', '', '80', 'Int', '1', '1', '1', 11),
(79, 10, 'company_logo_height_default', 'Default Info', 1, 'company_logo_height_default', 'ui-widget-content ui-corner-all', 'text', '5', '10', NULL, 'Default Height :', 'Default Height', 'Default Height', '', '60', 'Int', '1', '1', '1', 12),
(80, 1, 'member_photo', 'Member Profile', 6, 'member_photo', 'ui-widget-content ui-corner-all', 'file', '10', '10', '', 'Member''s Photo :', '', 'Upload Member''s Profile Photo', '', '', '', '1', '1', '0', 2),
(81, 1, 'company_logo', 'Member Profile', 6, 'company_logo', 'ui-widget-content ui-corner-all', 'file', '10', '10', '', 'Company logo :', 'Company logo', 'Company logo upload', '', '', '', '1', '1', '0', 3),
(82, 11, 'review_title', 'Customer Review Engine', 1, 'review_title', 'ui-widget-content ui-corner-all', 'text', '40', '10', '', 'Title :', 'Title', 'Title', '', '', '', '1', '1', '1', 1),
(83, 11, 'default_image', 'Customer Review Engine', 1, 'default_image', 'ui-widget-content ui-corner-all', 'file', '40', '10', '', 'Default Image :', 'Default Image', 'Default Image', '', '', '', '1', '1', '1', 2),
(84, 11, 'other_images', 'Customer Review Engine', 1, 'other_images', 'ui-widget-content ui-corner-all', 'file', '40', '10', '', 'Other Images :', 'Other Images', 'For multiple Images Please use Ctrl + Select', '', '', '', '1', '1', '1', 3),
(85, 11, 'review_details', 'Customer Review Engine', 1, 'review_details', 'ui-widget-content ui-corner-all', 'textarea', '40', '10', '', 'Review Details :', 'Review Details', 'Review Details', '', '', '', '1', '1', '1', 4),
(86, 2, 'multi_check', 'General Form', 1, 'multi_check', 'ui-widget-content ui-corner-all', 'multiCheckbox', '10', '10', '<br />', 'Multi Check :', 'Multi Check', '', 'foo,Foo Option,bar,Bar Option,baz,Baz Option,bat,Bat Option', 'bar,bat', '', '1', '1', '0', 7),
(87, 2, 'multi_check1', 'General Form', 1, 'multi_check1', 'ui-widget-content ui-corner-all', 'multiCheckbox', '10', '10', '', 'Multi Check1 :', 'Multi Check1', 'Multi Check1', 'Foo Option,Bar Option,Baz Option,Bat Option', 'Foo Option,Bat Option', '', '1', '1', '1', 8),
(88, 2, 'multi_check2', 'General Form', 1, 'multi_check2', 'ui-widget-content ui-corner-all', 'radio', '10', '10', '', 'multi_check2:', 'multi_check2', '', 'Foo Option,Bar Option,Baz Option,Bat Option', 'Foo Option', '', '1', '1', '0', 9),
(89, 2, 'only_check', 'General Form', 1, 'only_check', 'ui-widget-content ui-corner-all', 'checkbox', '10', '10', '<br />', 'only_check', 'only_check', '', 'Yes,No', '', '', '1', '1', '0', 10),
(90, 2, 'only_hidden', 'General Form', 1, 'only_hidden', 'ui-widget-content ui-corner-all', 'hidden', '10', '10', '<br />', 'Hidden Field ::', '', '', '', '', '', '1', '1', '0', 11),
(91, 2, 'multi_select', 'General Form', 1, 'multi_select', 'ui-widget-content ui-corner-all', 'multiselect', '10', '10', '<br />', 'Multiple Select :', 'Multiple Select', '', 'G1::Foo Option,Bar Option;;G2::Baz Option,Bat Option', 'Foo Option,Baz Option', '', '1', '1', '0', 12),
(92, 11, 'extre_hidden', 'Customer Review Engine', 1, 'extre_hidden', 'ui-widget-content ui-corner-all', 'hidden', '10', '10', '<br />', 'Next Fields :', '', '', '', '', '', '1', '1', '0', 5),
(93, 11, 'multi_check', 'Customer Review Engine', 1, 'multi_check', 'ui-widget-content ui-corner-all', 'multiCheckbox', '10', '10', '<br />', 'Multi Check :', 'Multi Check', '', 'foo,Foo Option,bar,Bar Option,baz,Baz Option,bat,Bat Option', 'bar,bat', '', '1', '1', '0', 6),
(94, 11, 'multi_check1', 'Customer Review Engine', 1, 'multi_check1', 'ui-widget-content ui-corner-all', 'multiCheckbox', '10', '10', '', 'Multi Check1 :', 'Multi Check1', 'Multi Check1', 'Foo Option,Bar Option,Baz Option,Bat Option', 'Foo Option,Bat Option', '', '1', '1', '1', 7),
(95, 11, 'multi_check2', 'Customer Review Engine', 1, 'multi_check2', 'ui-widget-content ui-corner-all', 'radio', '10', '10', '', 'Multi Check2 :', 'Multi Check2', 'Multi Check2', 'Foo Option,Bar Option,Baz Option,Bat Option', 'Foo Option', '', '1', '1', '0', 8),
(96, 11, 'only_check', 'Customer Review Engine', 1, 'only_check', 'ui-widget-content ui-corner-all', 'checkbox', '10', '10', '', 'only_check', 'only_check', '', 'Yes,No', '', '', '1', '1', '0', 9),
(97, 11, 'multi_select', 'Customer Review Engine', 1, 'multi_select', 'ui-widget-content ui-corner-all', 'multiselect', '10', '10', '', 'Multiple Select :', 'Multiple Select', 'Multiple Select', 'Foo Option,Bar Option,Baz Option,Bat Option', 'Foo Option,Baz Option', '', '1', '1', '0', 10),
(98, 7, 'multi_check', 'Extra Features1', 2, 'multi_check', 'ui-widget-content ui-corner-all', 'multiCheckbox', '10', '10', '<br />', 'multi check :', 'multi check', '', 'gdg,gdfg gsdg,gdgsd,gsdgdfjhg,hdfhd,hdfhdfdsfgds', '', '', '1', '1', '0', 6),
(99, 7, 'multi_select', 'Extra Features1', 2, 'multi_select', 'ui-widget-content ui-corner-all', 'multiselect', '10', '10', '<br />', 'multi_select', 'multi_select', '', 'gdg,gdfg gsdg,gdgsd,gsdgdfjhg,hdfhd,hdfhdfdsfgds', '', '', '1', '1', '0', 7),
(100, 12, 'extra1', 'Extea Features', 1, 'extra1', 'ui-widget-content ui-corner-all', 'text', '50', '10', '<br />', 'extra1 :', 'extra1', '', '', '', '', '1', '1', '0', 1),
(101, 12, 'extra2', 'Extea Features', 1, 'extra2', 'ui-widget-content ui-corner-all', 'file', '40', '8', '<br />', 'extra2 :', 'extra2', '', '', '', '', '1', '1', '0', 2),
(102, 13, 'pick_up_location', 'Plan Trip', 1, 'pick_up_location', 'ui-widget-content ui-corner-all', 'text', '40', '10', '<br />', 'Pick Up Location :', 'Pick Up Location', 'Pick Up Location', '', '', '', '1', '1', '1', 1),
(103, 13, 'return_location', 'Plan Trip', 1, 'return_location', 'ui-widget-content ui-corner-all', 'text', '40', '10', '<br />', 'Return Location :', 'Return Location', 'Return Location', '', '', '', '1', '1', '1', 2),
(104, 13, 'pick_up_date', 'Plan Trip', 1, 'pick_up_date', 'ui-widget-content ui-corner-all', 'text', '20', '10', '<br />', 'Pick Up Date :', 'Pick Up Date', 'Pick Up Date', '', '', '', '1', '1', '1', 3),
(105, 13, 'pick_up_time', 'Plan Trip', 1, 'pick_up_time', 'ui-widget-content ui-corner-all', 'text', '20', '10', '<br />', 'Pick Up Time [Please include AM/PM] :', 'Pick Up Time', '', '', '', '', '1', '1', '0', 4),
(106, 13, 'return_date', 'Plan Trip', 1, 'return_date', 'ui-widget-content ui-corner-all', 'text', '20', '10', '<br />', 'Return Date :', 'Return Date', '', '', '', '', '1', '1', '1', 5),
(107, 13, 'return_time', 'Plan Trip', 1, 'return_time', 'ui-widget-content ui-corner-all', 'text', '20', '10', '<br />', 'Return Time [Please include AM/PM] :', 'Return Time', '', '', '', '', '1', '1', '0', 6),
(108, 13, 'your_age', 'Plan Trip', 1, 'your_age', 'ui-widget-content ui-corner-all', 'select', '1', '10', '<br />', 'Your Age :', 'Please Select Age', 'Minimum age requirements vary by vehicle and renting location. In most countries, age differential surcharges will generally apply for renters under age 25. Exceptions do apply. Providing your age range enables us to quote the appropriate fees and display appropriate fleet', 'Please Select Age,25+,21-24', '', '', '1', '1', '0', 7),
(109, 13, 'discount_code', 'Plan Trip', 1, 'discount_code', 'ui-widget-content ui-corner-all', 'text', '40', '10', '<br />', 'Discount Code (If any) :', 'Discount Code', 'In special occasion we provide special offer for business promotions, gifts voucher, discount coupons  for our customers', '', '', '', '1', '1', '0', 8),
(110, 13, 'vehicle_type', 'Select Vehicle', 2, 'vehicle_type', 'ui-widget-content ui-corner-all', 'select', '1', '10', '<br />', 'Vehicle Type :', 'Vehicle Type', '', 'Extra Small Car,Small Car,Medium Car,large Car,Small,SUV,Medium SUV,Minivan,Pickup,MicroBus, Mini Bus,Bus,Truck', '', '', '1', '1', '0', 9),
(111, 13, 'make', 'Select Vehicle', 2, 'make', 'ui-widget-content ui-corner-all', 'select', '1', '10', '<br />', 'Select Make (Brand) :', 'Car Brand', '', 'Acura,Aston,Martin,Audi,Bentley,BMW,Buick,Cadillac,Chevrolet,Chrysler,Dodge,Ferrari,Fiat,Ford,GMC,Honda,Hyundai,Infiniti,Jaguar,Jeep,Kia,Lamborghini,Land Rover,Lexus,Lincoln,Lotus,Maserati,Maybach,Mazda,Mercedes-Benz,Mercury,MINI,Mitsubishi,Nissan,Porsche,Rolls Royce,Saab,Scion,Smart,Subaru,Suzuki,Tesla,Toyota,Volkswagen,Volvo', '', '', '1', '1', '0', 10),
(112, 13, 'extras', 'Select Vehicle', 2, 'extras', 'ui-widget-content ui-corner-all', 'multiCheckbox', '1', '10', '<br />', 'Select Extras :', 'Select Extras', '', 'Child Seat,Hand Controls,Infant Seat,Portable GPS,Booster Seat', '', '', '1', '1', '0', 11),
(113, 13, 'first_name', 'Booking Information', 3, 'first_name', 'ui-widget-content ui-corner-all', 'text', '40', '10', '<br />', 'First Name :', 'First Name', '', '', '', '', '1', '1', '1', 12),
(114, 13, 'last_name', 'Booking Information', 3, 'last_name', 'ui-widget-content ui-corner-all', 'text', '40', '10', '<br />', 'Last Name :', 'Last Name', '', '', '', '', '1', '1', '1', 13),
(115, 13, 'email_address', 'Booking Information', 3, 'email_address', 'ui-widget-content ui-corner-all', 'text', '40', '10', '<br />', 'Email Address :', 'Email Address', 'Give us your valid Email Address. You''d like to receive an email confirmation with confirmation number from us', '', '', 'EmailAddress', '1', '1', '1', 14),
(116, 13, 'card_type', 'Payment Information', 4, 'card_type', 'ui-widget-content ui-corner-all', 'select', '1', '10', '<br />', 'Payment Mode :', 'Payment Mode', '', 'Cash,VISA,Master,Cheque,Online Bank Deposit,Paypal', '', '', '1', '1', '1', 15),
(117, 13, 'card_no', 'Payment Information', 4, 'card_no', 'ui-widget-content ui-corner-all', 'text', '20', '10', '<br />', 'Card Number :', 'Card Number (ATM Card only)', '', '', 'xxxx-xxxx-xxxx-xxxx', 'CreditCard', '1', '1', '0', 16),
(118, 13, 'expired_date', 'Payment Information', 4, 'expired_date', 'ui-widget-content ui-corner-all', 'text', '20', '10', '<br />', 'Expired Date :', 'Expired Date', '', '', '', '', '1', '1', '0', 17),
(119, 2, 'friend_email', 'General Form', 1, 'friend_email', 'ui-widget-content ui-corner-all', 'text', '50', '10', '<br />', 'Email:', 'Email', '', '', '', 'EmailAddress', '1', '1', '0', 13),
(120, 14, 'extra_facilities', 'Extra Features', 1, 'extra_facilities', 'ui-widget-content ui-corner-all', 'multiCheckbox', '10', '10', '<br />', 'Extra Facilities :', 'Extra Facilities', 'Extra Facilities', 'abc,cde,fgh', 'abc', '', '1', '1', '0', 1),
(121, 14, 'particular_name', 'Extra Features', 1, 'particular_name', 'ui-widget-content ui-corner-all', 'text', '50', '10', '<br />', 'Particular Name :', 'Particular Name', 'Particular Name', '', '', '', '1', '1', '1', 2),
(122, 14, 'hotel_bulding', 'Extra Features', 1, 'hotel_bulding', 'ui-widget-content ui-corner-all', 'checkbox', '10', '10', '<br />', 'Hotel Bulding :', 'Hotel Bulding', 'Hotel Bulding', 'Building 1,Building 2,Building 3', 'Building 1', '', '1', '1', '0', 3),
(123, 14, 'hotel_garage', 'Extra Features', 1, 'hotel_garage', 'ui-widget-content ui-corner-all', 'select', '1', '10', '<br />', 'Garage :', 'Garage', 'Garage', 'Yes,No', 'Yes', '', '1', '1', '0', 4),
(124, 14, 'hotel_garden', 'Extra Features', 1, 'hotel_garden', 'ui-widget-content ui-corner-all', 'radio', '10', '10', '<br />', 'Hotel Garden :', 'Hotel Garden', 'Hotel Garden', 'Yes,No', 'No', '', '1', '1', '0', 5),
(125, 14, 'garden_desc', 'Extra Features', 1, 'garden_desc', 'ui-widget-content ui-corner-all', 'textarea', '40', '8', '<br />', 'Garden Description :', 'Garden Description', 'Garden Description', '', '', '', '1', '1', '0', 6),
(126, 14, 'garden_images', 'Extra Features', 1, 'garden_images', 'ui-widget-content ui-corner-all', 'file', '10', '10', '<br />', 'Garden Images :', 'Garden Images', 'Garden Images', '', '', '', '1', '1', '1', 7),
(127, 14, 'hotel_support', 'Extra Features', 1, 'hotel_support', 'ui-widget-content ui-corner-all', 'multiselect', '10', '10', '<br />', 'Hotel Support :', 'Hotel Support', 'Hotel Support', 'abc,def,ghi,jkl', 'abc', '', '1', '1', '0', 8),
(128, 14, 'calendar_date', 'Extra Features', 1, 'calendar_date', 'ui-widget-content ui-corner-all', 'text', '10', '10', '<br />', 'Date :', 'Date', 'Date', '', '', '', '1', '1', '0', 9),
(129, 14, 'hotel_price', 'Extra Features', 1, 'hotel_price', 'ui-widget-content ui-corner-all', 'text', '10', '10', '<br />', 'Price :', 'Price', '', '', '', '', '1', '1', '0', 10),
(130, 12, 'extra3', 'Extea Features', 1, 'extra3', 'ui-widget-content ui-corner-all', 'file', '10', '10', '<br />', 'extra3 :', 'extra3', '', '', '', '', '1', '1', '0', 3),
(131, 12, 'extra4', 'Extea Features', 1, 'extra4', 'ui-widget-content ui-corner-all', 'multiCheckbox', '10', '10', '<br />', 'extra4 :', 'extra4', '', 'a,b,c,d', '', '', '1', '1', '0', 4),
(132, 15, 'review_title', 'Write Review', 1, 'review_title', 'ui-widget-content ui-corner-all', 'text', '50', '10', '<br />', 'Review Title :', 'Review Title', 'Review Title', '', '', '', '1', '1', '1', 3),
(133, 15, 'item_id', 'Write Review', 1, 'item_id', 'ui-widget-content ui-corner-all', 'hidden', '10', '10', '<br />', 'Hotel Name :', '', '', '', '', '', '1', '1', '0', 2),
(134, 15, 'review_desc', 'Write Review', 1, 'review_desc', 'ui-widget-content ui-corner-all', 'textarea', '40', '6', '<br />', 'Description :', 'Description', 'Write your review here', '', '', '', '1', '1', '1', 5),
(135, 15, 'user_image', 'Write Review', 1, 'user_image', 'ui-widget-content ui-corner-all', 'file', '10', '10', '<br />', 'Upload Image :', 'Upload Image', '', '', '', '', '1', '1', '0', 4),
(136, 15, 'review_rate', 'Write Review', 1, 'review_rate', 'ui-widget-content ui-corner-all', 'hidden', '10', '10', '<br />', 'Rate Review :', 'Rate Review', 'Rate Review', '', '', '', '1', '1', '1', 1),
(137, 9, 'hotels_backendpro_add', 'Hootel Package', 3, 'hotels_backendpro_add', 'ui-widget-content ui-corner-all', 'text', '40', '10', '<br />', 'Hotel add limit :', 'Max Property to be added', '0 means unlimited property can be added', '', '', '', '1', '1', '0', 16),
(138, 9, 'hotels_frontend_details', 'Hootel Package', 3, 'hotels_frontend_details', 'ui-widget-content ui-corner-all', 'radio', '40', '10', '', 'Realtor Profile :', 'Enable or Disable Realtor Profile', 'Enable or Disable Realtor Profile', 'On,Off', 'On', '', '1', '1', '0', 17),
(139, 9, 'hotels_frontend_details_contact_directly', 'Hootel Package', 3, 'hotels_frontend_details_contact_directly', 'ui-widget-content ui-corner-all', 'radio', '40', '10', '', 'Can visitors contact directly :', 'Can visitors contact directly', 'Enable or Disable contact info', 'Yes,No', 'No', '', '1', '1', '1', 18),
(140, 9, 'hotels_frontend_details_certified', 'Hootel Package', 3, 'hotels_frontend_details_certified', 'ui-widget-content ui-corner-all', 'radio', '40', '10', '', 'Is the package certified :', 'Is the package certified', '', 'Yes,No', 'No', '', '1', '1', '0', 19),
(141, 9, 'hotels_frontend_details_allow_logo', 'Hootel Package', 3, 'hotels_frontend_details_allow_logo', 'ui-widget-content ui-corner-all', 'radio', '40', '10', '', 'Do you allow print logo :', 'Do you allow print logo', '', 'Yes,No', 'No', '', '1', '1', '0', 20),
(142, 9, 'hotels_frontend_details_pic', 'Hootel Package Images', 4, 'hotels_frontend_details_pic', 'ui-widget-content ui-corner-all', 'file', '40', '10', '<br />', 'Package Picture :', 'Package Picture', '', '', '', '', '1', '1', '0', 21),
(143, 9, 'hotels_frontend_details_pic_width', 'Hootel Package Images', 4, 'hotels_frontend_details_pic_width', 'ui-widget-content ui-corner-all', 'text', '4', '10', '<br />', 'Package Picture Width :', 'Package Picture Width', '', '', '75', 'Int', '1', '1', '0', 22),
(144, 9, 'hotels_frontend_details_pic_height', 'Hootel Package Images', 4, 'hotels_frontend_details_pic_height', 'ui-widget-content ui-corner-all', 'text', '4', '10', '<br />', 'Package Picture Height :', 'Package Picture Height', '', '', '87', 'Int', '1', '1', '0', 23),
(145, 9, 'hotels_frontend_details_pic_certi', 'Hootel Package Images', 4, 'hotels_frontend_details_pic_certi', 'ui-widget-content ui-corner-all', 'file', '4', '10', '<br />', 'Certificate Picture :', 'Certificate Picture', '', '', '', '', '1', '1', '0', 24),
(146, 9, 'hotels_frontend_details_pic_certi_width', 'Hootel Package Images', 4, 'hotels_frontend_details_pic_certi_width', 'ui-widget-content ui-corner-all', 'text', '4', '10', '<br />', 'Certificate Picture Width :', 'Certificate Picture Width', '', '', '80', 'Int', '1', '1', '0', 25),
(147, 9, 'hotels_frontend_details_pic_certi_height', 'Hootel Package Images', 4, 'hotels_frontend_details_pic_certi_height', 'ui-widget-content ui-corner-all', 'text', '4', '10', '<br />', 'Certificate Picture Height :', 'Certificate Picture Height', '', '', '60', 'Int', '1', '1', '0', 26),
(148, 16, 'review_rate', 'Write Review', 1, 'review_rate', 'ui-widget-content ui-corner-all', 'hidden', '10', '10', '<br />', 'Rate Review :', 'Rate Review', 'Rate Review', '', '', '', '1', '1', '1', 1),
(149, 16, 'item_id', 'Write Review', 1, 'item_id', 'ui-widget-content ui-corner-all', 'hidden', '10', '10', '<br />', 'Vacation Rentals Name :', '', '', '', '', '', '1', '1', '1', 2),
(150, 16, 'review_title', 'Write Review', 1, 'review_title', 'ui-widget-content ui-corner-all', 'text', '40', '10', '<br />', 'Review Title :', 'Review Title', 'Review Title', '', '', '', '1', '1', '1', 3),
(151, 16, 'user_image', 'Write Review', 1, 'user_image', 'ui-widget-content ui-corner-all', 'file', '10', '10', '<br />', 'Upload Image :', 'Upload Image', 'Upload Image', '', '', '', '1', '1', '0', 4),
(152, 16, 'review_desc', 'Write Review', 1, 'review_desc', 'ui-widget-content ui-corner-all', 'textarea', '40', '6', '<br />', 'Description :', 'Write your review here', 'Write your review here', '', '', '', '1', '1', '1', 5),
(153, 17, 'name', 'Hotel Contact Owner', 1, 'name', 'ui-widget-content ui-corner-all', 'text', '60', '10', '<br />', 'Name :', 'Name', '', '', '', '', '1', '1', '0', 1),
(154, 17, 'email', 'Hotel Contact Owner', 1, 'email', 'ui-widget-content ui-corner-all', 'text', '60', '10', '<br />', 'E-Mail Address :', 'E-Mail Address', '', '', '', 'EmailAddress', '1', '1', '1', 2),
(155, 17, 'company', 'Hotel Contact Owner', 1, 'company', 'ui-widget-content ui-corner-all', 'text', '60', '10', '<br />', 'Company Name :', 'Compnay Name', '', '', '', '', '1', '1', '0', 3),
(156, 17, 'ref_number', 'Hotel Contact Owner', 1, 'ref_number', 'ui-widget-content ui-corner-all', 'text', '60', '10', '<br />', 'Account Reference Number :', 'Account Reference Number :', '', '', '', '/^[+0-9]+$/', '1', '1', '1', 4),
(157, 17, 'arrival_date', 'Hotel Contact Owner', 1, 'arrival_date', 'ui-widget-content ui-corner-all', 'text', '60', '10', '<br />', 'Arrival Date :', 'Arrival Date', '', '', '', '', '1', '1', '0', 5),
(158, 17, 'hotel_name', 'Hotel Contact Owner', 1, 'hotel_name', 'ui-widget-content ui-corner-all', 'text', '60', '10', '<br />', 'Hotel Name, Town or Postcode :', 'Hotel Name, Town or Postcode', '', '', '', '', '1', '1', '0', 6),
(159, 17, 'room_number', 'Hotel Contact Owner', 1, 'room_number', 'ui-widget-content ui-corner-all', 'select', '1', '10', '', 'Number Of Rooms :', 'Number Of Rooms', '', '1,2,3,4,5,6,7,8,9,10,11,12,13,14,15', '', '', '1', '1', '0', 7),
(160, 17, 'nights', 'Hotel Contact Owner', 1, 'nights', 'ui-widget-content ui-corner-all', 'select', '1', '10', '', 'Nights :', 'Nights', '', '1,2,3,4,5,6,7,8,9,10,11,12,13,14,15,16,17,18,19,20,21,22,23,24,25,26,27,28,29,30', '', '', '1', '1', '0', 8),
(161, 17, 'guests', 'Hotel Contact Owner', 1, 'guests', 'ui-widget-content ui-corner-all', 'select', '1', '10', '', 'Number Of Guests :', 'Number Of Guests', '', '1,2,3,4,5,6,7,8,9,10,11,12,13,14,15', '', '', '1', '1', '0', 9),
(162, 17, 'budget', 'Hotel Contact Owner', 1, 'budget', 'ui-widget-content ui-corner-all', 'text', '60', '10', '', 'Budget :', 'Budget', '', '', '', '', '1', '1', '0', 10),
(163, 17, 'guests_name', 'Hotel Contact Owner', 1, 'guests_name', 'ui-widget-content ui-corner-all', 'textarea', '60', '5', '<br/>', 'Guests Name (s) :', 'Guests Name (s)', '', '', '', '', '1', '1', '0', 11),
(164, 17, 'additional', 'Hotel Contact Owner', 1, 'additional', 'ui-widget-content ui-corner-all', 'textarea', '60', '5', '<br/>', 'Additional Requirements :', 'Additional Requirements', '', '', '', '', '1', '1', '0', 12),
(165, 18, 'name', 'Vacation Rental Contact Owner', 1, 'name', 'ui-widget-content ui-corner-all', 'text', '60', '10', '<br />', 'Name :', 'Name', '', '', '', '', '1', '1', '0', 1),
(166, 18, 'email', 'Vacation Rental Contact Owner', 1, 'email', 'ui-widget-content ui-corner-all', 'text', '60', '10', '<br />', 'Email Address:', 'Email Address', '', '', '', 'EmailAddress', '1', '1', '1', 2),
(167, 18, 'company', 'Vacation Rental Contact Owner', 1, 'company', 'ui-widget-content ui-corner-all', 'text', '60', '10', '<br />', 'Company Name :', 'Company Name', '', '', '', '', '1', '1', '0', 3),
(168, 18, 're_number', 'Vacation Rental Contact Owner', 1, 're_number', 'ui-widget-content ui-corner-all', 'text', '60', '10', '<br />', 'Account / Reference Number :', 'Account / Reference Number', '', '', '', '/^[+0-9]+$/', '1', '1', '1', 4),
(169, 18, 'arrival_date', 'Vacation Rental Contact Owner', 1, 'arrival_date', 'ui-widget-content ui-corner-all', 'text', '60', '10', '<br />', 'Arrival Date:', 'Arrival Date', '', '', '', '', '1', '1', '0', 5),
(170, 18, 'hotel_name', 'Vacation Rental Contact Owner', 1, 'hotel_name', 'ui-widget-content ui-corner-all', 'text', '60', '10', '<br />', 'Hotel Name, Town or Postcode :', 'Hotel Name, Town or Postcode', '', '', '', '', '1', '1', '0', 6),
(171, 18, 'room_number', 'Vacation Rental Contact Owner', 1, 'room_number', 'ui-widget-content ui-corner-all', 'select', '1', '10', '', 'Number Of Rooms :', 'Number Of Rooms', '', '1,2,3,4,5,6,7,8,9,10,11,12,13,14,15', '', '', '1', '1', '0', 7),
(172, 18, 'nights', 'Vacation Rental Contact Owner', 1, 'nights', 'ui-widget-content ui-corner-all', 'select', '1', '10', '', 'Nights :', 'Nights', '', '1,2,3,4,5,6,7,8,9,10,11,12,13,14,15,16,17,18,19,20,21,22,23,24,25,26,27,28,29,30', '', '', '1', '1', '0', 8),
(173, 18, 'guests', 'Vacation Rental Contact Owner', 1, 'guests', 'ui-widget-content ui-corner-all', 'select', '1', '10', '', 'Number Of Guests:', 'Number Of Guests', '', '1,2,3,4,5,6,7,8,9,10,11,12,13,14,15', '', '', '1', '1', '0', 9),
(174, 18, 'budget', 'Vacation Rental Contact Owner', 1, 'budget', 'ui-widget-content ui-corner-all', 'text', '60', '10', '', 'Budget :', 'Budget', '', '', '', '', '1', '1', '0', 10),
(175, 18, 'guests_name', 'Vacation Rental Contact Owner', 1, 'guests_name', 'ui-widget-content ui-corner-all', 'textarea', '60', '5', '', 'Guest Name (s) :', 'Guest Name (s)', '', '', '', '', '1', '1', '0', 11),
(176, 18, 'additional', 'Vacation Rental Contact Owner', 1, 'additional', 'ui-widget-content ui-corner-all', 'textarea', '60', '5', '', 'Additional Requirements :', 'Additional Requirements', '', '', '', '', '1', '1', '0', 12),
(177, 19, 'building_image', 'Other Images', 1, 'building_image', 'ui-widget-content ui-corner-all', 'file', '10', '10', '<br />', 'Building Images :', 'Building Images', '', '', '', '', '1', '1', '0', 1),
(178, 19, 'garden_images', 'Other Images', 1, 'garden_images', 'ui-widget-content ui-corner-all', 'file', '10', '10', '<br />', 'Garden Images :', 'Garden Images', '', '', '', '', '1', '1', '0', 2),
(179, 19, 'construction_images', 'Other Images', 1, 'construction_images', 'ui-widget-content ui-corner-all', 'file', '10', '10', '<br />', 'Construction Images :', 'Construction Images', 'Construction Images', '', '', '', '1', '1', '0', 3),
(180, 19, 'security1', 'Building Security', 2, 'security1', 'ui-widget-content ui-corner-all', 'text', '50', '10', '<br />', 'Security1 :', 'Security1', 'Security1', '', '', '', '1', '1', '1', 4),
(181, 19, 'security2', 'Building Security', 2, 'security2', 'ui-widget-content ui-corner-all', 'select', '1', '10', '<br />', 'Security 2:', 'Security 2', '', 'abc,cde,efg,ghi', 'efg', '', '1', '1', '0', 5),
(182, 19, 'security3', 'Building Security', 2, 'security', 'ui-widget-content ui-corner-all', 'checkbox', '50', '10', '<br />', 'Security 3:', '', '', '0,1', '', '', '1', '1', '1', 6),
(183, 19, 'security4', 'Building Security', 2, 'security4', 'ui-widget-content ui-corner-all', 'multiCheckbox', '50', '10', '<br />', 'security 4:', 'security 4:', 'security 4', 'ab,cd,de,ef', 'ab', '', '1', '1', '1', 7),
(184, 19, 'security5', 'Building Security', 2, 'security5', 'ui-widget-content ui-corner-all', 'radio', '50', '10', '<br />', 'security 5 :', '', '', 'Yes,No', 'Yes', '', '1', '1', '0', 8),
(185, 19, 'security6', 'Building Security', 2, 'security6', 'ui-widget-content ui-corner-all', 'multiselect', '50', '10', '<br />', 'Security 6:', 'Security 6', 'Security', 'ghdfh,dasda,ggd gsdg gds,fsfsd', 'ghdfh', '', '1', '1', '0', 9),
(186, 2, 'select_group', 'General Form', 1, 'select_group', 'ui-widget-content ui-corner-all', 'select', '1', '10', '<br />', 'Select Group :', 'Select Group', '', 'G1::Foo Option,Bar Option;;G2::Baz Option,Bat Option', '', '', '1', '1', '0', 14),
(187, 20, 'review_rate', 'Write Review', 1, 'review_rate', 'ui-widget-content ui-corner-all', 'hidden', '10', '10', '<br />', 'Rate Review :', 'Rate Review', '', '', '', '', '1', '1', '1', 1),
(188, 20, 'item_id', 'Write Review', 1, 'item_id', 'ui-widget-content ui-corner-all', 'hidden', '10', '10', '<br />', 'Tour Package :', '', '', '', '', '', '1', '1', '0', 2),
(189, 20, 'review_title', 'Write Review', 1, 'review_title', 'ui-widget-content ui-corner-all', 'text', '50', '10', '<br />', 'Review Title :', 'Review Title', 'Review Title', '', '', '', '1', '1', '1', 3),
(190, 20, 'user_image', 'Write Review', 1, 'user_image', 'ui-widget-content ui-corner-all', 'file', '50', '10', '<br />', 'Upload Image :', 'Upload Image', 'Upload Image', '', '', '', '1', '1', '0', 4),
(191, 20, 'review_desc', 'Write Review', 1, 'review_desc', 'ui-widget-content ui-corner-all', 'textarea', '40', '6', '<br />', 'Description :', 'Description', 'Description', '', '', '', '1', '1', '1', 5),
(192, 21, 'trip_extensions', 'Extra Features', 1, 'trip_extensions', 'ui-widget-content ui-corner-all', 'text', '50', '10', '<br />', 'Trip Extensions :', 'Trip Extensions', '', '', '', '', '1', '1', '0', 1),
(193, 21, 'public_transportation', 'Extra Features', 1, 'public_transportation', 'ui-widget-content ui-corner-all', 'text', '50', '10', '<br />', 'Public transportation :', 'Public transportation', '', '', '', '', '1', '1', '0', 2),
(194, 21, 'property_type', 'Extra Features', 1, 'property_type', 'ui-widget-content ui-corner-all', 'text', '50', '10', '<br />', 'Property Type :', 'Property Type', '', '', '', '', '1', '1', '0', 3),
(195, 21, 'Property_ID', 'Extra Features', 1, 'Property_ID', 'ui-widget-content ui-corner-all', 'text', '50', '10', '<br />', 'Property ID :', 'Property ID', '', '', '', '', '1', '1', '0', 4),
(196, 21, 'season', 'Extra Features', 1, 'season', 'ui-widget-content ui-corner-all', 'text', '50', '10', '<br />', 'Season :', 'Season', '', '', '', '', '1', '1', '0', 5),
(197, 21, 'check_in_time', 'Extra Features', 1, 'check_in_time', 'ui-widget-content ui-corner-all', 'text', '50', '10', '<br />', 'Check in :', 'Check in', '', '', '', '', '1', '1', '0', 6),
(198, 21, 'check_out', 'Extra Features', 1, 'check_out', 'ui-widget-content ui-corner-all', 'text', '50', '10', '', 'Check out :', 'Check out', '', '', '', '', '1', '1', '0', 7),
(199, 21, 'attractions', 'ATTRACTIONS', 2, 'attractions', 'ui-widget-content ui-corner-all', 'multiCheckbox', '10', '10', '</div><div style=''float:left;text-align:left;width:200px;''>', 'Attractions :', 'Attractions', '', 'Waterfront,Lakefront,On Golf Course 2 Miles,Near Golf,Near Town,Near Shopping,Near Restaurants,Swimming,Walking Tours,Tennis,Movie Theatre', '', '', '1', '1', '0', 8),
(200, 21, 'cancellation_policy', 'ATTRACTIONS', 2, 'cancellation_policy', 'ui-widget-content ui-corner-all', 'textarea', '40', '7', '<br />', 'Cancellation Policy :', 'Cancellation Policy', '', '', '', '', '1', '1', '0', 9),
(201, 21, 'accommodation_details', 'ATTRACTIONS', 2, 'accommodation_details', 'ui-widget-content ui-corner-all', 'textarea', '40', '7', '<br />', 'Accommodation Details :', 'Accommodation Details', '', '', '', '', '1', '1', '0', 10),
(202, 22, 'review_rate', 'Write Review', 1, 'review_rate', 'review_rate', 'hidden', '10', '10', '<br />', 'review_rate', 'ui-widget-content ui-corner-all', 'Rate Review :', 'Rate Review', '', '', '1', '1', '1', 1),
(203, 22, 'item_id', 'Write Review', 1, 'item_id', 'item_id', 'hidden', '10', '10', '<br />', 'Property Name :', '', '', '', '', '', '1', '1', '1', 2),
(204, 22, 'review_title', 'Write Review', 1, 'review_title', 'ui-widget-content ui-corner-all', 'text', '50', '10', '<br />', 'Review Title :', 'Review Title', 'Review Title', '', '', '', '1', '1', '1', 3),
(205, 22, 'user_image', 'Write Review', 1, 'user_image', 'user_image', 'file', '40', '10', '<br />', 'Upload Image :', 'Upload Image', 'Upload Image', '', '', '', '1', '1', '0', 4),
(206, 22, 'review_desc', 'Write Review', 1, 'review_desc', 'review_desc', 'textarea', '40', '6', '<br />', 'Description :', 'Description', 'Description', '', '', '', '1', '1', '1', 5),
(207, 23, 'company_name', 'Request for quote', 1, 'company_name', '', 'text', '40', '10', '<br />', 'Company Name:', 'Company Name', 'Company Name', '', '', '', '1', '1', '0', 1),
(208, 23, 'existing_account_holder', 'Request for quote', 1, 'existing_account_holder', '', 'radio', '40', '10', '&nbsp;', 'Existing Client:', 'Existing Client', 'Existing Client', 'Yes,No', '', '', '1', '1', '0', 2),
(209, 23, 'contact_name', 'Request for quote', 1, 'contact_name', '', 'text', '40', '10', '<br />', 'Contact Name:', 'Contact Name', 'Contact Name', '', '', '', '1', '1', '0', 3),
(210, 23, 'phone_number', 'Request for quote', 1, 'phone_number', '', 'text', '40', '10', '<br />', 'Phone number:', 'Phone number', 'Phone number', '', '', '', '1', '1', '0', 4),
(211, 23, 'fax_number', 'Request for quote', 1, 'fax_number', '', 'text', '10', '10', '<br />', 'Fax number:', 'Fax number', 'Fax number', '', '', '', '1', '1', '0', 5),
(212, 23, 'notify_by', 'Request for quote', 1, 'notify_by', '', 'multiCheckbox', '10', '10', '&nbsp;', 'Notify me by:', 'Notify by', 'Notify by', 'E-mail,Phone,Fax', '', '', '1', '1', '0', 8),
(213, 23, 'email_address', 'Request for quote', 1, 'email_address', '', 'text', '40', '10', '<br />', 'E-mail address:', 'E-mail address', 'E-mail address', '', '', 'EmailAddress', '1', '1', '0', 7),
(214, 23, 'commodity', 'Request for quote', 1, 'commodity', '', 'text', '40', '10', '<br />', 'Commodity:', 'Commodity', 'Commodity', '', '', '', '1', '1', '0', 9),
(215, 23, 'place_of_origin', 'Request for quote', 1, 'place_of_origin', '', 'text', '40', '10', '<br />', 'Place of origin:', 'Place of origin', 'Place of origin', '', '', '', '1', '1', '0', 10),
(216, 23, 'port_of_origin', 'Request for quote', 1, 'port_of_origin', '', 'text', '40', '10', '<br />', 'Port of Origin:', 'Port of Origin', 'Port of Origin', '', '', '', '1', '1', '0', 11),
(217, 23, 'destination', 'Request for quote', 1, 'destination', '', 'text', '40', '10', '<br />', 'Destination:', 'Destination', 'Destination', '', '', '', '1', '1', '0', 12),
(218, 23, 'mode', 'Request for quote', 1, 'mode', '', 'radio', '10', '10', '<br />', 'Mode:', 'Mode', 'Mode', 'Air Freight,Sea Freight FCL,Sea Freight LCL,Custom clearance,Warehousing and Distribution,Import,Export', '', '', '1', '1', '1', 13),
(219, 23, 'inco_terms', 'Request for quote', 1, 'inco_terms', '', 'radio', '10', '10', '<br/>', 'Inco Terms:', 'Inco Terms', 'Inco Terms', 'FOB,Ex-works,CIF,CNF', '', '', '1', '1', '0', 14),
(220, 23, 'weight_kg', 'Request for quote', 1, 'weight_kg', '', 'text', '40', '10', '<br />', 'Weight (Kgs):', 'Weight', 'Weight', '', '', '', '1', '1', '0', 15),
(221, 23, 'weight_cubic', 'Request for quote', 1, 'weight_cubic', '', 'text', '40', '10', '<br />', 'Weight (Cubic meters):', 'Cubic meters', 'Cubic meters', '', '', '', '1', '1', '0', 16),
(222, 23, 'size_type', 'Request for quote', 1, 'size_type', '', 'text', '40', '10', '<br />', 'Size/Type:', 'Size/Type', 'Size/Type', '', '', '', '1', '1', '0', 17),
(223, 23, 'comments', 'Request for quote', 1, 'comments', '', 'textarea', '36', '10', '<br />', 'Additional Comments', 'Additional Comments', 'Additional Comments', '', '', '', '1', '1', '0', 17),
(224, 24, 'shipping_country', 'Where are you shipping from?', 1, '_country', '', 'select', '0', '0', '<br />', 'Country:', 'Country', '', '', '', '', '1', '1', '1', 1),
(225, 24, 'shipping_postal_code', 'Where are you shipping from?', 1, 'shipping_postal_code', '', 'text', '10', '10', '<br />', 'Postal Code:', 'Postal Code', 'Postal Code', '', '', '', '1', '1', '1', 2),
(226, 24, 'shipping_city', 'Where are you shipping from?', 1, 'shipping_city', '', 'text', '52', '10', '<br />', 'City:', 'City', '', 'City', '', '', '1', '1', '1', 3),
(227, 24, 'shipping_contact_name', 'Where are you shipping from?', 1, 'shipping_contact_name', '', 'text', '52', '10', '<br />', 'Contact Name:', 'Contact Name', 'Contact Name', '', '', '', '1', '1', '1', 4),
(228, 24, 'shipping_company_name', 'Where are you shipping from?', 1, 'shipping_company_name', '', 'text', '52', '10', '<br />', 'Company Name:', 'Company Name', 'Company Name', '', '', '', '1', '1', '1', 5),
(229, 24, 'shipping_street_no', 'Where are you shipping from?', 1, 'shipping_street_no', '', 'text', '52', '10', '<br />', 'Street Name / No:', 'Street Name / No', 'Street Name / No', '', '', '', '1', '1', '1', 6),
(230, 24, 'shipping_house_no', 'Where are you shipping from?', 1, 'shipping_house_no', '', 'text', '52', '10', '<br />', 'House No:', 'House No', 'House No', '', '', '', '1', '1', '1', 7),
(231, 24, 'shipping_address_2', 'Where are you shipping from?', 1, 'shipping_address_2', '', 'text', '52', '10', '<br />', 'Additional Address:', 'Additional Address', 'Additional Address', '', '', '', '1', '1', '0', 8),
(232, 24, 'shipping_phone_no', 'Where are you shipping from?', 1, 'shipping_phone_no', '', 'text', '52', '10', '<br />', 'Phone Number:', 'Phone Number', 'Phone Number', '', '', '', '1', '1', '1', 9),
(233, 24, 'shipping_email', 'Where are you shipping from?', 1, 'shipping_email', '', 'text', '52', '10', '<br />', 'E-mail Address:', 'E-mail Address', 'E-mail Address', '', '', '', '1', '1', '0', 10),
(234, 24, 'shipping_vat_no', 'Where are you shipping from?', 1, 'shipping_vat_no', '', 'text', '52', '10', '<br />', 'Vat Number:', 'Vat Number', 'Vat Number', '', '', '', '1', '1', '0', 11);
INSERT INTO `forms_fields` (`id`, `form_id`, `field_name`, `field_group`, `group_order`, `field_id`, `field_class`, `field_type`, `field_width`, `field_height`, `field_separator`, `field_label`, `field_title`, `field_desc`, `field_option`, `field_default_value`, `regexpr`, `display_admin`, `display_frontend`, `required`, `field_order`) VALUES
(235, 24, 'chamber_commerce', 'Where are you shipping from?', 1, 'chamber_commerce', '', 'text', '52', '10', '<br />', 'Chamber of Commerce:', 'Chamber of Commerce', 'Chamber of Commerce', '', '', '', '1', '1', '0', 12),
(236, 24, 'destination_country', 'Where are you shipping to?', 1, 'destination_country', '', 'select', '0', '0', '<br />', 'Country:', 'Country', 'Destination Country', '', '', '', '1', '1', '1', 13),
(237, 24, 'destination_postal_code', 'Where are you shipping to?', 1, 'destination_postal_code', '', 'text', '10', '10', '<br />', 'Postal Code:', 'Postal Code', 'Postal Code', '', '', '', '1', '1', '1', 14),
(238, 24, 'destination_city', 'Where are you shipping to?', 1, 'destination_city', '', 'text', '52', '10', '<br />', 'City:', 'City', 'Destination City', '', '', '', '1', '1', '1', 15),
(239, 24, 'receiver_name', 'Where are you shipping to?', 1, 'receiver_name', '', 'text', '52', '10', '<br />', 'Receiver Name:', 'Receiver Name', 'Receiver Name', '', '', '', '1', '1', '1', 16),
(240, 24, 'destination_company_name', 'Where are you shipping to?', 1, 'destination_company_name', '', 'text', '52', '10', '<br />', 'Company Name:', 'Company Name', 'Company Name', '', '', '', '1', '1', '1', 17),
(241, 24, 'destination_street_no', 'Where are you shipping to?', 1, 'destination_street_no', '', 'text', '52', '10', '<br />', 'Street Name / No:', 'Street Name / No', 'Street Name / No', '', '', '', '1', '1', '1', 18),
(242, 24, 'destination_house_no', 'Where are you shipping to?', 1, 'destination_house_no', '', 'text', '52', '10', '<br />', 'House No:', 'House No', 'House No', '', '', '', '1', '1', '1', 19),
(243, 24, 'destination_address', 'Where are you shipping to?', 1, 'destination_address', '', 'text', '52', '10', '<br />', 'Additional Address:', 'Additional Address', 'Additional Address', '', '', '', '1', '1', '0', 20),
(244, 24, 'destination_phone_no', 'Where are you shipping to?', 1, 'destination_phone_no', '', 'text', '52', '10', '<br />', 'Phone Number:', 'Phone Number', 'Phone Number', '', '', '', '1', '1', '1', 21),
(245, 24, 'destination_email', 'Where are you shipping to?', 1, 'destination_email', '', 'text', '52', '10', '<br />', 'E-mail Address:', 'E-mail Address', 'E-mail Address', '', '', '', '1', '1', '1', 22),
(246, 24, 'freight_type', 'Shipment Information', 1, 'freight_type', '', 'radio', '0', '0', '<br />', 'Freight Type:', 'Freight Type', 'Freight Type', 'Air Freight,Sea Freight,FCL Sea Freight,LCL Custom clearance,Warehousing and Distribution,Import,Export', '', '', '1', '1', '1', 23),
(247, 24, 'shipment_number', 'Shipment Information', 1, 'shipment_number', '', 'text', '52', '10', '<br />', 'HAWB No / Container No', 'HAWB No / Container No', 'HAWB No / Container No', '', '', '', '1', '1', '1', 24),
(248, 24, 'shipment_length', 'Shipment Information', 1, 'shipment_length', '', 'text', '52', '10', '<br />', 'Length (cm):', 'Length (cm)', 'Length (cm)', '', '', '', '1', '1', '1', 25),
(249, 24, 'shipment_width', 'Shipment Information', 1, 'shipment_width', '', 'text', '52', '10', '<br />', 'Width (cm) :', 'Width (cm)', 'Width (cm)', '', '', '', '1', '1', '1', 26),
(250, 24, 'shipment_height', 'Shipment Information', 1, 'shipment_height', '', 'text', '52', '10', '<br />', 'Height (cm):', 'Height (cm)', 'Height (cm)', '', '', '', '1', '1', '1', 27),
(251, 24, 'shipment_weight', 'Shipment Information', 1, 'shipment_weight', '', 'text', '52', '10', '<br />', 'Weight (GM / CBM):', 'Weight (GM / CBM)', 'Weight (GM / CBM)', '', '', '', '1', '1', '1', 28),
(252, 24, 'goods_type', 'Shipment Information', 1, 'goods_type', '', 'text', '52', '10', '<br />', 'Type of Goods:', 'Type of Goods', 'Type of Goods', '', '', '', '1', '1', '1', 29),
(253, 24, 'shipment_additional_information', 'Shipment Information', 1, 'shipment_additional_information', '', 'textarea', '48', '4', '<br />', 'Additional Information:', 'Additional Information', 'Additional Information', '', '', '', '1', '1', '0', 30),
(254, 24, 'etd_time', 'Expected Time of Departure', 1, 'etd_time', '', 'text', '25', '1', '<br />', 'Shipment Picked up Time:', 'Shipment Picked up Time', 'Shipment Picked up Time [i.e. 12:00 PM]', '', '', '', '1', '1', '1', 31),
(272, 24, 'etd_date', 'Expected Time of Departure', 1, 'etd_date', '', 'text', '25', '1', '<br />', 'Shipment Picked up Date:', 'Shipment Picked up Date', 'Shipment Picked up Date', '', '', '', '1', '1', '1', 32),
(273, 24, 'eta_time', 'Expected Time of Arrival', 1, 'eta_time', '', 'text', '25', '1', '<br />', 'Shipment Arrival Time:', 'Shipment Arrival Time', 'Shipment Arrival Time', '', '', '', '1', '1', '0', 33),
(274, 24, 'eta_date', 'Expected Time of Arrival', 1, 'eta_date', '', 'text', '25', '1', '<br />', 'Shipment Arrival Date:', 'Shipment Arrival Date', 'Shipment Arrival Date', '', '', '', '1', '1', '0', 34),
(275, 24, 'shipping_documents', 'Relevant Shipping Documents', 1, 'shipping_documents', '', 'file', '39', '1', '<br />', 'Upload Documents:', 'Upload Documents', 'Please upload relevant sipping documents', '', '', '', '1', '1', '0', 35),
(276, 24, 'shipping_documents_info', 'Relevant Shipping Documents', 1, 'shipping_documents_info', '', 'textarea', '47', '4', '<br />', 'Additional Information:', 'Additional Information', 'Additional Information', '', '', '', '1', '1', '0', 36),
(277, 25, 'review_rate', 'Write Review', 1, 'review_rate', 'ui-widget-content ui-corner-all', 'hidden', '10', '10', '<br />', 'Rate Review :', 'Rate Review', 'Rate Review', '', '', '', '1', '1', '1', 1),
(278, 25, 'item_id', 'Write Review', 1, 'item_id', 'ui-widget-content ui-corner-all', 'hidden', '10', '10', '<br />', 'Autos Model :', '', '', '', '', '', '1', '1', '1', 2),
(279, 25, 'review_title', 'Write Review', 1, 'review_title', 'ui-widget-content ui-corner-all', 'text', '50', '10', '<br />', 'Review Title :', 'Review Title', 'Review Title', '', '', '', '1', '1', '1', 3),
(280, 25, 'user_image', 'Write Review', 1, 'user_image', 'ui-widget-content ui-corner-all', 'file', '50', '10', '<br />', 'Upload Image :', 'Upload Image', 'Upload Image', '', '', '', '1', '1', '0', 4),
(281, 25, 'review_desc', 'Write Review', 1, 'review_desc', 'ui-widget-content ui-corner-all', 'textarea', '40', '6', '<br />', 'Description :', 'Description', 'Description', '', '', '', '1', '1', '1', 5),
(282, 9, 'vacationrentals_frontend_details', 'Vacation Rental Package', 5, 'vacationrentals_frontend_details', 'ui-widget-content ui-corner-all', 'radio', '10', '10', '', 'Realtor Profile :', 'Enable or Disable Realtor Profile', 'Enable or Disable Realtor Profile', 'On,Off', 'On', '', '1', '1', '0', 27),
(283, 9, 'vacationrentals_frontend_details_contact_directly', 'Vacation Rental Package', 5, 'vacationrentals_frontend_details_contact_directly', 'ui-widget-content ui-corner-all', 'radio', '10', '10', '', 'Can visitors contact directly :', 'Can visitors contact directly', 'Enable or Disable contact info', 'Yes,No', 'No', '', '1', '1', '0', 28),
(284, 9, 'vacationrentals_frontend_details_certified', 'Vacation Rental Package', 5, 'vacationrentals_frontend_details_certified', 'ui-widget-content ui-corner-all', 'radio', '10', '10', '', 'Is the package certified :', 'Is the package certified', '', 'Yes,No', 'No', '', '1', '1', '0', 29),
(285, 9, 'vacationrentals_frontend_details_pic', 'Vacation Rental Package Images', 6, 'vacationrentals_frontend_details_pic', 'ui-widget-content ui-corner-all', 'file', '10', '10', '<br />', 'Package Picture :', 'Package Picture', '', '', '', '', '1', '1', '0', 30),
(286, 9, 'vacationrentals_frontend_details_pic_width', 'Vacation Rental Package Images', 6, 'vacationrentals_frontend_details_pic_width', 'ui-widget-content ui-corner-all', 'text', '4', '10', '<br />', 'Package Picture Width :', 'Package Picture Width', '', '', '75', 'Int', '1', '1', '0', 31),
(287, 9, 'vacationrentals_frontend_details_pic_height', 'Vacation Rental Package Images', 6, 'vacationrentals_frontend_details_pic_height', 'ui-widget-content ui-corner-all', 'text', '4', '10', '<br />', 'Package Picture Height :', 'Package Picture Height', '', '', '87', 'Int', '1', '1', '0', 32),
(288, 9, 'vacationrentals_frontend_details_pic_certi', 'Vacation Rental Package Images', 6, 'vacationrentals_frontend_details_pic_certi', 'ui-widget-content ui-corner-all', 'file', '4', '10', '<br />', 'Certificate Picture :', 'Certificate Picture', '', '', '', '', '1', '1', '0', 33),
(289, 9, 'vacationrentals_frontend_details_pic_certi_width', 'Vacation Rental Package Images', 6, 'vacationrentals_frontend_details_pic_certi_width', 'ui-widget-content ui-corner-all', 'text', '4', '10', '<br />', 'Certificate Picture :', 'Certificate Picture', '', '', '80', 'Int', '1', '1', '0', 34),
(290, 9, 'vacationrentals_frontend_details_pic_certi_height', 'Vacation Rental Package Images', 6, 'vacationrentals_frontend_details_pic_certi_height', 'ui-widget-content ui-corner-all', 'text', '4', '10', '<br />', 'Certificate Picture Height :', 'Certificate Picture Height', '', '', '60', 'Int', '1', '1', '0', 35),
(291, 9, 'vacationrentals_frontend_details_allow_logo', 'Vacation Rental Package', 5, 'vacationrentals_frontend_details_allow_logo', 'ui-widget-content ui-corner-all', 'radio', '4', '10', '', 'Do you allow print logo :', 'Do you allow print logo', '', 'Yes,No', 'No', '', '1', '1', '0', 36);

-- --------------------------------------------------------

--
-- Table structure for table `forms_fields_values`
--

CREATE TABLE IF NOT EXISTS `forms_fields_values` (
  `id` int(11) NOT NULL AUTO_INCREMENT,
  `table_id` int(11) DEFAULT NULL,
  `form_id` int(11) DEFAULT NULL,
  `field_id` int(11) DEFAULT NULL,
  `field_value` longtext COLLATE utf8_unicode_ci,
  PRIMARY KEY (`id`)
) ENGINE=InnoDB  DEFAULT CHARSET=utf8 COLLATE=utf8_unicode_ci AUTO_INCREMENT=2483 ;

--
-- Dumping data for table `forms_fields_values`
--

INSERT INTO `forms_fields_values` (`id`, `table_id`, `form_id`, `field_id`, `field_value`) VALUES
(1, 1, 10, 68, 'default_user_image.gif'),
(2, 1, 10, 69, '75'),
(3, 1, 10, 70, '87'),
(4, 1, 10, 71, 'package_default.png'),
(5, 1, 10, 72, '80'),
(6, 1, 10, 73, '60'),
(7, 1, 10, 74, 'verified_sign_default.png'),
(8, 1, 10, 75, '80'),
(9, 1, 10, 76, '60'),
(10, 1, 10, 77, 'default_company_logo.gif'),
(11, 1, 10, 78, '80'),
(12, 1, 10, 79, '60'),
(22, 2, 9, 62, NULL),
(25, 2, 9, 65, NULL),
(37, 3, 9, 62, 'golden_package.png'),
(40, 3, 9, 65, 'golden_package_verified.png'),
(44, 4, 11, 83, 'earth2_medium.jpg'),
(45, 4, 11, 84, 'pluto2.jpg,neptune_voy2.jpg,plutanb.gif'),
(48, 4, 1, 80, NULL),
(49, 4, 1, 81, NULL),
(81, 4, 11, 82, 'Lynda'),
(82, 4, 11, 85, 'I might be wrong but I do feel that new comers can do wonders for you.  I’m not against the experienced and eminent companies but the passion  and dedication that beginners invest in their work is unbeatable. That  is what I witnessed when Flick Media people worked for me on my web  portal. They had satisfied me to the utmost and I got them again on the  job. And I’m fond of their services now.'),
(83, 4, 11, 92, ''),
(84, 4, 11, 93, 'bar,bat'),
(85, 4, 11, 94, 'Foo Option,Bat Option'),
(86, 4, 11, 95, 'Foo Option'),
(87, 4, 11, 96, 'No'),
(88, 4, 11, 97, 'Foo Option,Baz Option'),
(159, 4, 1, 1, '3'),
(414, 2, 7, 36, ''),
(415, 2, 7, 37, ''),
(416, 2, 7, 38, 'khkhk'),
(417, 2, 7, 39, '2011-10-12'),
(418, 2, 7, 40, '32'),
(419, 2, 7, 98, 'gdg,gdgsd,hdfhd'),
(420, 2, 7, 99, 'gdfg gsdg,gdgsd,gsdgdfjhg'),
(425, 3, 1, 1, '2'),
(708, 5, 16, 148, '6'),
(709, 5, 16, 149, '8'),
(710, 5, 16, 150, 'hgfhfh'),
(711, 5, 16, 151, ''),
(712, 5, 16, 152, 'hfdhhfhg'),
(713, 6, 16, 148, '4'),
(714, 6, 16, 149, '8'),
(715, 6, 16, 150, 'gfh dh hfdh dfhfd hfd'),
(716, 6, 16, 151, ''),
(717, 6, 16, 152, 'd hdfhd dfh dfh dhd hdfh dfh dfh'),
(718, 7, 16, 148, '5'),
(719, 7, 16, 149, '21'),
(720, 7, 16, 150, 'jgjjgjhgj ghj'),
(721, 7, 16, 151, ''),
(722, 7, 16, 152, 'jhgj gjgh '),
(755, 20, 12, 100, ''),
(756, 20, 12, 101, ''),
(757, 20, 12, 130, ''),
(758, 20, 12, 131, NULL),
(791, 2, 9, 53, 'Free Package'),
(792, 2, 9, 54, '0.00'),
(793, 2, 9, 58, '1'),
(794, 2, 9, 55, '5'),
(795, 2, 9, 57, '1'),
(796, 2, 9, 56, 'On'),
(797, 2, 9, 59, 'No'),
(798, 2, 9, 60, 'No'),
(799, 2, 9, 61, 'No'),
(800, 2, 9, 63, '75'),
(801, 2, 9, 64, '87'),
(802, 2, 9, 66, '80'),
(803, 2, 9, 67, '60'),
(804, 2, 9, 137, ''),
(805, 2, 9, 138, 'On'),
(806, 2, 9, 139, 'No'),
(807, 2, 9, 140, 'No'),
(808, 2, 9, 141, 'No'),
(809, 2, 9, 143, '75'),
(810, 2, 9, 144, '87'),
(811, 2, 9, 146, '80'),
(812, 2, 9, 147, '60'),
(814, 5, 1, 80, NULL),
(815, 5, 1, 81, NULL),
(816, 6, 1, 1, '2'),
(817, 6, 1, 80, NULL),
(818, 6, 1, 81, NULL),
(828, 8, 9, 62, NULL),
(831, 8, 9, 65, NULL),
(839, 8, 9, 142, NULL),
(842, 8, 9, 145, NULL),
(911, 9, 9, 53, 'Diamond Packages'),
(912, 9, 9, 54, '30'),
(913, 9, 9, 58, '36'),
(914, 9, 9, 55, '75'),
(915, 9, 9, 57, '36'),
(916, 9, 9, 56, 'On'),
(917, 9, 9, 59, 'Yes'),
(918, 9, 9, 60, 'Yes'),
(919, 9, 9, 61, 'Yes'),
(920, 9, 9, 62, NULL),
(921, 9, 9, 63, '75'),
(922, 9, 9, 64, '87'),
(923, 9, 9, 65, NULL),
(924, 9, 9, 66, '80'),
(925, 9, 9, 67, '60'),
(926, 9, 9, 137, '50'),
(927, 9, 9, 138, 'On'),
(928, 9, 9, 139, 'Yes'),
(929, 9, 9, 140, 'Yes'),
(930, 9, 9, 141, 'Yes'),
(931, 9, 9, 142, NULL),
(932, 9, 9, 143, '75'),
(933, 9, 9, 144, '87'),
(934, 9, 9, 145, NULL),
(935, 9, 9, 146, '80'),
(936, 9, 9, 147, '60'),
(937, 3, 9, 53, 'Golden Package'),
(938, 3, 9, 54, '200'),
(939, 3, 9, 58, '24'),
(940, 3, 9, 55, '50'),
(941, 3, 9, 57, '24'),
(942, 3, 9, 56, 'On'),
(943, 3, 9, 59, 'Yes'),
(944, 3, 9, 60, 'Yes'),
(945, 3, 9, 61, 'Yes'),
(946, 3, 9, 63, '75'),
(947, 3, 9, 64, '87'),
(948, 3, 9, 66, '80'),
(949, 3, 9, 67, '60'),
(950, 3, 9, 137, '25'),
(951, 3, 9, 138, 'Off'),
(952, 3, 9, 139, 'Yes'),
(953, 3, 9, 140, 'Yes'),
(954, 3, 9, 141, 'Yes'),
(955, 3, 9, 143, '75'),
(956, 3, 9, 144, '87'),
(957, 3, 9, 146, '80'),
(958, 3, 9, 147, '60'),
(979, 10, 9, 142, NULL),
(982, 10, 9, 145, NULL),
(1007, 5, 1, 1, '2'),
(1009, 8, 1, 80, NULL),
(1010, 8, 1, 81, NULL),
(1024, 5, 21, 192, ''),
(1025, 5, 21, 193, ''),
(1026, 5, 21, 194, ''),
(1027, 5, 21, 195, ''),
(1028, 5, 21, 196, ''),
(1029, 5, 21, 197, ''),
(1030, 5, 21, 198, ''),
(1031, 5, 21, 199, NULL),
(1032, 5, 21, 200, ''),
(1033, 5, 21, 201, ''),
(1034, 11, 2, 6, 'fdhdh'),
(1035, 11, 2, 7, 'hdfhdfhdh'),
(1036, 11, 2, 8, ''),
(1037, 11, 2, 9, ''),
(1038, 11, 2, 10, 'dfghdg hdh dhdf h'),
(1039, 11, 2, 41, ''),
(1040, 11, 2, 86, 'bar,bat'),
(1041, 11, 2, 87, 'Foo Option,Bat Option'),
(1042, 11, 2, 88, 'Foo Option'),
(1043, 11, 2, 89, 'No'),
(1044, 11, 2, 90, ''),
(1045, 11, 2, 91, 'Foo Option,Baz Option'),
(1046, 11, 2, 119, ''),
(1047, 11, 2, 186, 'Foo Option'),
(1048, 12, 15, 136, '5'),
(1049, 12, 15, 133, '2'),
(1050, 12, 15, 132, 'vvzx vzx'),
(1051, 12, 15, 135, ''),
(1052, 12, 15, 134, 'vzxv xzv zxvvzvzxv'),
(1053, 13, 15, 136, '5'),
(1054, 13, 15, 133, '2'),
(1055, 13, 15, 132, 'ZCc cz asdA'),
(1056, 13, 15, 135, ''),
(1057, 13, 15, 134, 'Ad dA ad aD'),
(1058, 14, 23, 207, 'fsdfsd'),
(1059, 14, 23, 208, 'Yes'),
(1060, 14, 23, 209, 'fdsfds'),
(1061, 14, 23, 210, '534534'),
(1062, 14, 23, 211, '543543'),
(1063, 14, 23, 213, 'sad@fd.com'),
(1064, 14, 23, 212, 'E-mail'),
(1065, 14, 23, 214, 'sffs'),
(1066, 14, 23, 215, 'fsdfsdf'),
(1067, 14, 23, 216, 'sfsdf'),
(1068, 14, 23, 217, 'fdsf'),
(1069, 14, 23, 218, 'Sea Freight FCL'),
(1070, 14, 23, 219, ''),
(1071, 14, 23, 220, 'fdsfds'),
(1072, 14, 23, 221, 'fdsf'),
(1073, 14, 23, 222, 'sddsf'),
(1074, 14, 23, 223, 'sfdsfds'),
(1078, 15, 22, 205, ''),
(1088, 15, 22, 202, '4'),
(1089, 15, 22, 203, '5'),
(1090, 15, 22, 204, 'hfdhhdf'),
(1091, 15, 22, 206, 'hd hdhdfh'),
(1284, 10, 9, 62, '99229_Full.jpg'),
(1287, 10, 9, 65, 'diagram_3b_small.jpg'),
(1302, 10, 9, 53, 'Platinum Package'),
(1303, 10, 9, 54, '499'),
(1304, 10, 9, 58, '48'),
(1305, 10, 9, 55, '100'),
(1306, 10, 9, 57, '60'),
(1307, 10, 9, 56, 'Off'),
(1308, 10, 9, 59, 'Yes'),
(1309, 10, 9, 60, 'Yes'),
(1310, 10, 9, 61, 'Yes'),
(1311, 10, 9, 63, '75'),
(1312, 10, 9, 64, '87'),
(1313, 10, 9, 66, '80'),
(1314, 10, 9, 67, '60'),
(1315, 10, 9, 137, '100'),
(1316, 10, 9, 138, 'On'),
(1317, 10, 9, 139, 'Yes'),
(1318, 10, 9, 140, 'Yes'),
(1319, 10, 9, 141, 'Yes'),
(1320, 10, 9, 143, '75'),
(1321, 10, 9, 144, '87'),
(1322, 10, 9, 146, '80'),
(1323, 10, 9, 147, '60'),
(1393, 8, 1, 1, '8'),
(1418, 16, 21, 192, ''),
(1419, 16, 21, 193, ''),
(1420, 16, 21, 194, ''),
(1421, 16, 21, 195, ''),
(1422, 16, 21, 196, ''),
(1423, 16, 21, 197, ''),
(1424, 16, 21, 198, ''),
(1425, 16, 21, 199, NULL),
(1426, 16, 21, 200, ''),
(1427, 16, 21, 201, ''),
(1430, 16, 2, 8, ''),
(1431, 16, 2, 9, ''),
(1886, 16, 2, 6, 'sgsg {''$''}'),
(1887, 16, 2, 7, 'sdg {''$''}'),
(1888, 16, 2, 10, 'sdgsdg{''$''}  '),
(1889, 16, 2, 41, ''),
(1890, 16, 2, 86, 'bar,bat'),
(1891, 16, 2, 87, 'Foo Option,Bat Option'),
(1892, 16, 2, 88, 'Foo Option'),
(1893, 16, 2, 89, 'No'),
(1894, 16, 2, 90, ''),
(1895, 16, 2, 91, 'Foo Option,Baz Option'),
(1896, 16, 2, 119, ''),
(1897, 16, 2, 186, 'Foo Option'),
(1922, 17, 25, 277, '4'),
(1923, 17, 25, 278, '1'),
(1924, 17, 25, 279, 'sfsfsfsf'),
(1925, 17, 25, 280, ''),
(1926, 17, 25, 281, 'fsf fafasdf'),
(1927, 18, 25, 277, '4'),
(1928, 18, 25, 278, '1'),
(1929, 18, 25, 279, 'fsdf sdf f'),
(1930, 18, 25, 280, ''),
(1931, 18, 25, 281, 'afafaf a'),
(1932, 19, 25, 277, '5'),
(1933, 19, 25, 278, '1'),
(1934, 19, 25, 279, 'fghfhf'),
(1935, 19, 25, 280, ''),
(1936, 19, 25, 281, 'h hfgh'),
(1937, 20, 25, 277, '3'),
(1938, 20, 25, 278, '1'),
(1939, 20, 25, 279, ' dhd hdh'),
(1940, 20, 25, 280, ''),
(1941, 20, 25, 281, 'hdfh dfhdf'),
(1978, 6, 12, 100, ''),
(1979, 6, 12, 101, ''),
(1980, 6, 12, 130, ''),
(1981, 6, 12, 131, NULL),
(1982, 21, 25, 277, '2'),
(1983, 21, 25, 278, '6'),
(1984, 21, 25, 279, 'fsdf'),
(1985, 21, 25, 280, ''),
(1986, 21, 25, 281, 'faf af fafa&nbsp; afaf<img title="Frown" src="js/tiny_mce/plugins/emotions/img/smiley-frown.gif" alt="Frown" border="0" /> ddD&nbsp; addd'),
(1987, 22, 25, 277, '1'),
(1988, 22, 25, 278, '6'),
(1989, 22, 25, 279, 'hgf'),
(1990, 22, 25, 280, ''),
(1991, 22, 25, 281, 'ghdfgd dgdg d <img title="Yell" src="js/tiny_mce/plugins/emotions/img/smiley-yell.gif" alt="Yell" border="0" /><br />dsgtsss sgsgsgs<br />asfaf afasfasf<img title="Tongue out" src="js/tiny_mce/plugins/emotions/img/smiley-tongue-out.gif" alt="Tongue out" border="0" /><br />asfafa fafasfa<img title="Money mouth" src="js/tiny_mce/plugins/emotions/img/smiley-money-mouth.gif" alt="Money mouth" border="0" />'),
(1992, 11, 1, 1, '2'),
(1993, 11, 1, 80, NULL),
(1994, 11, 1, 81, NULL),
(2053, 25, 21, 192, ''),
(2054, 25, 21, 193, ''),
(2055, 25, 21, 194, ''),
(2056, 25, 21, 195, ''),
(2057, 25, 21, 196, ''),
(2058, 25, 21, 197, ''),
(2059, 25, 21, 198, ''),
(2060, 25, 21, 199, ''),
(2061, 25, 21, 200, ''),
(2062, 25, 21, 201, ''),
(2063, 23, 22, 202, '5'),
(2064, 23, 22, 203, '22'),
(2065, 23, 22, 204, 'rewr'),
(2066, 23, 22, 205, ''),
(2067, 23, 22, 206, 'rwrwerw'),
(2068, 24, 22, 202, '5'),
(2069, 24, 22, 203, '22'),
(2070, 24, 22, 204, 'rwerw rwer'),
(2071, 24, 22, 205, ''),
(2072, 24, 22, 206, 'rwer wrew er'),
(2086, 44, 7, 36, 'Alaska_Airlines.gif'),
(2087, 44, 7, 37, ''),
(2088, 44, 7, 38, 'dsadsa'),
(2089, 44, 7, 39, '2012-03-22'),
(2090, 44, 7, 40, '45'),
(2091, 44, 7, 98, ''),
(2092, 44, 7, 99, 'gdfg gsdg,gsdgdfjhg'),
(2116, 14, 7, 36, 'Biman_Bangladesh_Airlines_logo.png'),
(2117, 14, 7, 37, ''),
(2118, 14, 7, 38, 'dssad'),
(2119, 14, 7, 39, '2012-03-21'),
(2120, 14, 7, 40, '34'),
(2121, 14, 7, 98, 'gdgsd,gsdgdfjhg'),
(2122, 14, 7, 99, 'gdgsd,hdfhd'),
(2166, 21, 21, 192, ''),
(2167, 21, 21, 193, ''),
(2168, 21, 21, 194, ''),
(2169, 21, 21, 195, ''),
(2170, 21, 21, 196, ''),
(2171, 21, 21, 197, ''),
(2172, 21, 21, 198, ''),
(2173, 21, 21, 199, ''),
(2174, 21, 21, 200, ''),
(2175, 21, 21, 201, ''),
(2415, 8, 9, 53, 'Silver Packages'),
(2416, 8, 9, 54, '100'),
(2417, 8, 9, 58, '12'),
(2418, 8, 9, 55, '25'),
(2419, 8, 9, 57, '3'),
(2420, 8, 9, 56, 'On'),
(2421, 8, 9, 59, 'Yes'),
(2422, 8, 9, 60, 'No'),
(2423, 8, 9, 61, 'No'),
(2424, 8, 9, 63, '75'),
(2425, 8, 9, 64, '87'),
(2426, 8, 9, 66, '80'),
(2427, 8, 9, 67, '60'),
(2428, 8, 9, 137, ''),
(2429, 8, 9, 138, 'Off'),
(2430, 8, 9, 139, 'No'),
(2431, 8, 9, 140, 'No'),
(2432, 8, 9, 141, 'No'),
(2433, 8, 9, 143, '75'),
(2434, 8, 9, 144, '87'),
(2435, 8, 9, 146, '80'),
(2436, 8, 9, 147, '60'),
(2437, 8, 9, 282, 'On'),
(2438, 8, 9, 283, 'Yes'),
(2439, 8, 9, 284, 'Yes'),
(2440, 8, 9, 291, 'Yes'),
(2441, 8, 9, 286, '75'),
(2442, 8, 9, 287, '87'),
(2443, 8, 9, 289, '80'),
(2444, 8, 9, 290, '60'),
(2445, 25, 11, 82, 'Joel'),
(2446, 25, 11, 83, 'cms.jpg'),
(2447, 25, 11, 84, 'web.jpg'),
(2448, 25, 11, 85, 'This is a nice CMS site. Site Design is magnificent. Admin Control panel is also user friendly. Keep developing..'),
(2449, 25, 11, 92, ''),
(2450, 25, 11, 93, 'bar,bat'),
(2451, 25, 11, 94, 'Foo Option,Bat Option'),
(2452, 25, 11, 95, 'Foo Option'),
(2453, 25, 11, 96, 'No'),
(2454, 25, 11, 97, 'Foo Option,Baz Option'),
(2455, 26, 11, 82, 'Blogger'),
(2456, 26, 11, 83, 'Status-user-away-icon.png'),
(2457, 26, 11, 84, 'girl-icon.png'),
(2458, 26, 11, 85, 'Eicra CMS have lots of built in plugin like Site Search, Gallery, News, Dynamic Form with a choice of layouts and support for any website''s CSS stylesheets.A CMS Events Calendar feed, so that CM events entered in one database can show up many places on the web.'),
(2459, 26, 11, 92, ''),
(2460, 26, 11, 93, 'bar,bat'),
(2461, 26, 11, 94, 'Foo Option,Bat Option'),
(2462, 26, 11, 95, 'Foo Option'),
(2463, 26, 11, 96, 'No'),
(2464, 26, 11, 97, 'Foo Option,Baz Option'),
(2466, 27, 11, 83, 'girl-icon.png'),
(2467, 27, 11, 84, 'product-icon.png'),
(2475, 27, 11, 82, 'Support'),
(2476, 27, 11, 85, 'We are going to launch B2B and Auction Script. This product will be available for sale at the end of this year. Hope you will enjoy our products.'),
(2477, 27, 11, 92, ''),
(2478, 27, 11, 93, 'bar,bat'),
(2479, 27, 11, 94, 'Foo Option,Bat Option'),
(2480, 27, 11, 95, 'Foo Option'),
(2481, 27, 11, 96, 'No'),
(2482, 27, 11, 97, 'Foo Option,Baz Option');

-- --------------------------------------------------------

--
-- Table structure for table `forms_general`
--

CREATE TABLE IF NOT EXISTS `forms_general` (
  `id` int(11) NOT NULL AUTO_INCREMENT,
  `form_id` int(11) DEFAULT NULL,
  `active` enum('2','1','0') COLLATE utf8_unicode_ci DEFAULT '2',
  `g_date` datetime DEFAULT NULL,
  `coment_type` varchar(255) COLLATE utf8_unicode_ci DEFAULT NULL,
  `user_id` int(11) DEFAULT '0',
  PRIMARY KEY (`id`)
) ENGINE=InnoDB  DEFAULT CHARSET=utf8 COLLATE=utf8_unicode_ci AUTO_INCREMENT=28 ;

--
-- Dumping data for table `forms_general`
--

INSERT INTO `forms_general` (`id`, `form_id`, `active`, `g_date`, `coment_type`, `user_id`) VALUES
(1, 10, '1', '2011-06-20 07:31:54', NULL, 0),
(2, 9, '1', '2011-06-20 07:33:26', NULL, 0),
(3, 9, '1', '2011-06-20 07:34:13', NULL, 0),
(4, 11, '1', '2011-06-20 07:39:27', NULL, 0),
(5, 16, '1', '2011-10-26 02:10:02', NULL, 1),
(6, 16, '1', '2011-10-26 02:10:49', NULL, 1),
(7, 16, '1', '2011-10-31 04:24:40', NULL, 0),
(8, 9, '1', '2011-12-12 09:37:40', NULL, 1),
(9, 9, '1', '2011-12-12 09:54:37', NULL, 1),
(10, 9, '1', '2011-12-12 10:07:40', NULL, 1),
(11, 2, '2', '2011-12-29 10:20:33', NULL, 1),
(12, 15, '1', '2011-12-31 09:31:03', NULL, 1),
(13, 15, '1', '2011-12-31 09:31:12', NULL, 1),
(14, 23, '2', '2012-01-11 04:49:38', NULL, 1),
(15, 22, '1', '2012-01-11 09:31:11', NULL, 1),
(16, 2, '2', '2012-01-28 08:32:32', NULL, 1),
(17, 25, '1', '2012-02-13 04:33:25', NULL, 1),
(18, 25, '1', '2012-02-13 04:34:11', NULL, 1),
(19, 25, '1', '2012-02-13 06:33:02', NULL, 1),
(20, 25, '1', '2012-02-13 06:33:07', NULL, 1),
(21, 25, '1', '2012-02-14 08:04:39', NULL, 1),
(22, 25, '1', '2012-02-14 08:13:02', NULL, 1),
(23, 22, '1', '2012-03-21 04:38:23', NULL, 1),
(24, 22, '1', '2012-03-21 04:38:27', NULL, 1),
(25, 11, '1', '2012-04-11 09:19:07', NULL, 1),
(26, 11, '1', '2012-04-11 09:21:04', NULL, 1),
(27, 11, '1', '2012-04-11 09:21:55', NULL, 1);

-- --------------------------------------------------------

--
-- Table structure for table `gallery_category`
--

CREATE TABLE IF NOT EXISTS `gallery_category` (
  `id` int(11) NOT NULL AUTO_INCREMENT,
  `group_id` int(11) DEFAULT NULL,
  `entry_by` int(11) DEFAULT '1',
  `category_name` varchar(255) COLLATE utf8_unicode_ci DEFAULT NULL,
  `category_title` varchar(255) COLLATE utf8_unicode_ci DEFAULT NULL,
  `category_code` varchar(255) COLLATE utf8_unicode_ci DEFAULT NULL,
  `category_price` varchar(255) COLLATE utf8_unicode_ci DEFAULT NULL,
  `category_thumb` varchar(255) COLLATE utf8_unicode_ci DEFAULT NULL,
  `category_desc` longblob,
  `parent` int(11) DEFAULT '0',
  `category_order` int(11) DEFAULT '0',
  `cat_date` datetime DEFAULT NULL,
  `featured` tinyint(4) DEFAULT '0',
  `active` tinyint(4) DEFAULT '1',
  `meta_title` varchar(255) COLLATE utf8_unicode_ci DEFAULT NULL,
  `meta_keywords` varchar(255) COLLATE utf8_unicode_ci DEFAULT NULL,
  `meta_desc` text COLLATE utf8_unicode_ci,
  PRIMARY KEY (`id`)
) ENGINE=InnoDB  DEFAULT CHARSET=utf8 COLLATE=utf8_unicode_ci AUTO_INCREMENT=74 ;

--
-- Dumping data for table `gallery_category`
--

INSERT INTO `gallery_category` (`id`, `group_id`, `entry_by`, `category_name`, `category_title`, `category_code`, `category_price`, `category_thumb`, `category_desc`, `parent`, `category_order`, `cat_date`, `featured`, `active`, `meta_title`, `meta_keywords`, `meta_desc`) VALUES
(16, 4, 1, 'Computer', 'Computer-19', 'CP0000', '30000', 'Dell-LCD-Monitor.jpg', 0x4272616e64204170706c65205043, 0, 1, '2010-09-08 05:38:08', 0, 1, 'Brand Apple PC', 'Brand Apple PC', 'Brand Apple PC'),
(17, 4, 1, 'Flower', 'Flower', 'CP0001', '2.7', 'Aparajita-3.jpg', 0x466c6f776572, 0, 2, '2010-09-08 05:39:13', 0, 1, 'Flower', 'Flower', 'Flower'),
(18, 4, 1, 'Food', 'Food-18', 'CP0002', '123', 'Chicken_Biryani_Yellow.jpg', 0x466f6f64204368617274, 0, 3, '2010-09-08 05:40:08', 0, 1, 'Food Chart', 'Food Chart', 'Food Chart'),
(20, 1, 1, 'Ancient', 'Ancient', '', '', 'Ancient_2.jpg', 0x416e6369656e74, 0, 1, '2012-05-07 05:50:17', 0, 1, 'Ancient', 'Ancient', 'Ancient'),
(21, 1, 1, 'Architecture', 'Architecture', '', '', 'Hotel-Al-Burj.jpg', 0x417263686974656374757265, 0, 2, '2012-05-07 06:39:57', 0, 1, 'Architecture', 'Architecture', 'Architecture'),
(22, 1, 1, 'Building', 'Building', '', '', 'Building_5.jpg', 0x4275696c64696e67, 21, 1, '2012-05-07 06:42:19', 0, 1, 'Building', 'Building', 'Building'),
(23, 1, 1, 'Exterior', 'Exterior', '', '', 'Exterior_7.jpg', 0x4578746572696f72, 21, 2, '2012-05-07 06:48:33', 0, 1, 'Exterior', 'Exterior', 'Exterior'),
(24, 1, 1, 'Interior', 'Interior', '', '', 'Room.jpg', 0x496e746572696f72, 21, 3, '2012-05-07 06:52:59', 0, 1, 'Interior', 'Interior', 'Interior'),
(25, 1, 1, 'Artistic', 'Artistic', '', '', 'Hand-Paint.jpg', 0x4172746973746963, 0, 3, '2012-05-07 06:57:23', 0, 1, 'Artistic', 'Artistic', 'Artistic'),
(26, 1, 1, 'Business', 'Business', '', '', 'Flowchart.jpg', 0x427573696e657373, 0, 4, '2012-05-07 07:00:22', 0, 1, 'Business', 'Business', 'Business'),
(27, 1, 1, 'Customer Support', 'Customer-Support', '', '', 'Customer-Support_7.jpg', 0x437573746f6d657220537570706f7274, 26, 1, '2012-05-07 07:08:38', 0, 1, 'Customer Support', 'Customer Support', 'Customer Support'),
(28, 1, 1, 'Executive', 'Executive', '', '', 'Female-Executive_1.jpg', 0x457865637574697665, 26, 2, '2012-05-07 07:13:10', 0, 1, 'Executive', 'Executive', 'Executive'),
(29, 1, 1, 'Female Executive', 'Female-Executive', '', '', 'Female-Executive_2.jpg', 0x46656d616c6520457865637574697665, 28, 1, '2012-05-07 07:15:56', 0, 1, 'Female Executive', 'Female Executive', 'Female Executive'),
(30, 1, 1, 'Male Executive', 'Male-Executive', '', '', 'Male-Executive_1.jpg', 0x4d616c6520457865637574697665, 28, 2, '2012-05-07 07:18:59', 0, 1, 'Male Executive', 'Male Executive', 'Male Executive'),
(31, 1, 1, 'Office', 'Office', '', '', 'Working.jpg', 0x4f6666696365, 26, 3, '2012-05-07 07:23:00', 0, 1, 'Office', 'Office', 'Office'),
(32, 1, 1, 'Team', 'Team', '', '', 'Team_6.jpg', 0x5465616d, 26, 4, '2012-05-07 07:26:47', 0, 1, 'Team', '', 'Team'),
(33, 1, 1, 'Charity', 'Charity', '', '', 'Charity_23.jpg', 0x43686172697479, 0, 5, '2012-05-07 07:33:03', 0, 1, 'Charity', 'Charity', 'Charity'),
(34, 1, 1, 'Flag', 'Flag', '', '', 'Bangladeshi-Flag.jpg', 0x466c6167, 0, 6, '2012-05-07 07:37:11', 0, 1, 'Flag', '', 'Flag'),
(35, 1, 1, 'Hosting Server', 'Hosting-Server', '', '', 'Hosting-Server_2.jpg', 0x486f7374696e6720536572766572, 0, 7, '2012-05-07 07:39:05', 0, 1, 'Hosting Server', 'Hosting Server', 'Hosting Server'),
(36, 1, 1, 'Nature', 'Nature', '', '', 'Nature_2.jpg', 0x4e6174757265, 0, 8, '2012-05-07 07:45:01', 0, 1, 'Nature', 'Nature', 'Nature'),
(37, 1, 1, 'Others', 'Others', '', '', 'Marching.jpg', 0x4f7468657273, 0, 9, '2012-05-07 07:46:25', 0, 1, 'Others', 'Others', 'Others'),
(38, 4, 1, 'Garments', 'Garments', 'GM001', '300', 'Stripe-Shirt.jpg', 0x4361747320457965205368697274, 0, 4, '2012-05-10 07:06:25', 0, 1, 'Garments', 'Garments', 'Garments'),
(39, 4, 1, 'Furniture', 'Furniture', 'FT005', '4000', 'living-room-furniture.jpg', 0x4f746f6269204675726e6974757265, 0, 5, '2012-05-10 07:22:45', 0, 1, '', '', ''),
(40, 4, 1, 'Men', 'Men', 'MN001', '', 'Gent_Suit.jpg', 0x4d656e, 38, 1, '2012-05-10 08:52:08', 0, 1, 'Men', '', 'Men'),
(41, 4, 1, 'Women', 'Women', 'WM002', '', 'Jamdani_Saree.jpg', 0x576f6d656e, 38, 4, '2012-05-10 08:53:06', 0, 1, 'Women', '', 'Women'),
(42, 4, 1, 'Children', 'Children', 'CD003', '', 'Baby-Swanky-Dress.jpg', 0x4368696c6472656e, 38, 2, '2012-05-10 08:53:50', 0, 1, 'Children', 'Children', 'Children'),
(43, 4, 1, 'Old', 'Old', 'OD004', '', 'Nighty-Dress.jpg', 0x4f6c64, 38, 3, '2012-05-10 08:54:29', 0, 1, 'Old', '', 'Old'),
(44, 4, 1, 'Rainy Season Flower', 'Rainy-Season-Flower', 'RF001', '', 'Kadam-Ful.jpg', 0x5261696e7920536561736f6e20466c6f776572, 17, 1, '2012-05-10 08:59:54', 0, 1, 'Rainy Season Flower', 'Rainy Season Flower', 'Rainy Season Flower'),
(45, 4, 1, 'Summer Flower', 'Summer-Flower', 'SF002', '100', 'Summer-Flower.jpg', 0x53756d6d657220466c6f776572, 17, 2, '2012-05-10 09:01:32', 0, 1, 'Summer Flower', 'Summer Flower', 'Summer Flower'),
(46, 4, 1, 'Spring Flower', 'Spring-Flower', 'SF003', '170', 'Spring-Flower.jpg', 0x537072696e6720466c6f776572, 17, 3, '2012-05-10 09:02:29', 0, 1, 'Spring Flower', 'Spring Flower', 'Spring Flower'),
(47, 4, 1, 'Autumn Flower', 'Autumn-Flower', 'AF004', '200', 'Autumn-Flower.jpg', 0x417574756d6e20466c6f776572, 17, 4, '2012-05-10 09:03:43', 0, 1, 'Autumn Flower', 'Autumn Flower', 'Autumn Flower'),
(48, 4, 1, 'Winter Flower', 'Winter-Flower', 'WF005', '250', 'Winter-Flower.jpg', 0x57696e74657220466c6f776572, 17, 5, '2012-05-10 09:38:00', 0, 1, 'Winter Flower', 'Winter Flower', 'Winter Flower'),
(49, 4, 1, 'HP Brand', 'HP-Brand', 'HP001', '60000', 'Hp-Laptop.jpg', 0x4c6971756964204372797374616c20446973706c617920284c434429204d6f6e69746f72, 16, 1, '2012-05-10 09:42:21', 0, 1, 'Liquid Crystal Display (LCD) Monitor', 'Liquid Crystal Display (LCD) Monitor', 'Liquid Crystal Display (LCD) Monitor'),
(50, 4, 1, 'Asus Brand', 'Asus-Brand', 'AB001', '30000', 'Asus-Laptop.jpg', 0x41737573204272616e64, 16, 2, '2012-05-10 10:06:16', 0, 1, 'CPU', '', 'CPU'),
(51, 4, 1, 'Dell Brand', 'Dell-Brand', 'DB001', '55000', 'Dell-Laptop.jpg', 0x44656c6c204c6170746f70, 16, 3, '2012-05-10 10:07:32', 0, 1, 'Dell Laptop', 'Dell Laptop', 'Dell Laptop'),
(52, 4, 1, 'Apple Brand', 'Apple-Brand', 'AB001', '65000', 'Apple-Laptop.png', 0x4170706c65204c6170746f70, 16, 4, '2012-05-10 10:12:33', 0, 1, 'Apple Brand Laptop', 'Apple Brand Laptop', 'Apple Brand Laptop'),
(53, 4, 1, 'Acer Brand', 'Acer-Brand', 'AB004', '45000', 'ACER-BRAND-LAPTOP.jpg', 0x41636572204c6170746f702c4e6f7465626f6f6b20616e64204e6f74657061642e, 16, 5, '2012-05-10 10:14:44', 0, 1, 'Acer Brand', 'Acer Brand', 'Acer Brand'),
(54, 4, 1, 'First Food', 'First-Food', 'FF001', '240', 'Vegetable_Roll.jpg', 0x466972737420466f6f64204265656620427572676572, 18, 1, '2012-05-10 10:30:05', 0, 1, 'First Food', 'First Food', 'First Food'),
(55, 4, 1, 'Fruits', 'Fruits', 'FR002', '350', 'apple-fruit.jpg', 0x477265656e204170706c6520, 18, 2, '2012-05-10 10:32:59', 0, 1, 'Fruits', 'Fruits', 'Fruits'),
(56, 4, 1, 'Drink and Juice', 'Drink-and-Juice', 'DJ003', '120', 'Drinks.jpg', 0x53707269746520616e6420436f63612d436f6c61, 18, 3, '2012-05-10 10:41:55', 0, 1, 'Sprite Snack and Drink', 'Sprite Snack and Drink', 'Sprite and Coca-Cola'),
(57, 4, 1, 'Rice', 'Rice', 'RC004', '220', 'chicken-biryani_1.jpg', 0x42656566204b68696368757269, 18, 4, '2012-05-10 10:52:03', 0, 1, 'Beef Khichuri', 'Beef Khichuri', 'Beef Khichuri'),
(58, 4, 1, 'Cake', 'Cake', 'CK005', '400', 'choc_rose_cake.jpg', 0x547261646974696f6e616c2043616b65, 18, 5, '2012-05-10 11:01:49', 0, 1, 'Traditional Sweets', 'Traditional Sweets', 'Traditional Sweets'),
(60, 6, 1, 'Apartment', 'Apartment', 'Apartment', '1000', 'Apartment.jpg', 0x41706172746d656e74, 0, 1, '2012-05-16 10:43:02', 0, 1, 'Apartment', 'Apartment', 'Apartment'),
(61, 6, 1, 'Commercial', 'Commercial', 'CAp - 01', '20000', 'Commercial.jpg', 0x436f6d6d65726369616c, 0, 2, '2012-05-17 04:48:11', 0, 1, 'Commercial', 'Commercial', 'Commercial'),
(62, 6, 1, 'Flat', 'Flat', 'F_1', '50000', 'Flat.jpg', 0x466c6174, 0, 3, '2012-05-17 05:16:14', 0, 1, 'Flat', '', 'Flat'),
(63, 6, 1, 'Bathroom', 'Bathroom', '', '', 'Bathroom.jpg', 0x42617468726f6f6d, 62, 1, '2012-05-17 05:17:38', 0, 1, 'Bathroom', 'Bathroom', 'Bathroom'),
(64, 6, 1, 'Bedroom', 'Bedroom', 'BR - 01', '60000', 'Bebroom.jpg', 0x426564726f6f6d, 62, 2, '2012-05-17 05:19:09', 0, 1, 'Bedroom', 'Bedroom', 'Bedroom'),
(65, 6, 1, 'Exterior', 'Exterior-65', 'E - 01', '30000', 'Exterior.jpg', 0x4578746572696f72, 62, 3, '2012-05-17 05:20:28', 0, 1, 'Exterior', 'Exterior', 'Exterior'),
(66, 6, 1, 'Interior', 'Interior-66', 'I - 01', '50000', 'Interior.jpg', 0x496e746572696f72, 62, 4, '2012-05-17 05:21:48', 0, 1, 'Interior', '', 'Interior'),
(67, 6, 1, 'Kitchen Room', 'Kitchen-Room', 'KR - 01', '23000', 'Kitchen.jpg', 0x4b69746368656e20526f6f6d, 62, 5, '2012-05-17 05:23:36', 0, 1, 'Kitchen Room', 'Kitchen Room`', 'Kitchen Room'),
(68, 6, 1, 'Seating Room', 'Seating-Room', 'ST - 01', '22000', 'Seating-Room.jpg', 0x53656174696e6720526f6f6d, 62, 6, '2012-05-17 05:26:05', 0, 1, 'Seating Room', 'Seating Room', 'Seating Room'),
(69, 6, 1, 'Land', 'Land', 'L - 01', '33000', 'Land.jpg', 0x4c616e64, 0, 4, '2012-05-17 05:27:36', 0, 1, 'Land', '', 'Land'),
(70, 6, 1, 'Rental', 'Rental', 'Rc - 01', '55000', 'Rental.jpg', 0x52656e74616c, 0, 5, '2012-05-17 05:29:18', 0, 1, 'Rental', '', 'Rental'),
(71, 4, 1, 'Office Furniture', 'Office-Furniture', 'OF001', '12000', 'Office-Furniture.jpg', 0xc2a04f746f6269204f6666696365204675726e697475726520c2a0, 39, 1, '2012-05-17 07:17:46', 0, 1, '', '', ''),
(72, 4, 1, 'Home Furniture', 'Home-Furniture', 'HF002', '30000', 'Bed-Room.jpg', 0x486172696c20486f6d65204675726e6974757265, 39, 2, '2012-05-17 07:20:23', 0, 1, '', '', ''),
(73, 4, 1, 'School Furniture', 'School-Furniture', 'SF003', '5000', 'Desk.jpg', 0x5363686f6f6c204675726e6974757265, 39, 3, '2012-05-19 08:42:59', 0, 1, 'School Furniture', 'School Furniture', 'School Furniture');

-- --------------------------------------------------------

--
-- Table structure for table `gallery_group`
--

CREATE TABLE IF NOT EXISTS `gallery_group` (
  `id` int(11) NOT NULL AUTO_INCREMENT,
  `gallery_name` varchar(255) COLLATE utf8_unicode_ci DEFAULT NULL,
  `role_id` int(11) DEFAULT '0',
  `gallery_type` enum('image','video','music','chart') COLLATE utf8_unicode_ci DEFAULT 'image',
  `category_on_off` enum('1','0') COLLATE utf8_unicode_ci DEFAULT '1',
  `category_panel` enum('1','0') COLLATE utf8_unicode_ci DEFAULT '1',
  `horizontal_panel` enum('1','0') COLLATE utf8_unicode_ci DEFAULT '1',
  `num_of_pic_show` int(11) DEFAULT '0',
  `dynamic_form` int(11) DEFAULT '0',
  `meta_title` varchar(255) COLLATE utf8_unicode_ci DEFAULT NULL,
  `meta_keywords` varchar(255) COLLATE utf8_unicode_ci DEFAULT NULL,
  `meta_desc` text COLLATE utf8_unicode_ci,
  `entry_by` int(11) DEFAULT '1',
  `active` enum('1','0') COLLATE utf8_unicode_ci DEFAULT '1',
  `cat_num_per_page` int(11) DEFAULT '9',
  `cat_col_num` int(11) DEFAULT '3',
  `cat_sort` varchar(255) COLLATE utf8_unicode_ci DEFAULT NULL,
  `cat_order` varchar(255) COLLATE utf8_unicode_ci DEFAULT NULL,
  `latest_cat_on` enum('0','1') COLLATE utf8_unicode_ci DEFAULT '0',
  `latest_cat_num_per_page` int(11) DEFAULT '3',
  `latest_cat_sort` varchar(255) COLLATE utf8_unicode_ci DEFAULT NULL,
  `latest_cat_order` varchar(255) COLLATE utf8_unicode_ci DEFAULT NULL,
  `fearured_cat_on` enum('0','1') COLLATE utf8_unicode_ci DEFAULT '0',
  `fearured_cat_num_per_page` int(11) DEFAULT '3',
  `fearured_cat_sort` varchar(255) COLLATE utf8_unicode_ci DEFAULT NULL,
  `fearured_cat_order` varchar(255) COLLATE utf8_unicode_ci DEFAULT NULL,
  `file_num_per_page` int(11) DEFAULT '9',
  `file_col_num` int(11) DEFAULT '3',
  `file_sort` varchar(255) COLLATE utf8_unicode_ci DEFAULT NULL,
  `file_order` varchar(255) COLLATE utf8_unicode_ci DEFAULT NULL,
  `light_box_on` enum('0','1') COLLATE utf8_unicode_ci DEFAULT '0',
  `latest_file_on` enum('0','1') COLLATE utf8_unicode_ci DEFAULT '0',
  `latest_file_num_per_page` int(11) DEFAULT '3',
  `latest_file_sort` varchar(255) COLLATE utf8_unicode_ci DEFAULT NULL,
  `latest_file_order` varchar(255) COLLATE utf8_unicode_ci DEFAULT NULL,
  `featured_file_on` enum('0','1') COLLATE utf8_unicode_ci DEFAULT '1',
  `featured_file_num_per_page` int(11) DEFAULT '3',
  `featured_file_sort` varchar(255) COLLATE utf8_unicode_ci DEFAULT NULL,
  `featured_file_order` varchar(255) COLLATE utf8_unicode_ci DEFAULT NULL,
  `file_type` varchar(255) COLLATE utf8_unicode_ci DEFAULT NULL,
  `file_size_max` int(11) DEFAULT '0',
  `file_cat_thumb_type` varchar(255) COLLATE utf8_unicode_ci DEFAULT NULL,
  `file_cat_thumb_width` int(11) DEFAULT '220',
  `file_cat_thumb_height` int(11) DEFAULT '280',
  `file_cat_thumb_resize_func` varchar(255) COLLATE utf8_unicode_ci DEFAULT NULL,
  `file_thumb_type` varchar(255) COLLATE utf8_unicode_ci DEFAULT NULL,
  `file_thumb_width` int(11) DEFAULT '200',
  `file_thumb_height` int(11) DEFAULT '140',
  `file_thumb_resize_func` varchar(225) COLLATE utf8_unicode_ci DEFAULT NULL,
  `img_big_width` int(11) DEFAULT '498',
  `img_big_height` int(11) DEFAULT '325',
  `img_big_resize_func` varchar(255) COLLATE utf8_unicode_ci DEFAULT NULL,
  `watermark_enabled` enum('0','1') COLLATE utf8_unicode_ci DEFAULT '0',
  `watermark_on_edit` enum('0','1') COLLATE utf8_unicode_ci DEFAULT '0',
  `watermarkimage_path` varchar(255) COLLATE utf8_unicode_ci DEFAULT 'images/adminImages/watermark/Sample-trans.png',
  `wm_size` varchar(255) COLLATE utf8_unicode_ci DEFAULT 'full',
  `h_position` varchar(255) COLLATE utf8_unicode_ci DEFAULT 'center',
  `v_position` varchar(255) COLLATE utf8_unicode_ci DEFAULT 'center',
  `edge_padding` int(11) DEFAULT '15',
  `quality` int(11) DEFAULT '100',
  `font_path` varchar(255) COLLATE utf8_unicode_ci DEFAULT 'images/adminImages/watermark/arial.ttf',
  PRIMARY KEY (`id`)
) ENGINE=InnoDB  DEFAULT CHARSET=utf8 COLLATE=utf8_unicode_ci AUTO_INCREMENT=7 ;

--
-- Dumping data for table `gallery_group`
--

INSERT INTO `gallery_group` (`id`, `gallery_name`, `role_id`, `gallery_type`, `category_on_off`, `category_panel`, `horizontal_panel`, `num_of_pic_show`, `dynamic_form`, `meta_title`, `meta_keywords`, `meta_desc`, `entry_by`, `active`, `cat_num_per_page`, `cat_col_num`, `cat_sort`, `cat_order`, `latest_cat_on`, `latest_cat_num_per_page`, `latest_cat_sort`, `latest_cat_order`, `fearured_cat_on`, `fearured_cat_num_per_page`, `fearured_cat_sort`, `fearured_cat_order`, `file_num_per_page`, `file_col_num`, `file_sort`, `file_order`, `light_box_on`, `latest_file_on`, `latest_file_num_per_page`, `latest_file_sort`, `latest_file_order`, `featured_file_on`, `featured_file_num_per_page`, `featured_file_sort`, `featured_file_order`, `file_type`, `file_size_max`, `file_cat_thumb_type`, `file_cat_thumb_width`, `file_cat_thumb_height`, `file_cat_thumb_resize_func`, `file_thumb_type`, `file_thumb_width`, `file_thumb_height`, `file_thumb_resize_func`, `img_big_width`, `img_big_height`, `img_big_resize_func`, `watermark_enabled`, `watermark_on_edit`, `watermarkimage_path`, `wm_size`, `h_position`, `v_position`, `edge_padding`, `quality`, `font_path`) VALUES
(1, 'Photo Gallery', 0, 'image', '1', '1', '1', 3, 0, 'Eicra Photo Gallery', 'Eicra Photo Gallery', 'Eicra Photo Gallery', 1, '1', 6, 4, 'category_order', 'ASC', '0', 3, 'cat_date', 'ASC', '0', 3, 'cat_date', 'ASC', 9, 4, 'product_date', 'ASC', '1', '0', 4, 'product_date', 'DESC', '0', 6, 'product_date', 'ASC', 'jpg,png,gif', 0, 'jpg,png,gif', 138, 100, 'resizeToWidth', 'jpg,png,gif', 138, 100, 'resizeToWidth', 850, 450, 'resizeToWidth', '1', '0', 'images/adminImages/watermark/watermark-logo.png', 'full', 'center', 'center', 15, 100, 'images/adminImages/watermark/arial.ttf'),
(2, 'Video Gallery', 0, 'video', '0', '0', '0', 0, 0, 'Eicra Video Gallery', 'Eicra Video Gallery', 'Eicra Video Gallery', 1, '1', 9, 3, 'cat_date', 'ASC', '0', 3, 'cat_date', 'ASC', '0', 3, 'cat_date', 'ASC', 9, 3, 'product_date', 'ASC', '0', '0', 1, 'product_name', 'DESC', '0', 3, 'product_date', 'ASC', 'avi,flv,mp3,wmv,swf', 0, 'jpg,png,gif', 200, 180, 'resizeToWidth', 'jpg,png,gif', 200, 140, 'resizeToWidth', 500, 400, 'resize', '0', '0', 'images/adminImages/watermark/Sample-trans.png', 'full', 'center', 'center', 15, 100, 'images/adminImages/watermark/arial.ttf'),
(3, 'Non Category Gallery', 0, 'image', '0', '0', '0', 0, 0, 'Eicra Gallery', 'Eicra Gallery', 'Eicra Gallery', 1, '1', 9, 3, 'cat_date', 'ASC', '0', 3, 'cat_date', 'ASC', '0', 3, 'cat_date', 'ASC', 9, 3, 'product_date', 'ASC', '1', '0', 3, 'product_date', 'ASC', '0', 3, 'product_date', 'ASC', 'jpg', 0, 'jpg', 220, 220, 'resizeToWidth', 'jpg', 200, 140, 'resizeToWidth', 220, 220, 'resizeToWidth', '0', '0', 'images/adminImages/watermark/Sample-trans.png', 'full', 'center', 'center', 15, 100, 'images/adminImages/watermark/arial.ttf'),
(4, 'Product Indexing Chart', 0, 'chart', '1', '0', '1', 0, 0, 'Product Indexing Chart', 'Product Indexing Chart', 'Product Indexing Chart', 1, '1', 9, 3, 'id', 'ASC', '0', 3, 'cat_date', 'ASC', '0', 3, 'cat_date', 'ASC', 9, 3, 'product_date', 'ASC', '1', '0', 3, 'product_date', 'ASC', '0', 3, 'product_date', 'ASC', 'jpg,png,gif', 20971520, 'jpg,png,gif,bmp', 220, 180, 'resizeToWidth', 'jpg,png,gif,bmp', 90, 60, 'resize', 850, 450, 'resizeToWidth', '0', '0', 'images/adminImages/watermark/Sample-trans.png', 'full', 'center', 'center', 15, 100, 'images/adminImages/watermark/arial.ttf'),
(5, 'Popular Destination', 0, 'image', '0', '0', '0', 0, 0, 'Popular Destination Gallery', 'Popular Destination Gallery', 'Popular Destination Gallery', 1, '1', 9, 3, 'cat_date', 'ASC', '0', 3, 'cat_date', 'ASC', '0', 3, 'cat_date', 'ASC', 9, 3, 'product_date', 'DESC', '0', '0', 3, 'product_date', 'ASC', '0', 6, 'id', 'ASC', 'jpg,png,gif', 0, 'jpg,png,gif', 138, 100, 'resizeToWidth', 'jpg,png,gif', 138, 100, 'resizeToWidth', 850, 450, 'resizeToWidth', '0', '0', 'images/adminImages/watermark/Sample-trans.png', 'full', 'center', 'center', 15, 100, 'images/adminImages/watermark/arial.ttf'),
(6, 'Property Gallery', 0, 'image', '1', '1', '1', 0, 0, 'Property Gallery', 'Property Gallery', 'Property Gallery', 1, '1', 9, 3, 'cat_date', 'ASC', '0', 3, 'cat_date', 'ASC', '0', 3, 'cat_date', 'ASC', 9, 3, 'product_date', 'ASC', '0', '0', 3, 'product_date', 'ASC', '0', 6, 'product_date', 'DESC', 'jpg,png,gif', 0, 'jpg,png,gif', 138, 100, 'resizeToWidth', 'jpg,png,gif', 138, 100, 'resizeToWidth', 850, 450, 'resizeToWidth', '0', '0', 'images/adminImages/watermark/Sample-trans.png', 'full', 'center', 'center', 15, 100, 'images/adminImages/watermark/arial.ttf');

-- --------------------------------------------------------

--
-- Table structure for table `gallery_product`
--

CREATE TABLE IF NOT EXISTS `gallery_product` (
  `id` int(11) NOT NULL AUTO_INCREMENT,
  `group_id` int(11) DEFAULT NULL,
  `category_id` int(11) DEFAULT NULL,
  `entry_by` int(11) DEFAULT '1',
  `product_name` varchar(255) COLLATE utf8_unicode_ci DEFAULT NULL,
  `product_title` varchar(255) COLLATE utf8_unicode_ci DEFAULT NULL,
  `product_thumb_primary` varchar(255) COLLATE utf8_unicode_ci DEFAULT NULL,
  `product_thumb` text COLLATE utf8_unicode_ci,
  `product_file_primary` varchar(255) COLLATE utf8_unicode_ci DEFAULT NULL,
  `product_file` text COLLATE utf8_unicode_ci,
  `product_desc` longtext COLLATE utf8_unicode_ci,
  `product_code` varchar(255) COLLATE utf8_unicode_ci DEFAULT NULL,
  `product_price` double DEFAULT '0',
  `product_date` datetime DEFAULT NULL,
  `product_order` int(11) DEFAULT '0',
  `related_items` varchar(255) COLLATE utf8_unicode_ci DEFAULT NULL,
  `featured` enum('0','1') COLLATE utf8_unicode_ci DEFAULT '0',
  `active` enum('1','0') COLLATE utf8_unicode_ci DEFAULT '1',
  `meta_title` varchar(255) COLLATE utf8_unicode_ci DEFAULT NULL,
  `meta_keywords` varchar(255) COLLATE utf8_unicode_ci DEFAULT NULL,
  `meta_desc` text COLLATE utf8_unicode_ci,
  PRIMARY KEY (`id`)
) ENGINE=InnoDB  DEFAULT CHARSET=utf8 COLLATE=utf8_unicode_ci AUTO_INCREMENT=451 ;

--
-- Dumping data for table `gallery_product`
--

INSERT INTO `gallery_product` (`id`, `group_id`, `category_id`, `entry_by`, `product_name`, `product_title`, `product_thumb_primary`, `product_thumb`, `product_file_primary`, `product_file`, `product_desc`, `product_code`, `product_price`, `product_date`, `product_order`, `related_items`, `featured`, `active`, `meta_title`, `meta_keywords`, `meta_desc`) VALUES
(145, 4, 54, 1, 'Beef Burger', 'Beef-Burger', 'Beef-Burger-1.jpg', 'Beef-Burger-1.jpg', 'Beef-Burger-1.jpg', 'Beef-Burger-1.jpg,Chicken-Burger.jpg,img_eat_06.jpg,rave_burger.jpg', '<br />The components of the Beef Burger are One Sandwich Bread ,Beef,Melted Cheese,Tomato Slices and Lettuce Leaf.', 'BB001', 150, '2012-05-10 11:27:01', 1, NULL, '0', '1', '', '', ''),
(146, 4, 54, 1, 'Chicken Fry', 'Chicken-Fry', 'Chicken-Fry-1.jpg', 'Chicken-Fry-1.jpg', 'Chicken-Fry-1.jpg', 'chicken_fry.jpg,Chicken-Fry-1.jpg,Chicken-Fry.JPG,chickenfrycompressed.jpg,Friedchicken.jpg,kerala-chicken.jpg,Nadan-chicke-fry.bmp.jpg', '<br />At first you have to cut whole chicken with bones into smallish pieces.Make a thick paste of chilly powder,turmeric powder,salt,vinegar , pepper powder and ginger garlic paste. After maxing this paste with whole chicken you have to keep one and half-hour.Next You can fry with shallow heat the chicken pieces until browned and cooked.', 'CF002', 300, '2012-05-10 11:47:19', 2, '145,147', '0', '1', '', '', ''),
(147, 4, 54, 1, 'Curry and Kabab', 'Curry-and-Kabab', '', 'Kabab-and-Curry.jpg', 'Kabab-and-Curry.jpg', 'Beef-kabab.gif,chicken-kebab-recipe.jpg,Kabab-and-Curry.jpg,kabab-koobideh.jpg,Kabab-Rise.jpg,Kaban-Vegetable.gif,Mutton-Kabanjpg.jpg,Shami_Kabab_Recipe.jpg,Shish-Kabab.jpg', '<br />You can make Curry Kabab in home with any kind of meat such as mutton, lamb, chicken, and beef. As vegetables you can use carrot, ripe tomato or green tomato and  capsicum.', 'KB003', 200, '2012-05-10 12:09:54', 3, NULL, '0', '1', '', '', ''),
(148, 4, 54, 1, 'Chicken Sandwich', 'Chicken-Sandwich', 'Chicken-Sandwiche.jpg', 'Chicken-Sandwiche.jpg', 'Chicken-Sandwiche.jpg', 'Chicken-Sandwiche.jpg,Edison-Graff.jpg,Grilled-Cheese-Sandwich .jpg,ham_cheese_sandwich.jpg,Sandwich_Egg.jpg,subway-ham-sandwich.jpg,Turkey-Sandwich.jpg', '<p><br /><span style="font-size: small;"><strong>Ingredients<br /> </strong></span></p>\r\n<p>Bread (Spilt)</p>\r\n<p>Boneless chicken meat halves</p>\r\n<p>Two Pineapple slices</p>\r\n<p>One Lettuce leaves (Optional)</p>\r\n<p>One tablespoon olive oil</p>\r\n<p>Melted cheese or two slices provolone cheese </p>Three tablespoons barbecue sauce</p>', 'CS004', 80, '2012-05-10 12:55:40', 4, '149', '0', '1', '', '', ''),
(149, 4, 54, 1, 'Vegetable Roll', 'Vegetable-Roll', 'Summer_roll.jpg', 'Summer_roll.jpg', 'Summer_roll.jpg', 'egg_rolls_1.jpg,rolled-beef-filled.jpg,Summer_roll.jpg,Vegetable_Roll.jpg', '<br />To make vegetable roll in your home you can use the following ingredients:<br /><br />Chopping varieties vegetable2 Cup flower<br />Sweet banana, pepper, and onion1 medium tomato, seeded and diced<br />1 cup sliced ripe olives<br />thick dill pickle slices<br />1/4 cup ranch salad dressing<br />4 lettuce leaves', 'VR005', 80, '2012-05-12 05:05:35', 5, NULL, '0', '1', '', '', ''),
(150, 4, 55, 1, 'Mango fruit nutrition facts', 'Mango-fruit-nutrition-facts', 'mango_fruit.jpg', 'mango_fruit.jpg', 'mango_fruit.jpg', 'african-mango-15.jpg,Mango.jpg,mango_fruit.jpg,Mango-fruit-2.jpg,Mango-Fruit-3.jpg,mango-fruit.jpg,Ripe-Mango.jpg', '<p><br />Mango is national fruit in Bangladesh.Mango more grows  in Indian subcontinent countries.It is more available is summer session. It is a very good source of vitamin-B6 (pyridoxine), vitamin-C and vitamin-E.<br /> </p>\r\n<p><strong><span style="font-size: small;">Featues of Mango:</span></strong><br /><br />Fresh mango cubes are a great addition to fruit salads.<br />Mango juice with ice cubes is a popular, delicious drink.<br />Mango fruit juice blended with milk as "mango-milk shake". <br />Mango fruit is also used to prepare jam, ice cream and in candy industries.<br />The unripe, raw, green mango has been used in the preparation of pickles and chutney in the Asian countries.</p>', 'MN001', 150, '2012-05-12 05:19:07', 1, NULL, '0', '1', '', '', ''),
(151, 4, 55, 1, 'Apple Fruit', 'Apple-Fruit', 'Apple-Tree.jpg', 'Apple-Tree.jpg', 'Apple-Tree.jpg', 'apple-fruit.jpg,apple-red-yellow.jpg,apples.jpg,Apple-Tree.jpg,Green_Apple.jpg,Green_Apple_1.jpg,Royal_Gala_Apple.jpg', '<p><br />Three kinds of Apple are available in the market. These apples have some good properties. These are given bellow:</p>\r\n<p><strong><br />Green Apple :</strong> Good for strong bones and teeth. Aids in vision and anticancer properties.<br /> </p>\r\n<p><strong>Yellow Apple:</strong> Good for heart and eyes, immune system.<br /> </p>\r\n<p><strong>Red Apple:</strong> Good for heart circulation functions, memory functions and low risk of some cancers.</p>', 'AF002', 200, '2012-05-12 05:47:02', 2, NULL, '0', '1', '', '', ''),
(152, 4, 55, 1, 'Grapes Fruit', 'Grapes-Fruit', 'Vine-Grape.jpg', 'Vine-Grape.jpg', 'Vine-Grape.jpg', 'Green-Grape-1.jpg,Green-Grape.jpg,Purple-Grape.jpg,Red-Globe-Grapes.jpg,Red-Grape.jpg,Seedless-Crimson-Grape.jpg,Seedless-Grape.jpg,Vine-Grape.jpg', '<p><br />Grapes Can be in a variety of colors such as red, white, and blue and types such as seedless or with seeds, table grapes, or wine grapes. Concord grapes are the most common in farmers’ markets, and home gardens. These grapes are often used for juice, jelly, and jam.</p>', 'GP003', 400, '2012-05-12 06:01:51', 3, NULL, '0', '1', '', '', ''),
(153, 4, 55, 1, 'Orange Fruit', 'Orange-Fruit', 'Orange.jpg', 'Orange.jpg', 'Orange.jpg', 'Aomikan-4.jpg,Green-Orange-1.jpg,Green-Orange-2.jpg,Orange-1.jpg,Orange-2.jpg,Orange-3.jpg,Orange.jpg,Oranges-fruit.jpg', '<br />An orange is a type of citrus fruit . Oranges are a very good source of vitamins, especially vitamin C. Orange juice is very popular juice to people. Besides it contain beta-carotene, zeaxanthin, flavonoids, lycopene, potassium. Most available in winter session.', 'OF004', 150, '2012-05-12 06:20:32', 4, '150', '0', '1', '', '', ''),
(154, 4, 55, 1, 'Health Benefits of Lychee', 'Health-Benefits-of-Lychee', 'Lychee-fruit-tree .jpg', 'Lychee-fruit-tree .jpg', 'Lychee-fruit-tree .jpg', 'Litchi_1.jpg,lychee_1.jpg,lychee_2.jpg,Lychee-fruit-2 .jpg,Lychee-Fruit.jpg,lychee-fruit-chandelle-hazen.jpg,Lychee-fruit-tree .jpg,lychees1.JPG,SweetheartinHand.jpg', '<p><em><br /></em><strong>lychee (litchi)</strong> is delicious, sweet and juicy fruit. It is one of the popular summer fruits that contains essential nutrients like oligonol, vitamins and minerals elements.<br /><br />Litchi, like citrus fruits, is an excellent source of vitamin C.</p>\r\n<p>It helps improve blood flow in organs, reduce weight, and protect skin from harmful UV rays.</p>\r\n<p>Lychee fruits are low in calories, contains no saturated fats or cholesterol.</p>\r\n<p>It is a very good source of B-complex vitamins such as thiamin, niacin, and folates.</p>\r\n<p>Litchi also contains a very good amount of minerals like potassium and copper.</p>', 'HL005', 500, '2012-05-12 06:43:28', 5, NULL, '0', '1', '', '', ''),
(155, 4, 56, 1, 'Pepsi Soft Drink', 'Pepsi-Soft-Drink', 'pepesi_4.jpg', 'pepesi_4.jpg', 'pepesi_4.jpg', 'pepesi_4.jpg,pepsi_1.jpg,Pepsi_2.jpg,Pepsi_5.jpg,pepsi_cans_3.jpg', '<strong><br />PEPSI</strong> is one of the most popular soft drink in the world.It <span>is a carbonated soft </span>drink<span> that is produced and manufactured by <strong>PEPSICO</strong><span> </span></span><span><span>.<br /><br />Ingredients:<br /><br /></span></span>\r\n<ul class="secondaryNav">\r\n<li>Caffeine</li>\r\n<li>Colors</li>\r\n<li>Phosphorus</li>\r\n<li>Potassium</li>\r\n<li>Sodium</li>\r\n<li>Sweeteners</li>\r\n<li>essence  </li>\r\n</ul>\r\n<span style="text-decoration: underline;"><br /><br /><br /></span>', 'PD001', 70, '2012-05-12 07:32:47', 1, NULL, '0', '1', '', '', ''),
(156, 4, 56, 1, 'Coca-Cola Soft Drink', 'Coca-Cola-Soft-Drink', 'CocaCola_6.jpg', 'CocaCola_6.jpg', 'coca.cola.lid.jpg', 'coca.cola.lid.jpg,CocaCola_2.jpg,CocaCola_3.jpg,CocaCola_4.jpg,CocaCola_5.jpg,CocaCola_6.jpg,coke460.jpg', '<span style="text-decoration: underline;"><strong><br /></strong></span><strong>Coca-Cola</strong> is a carbonated soft drink .It is sold in stores, restaurants, and vending machines in more than 200 countries.Coca-cola soft drink help to  digest the foods.It is produced by The Coca-Cola Company of Atlanta, Georgia.A al leader in the beverage industry, the Coca-Cola company offers hundreds of brands, including soft drinks, fruit juices, sports drinks and other beverages.<br /><br /><strong>Coca-Cola related products </strong><br />\r\n<ul>\r\n<li>Pepsi</li>\r\n<li>RC Cola</li>\r\n<li>Cola Turka</li>\r\n<li>Zam Zam Cola</li>\r\n<li>Mecca-Cola</li>\r\n<li>Virgin Cola</li>\r\n<li>Parsi Cola</li>\r\n<li>Qibla Cola</li>\r\n<li>Evoca Cola</li>\r\n<li>Corsica Cola</li>\r\n<li>Breizh Cola</li>\r\n<li>Afri Cola </li>\r\n</ul>', 'CC002', 100, '2012-05-12 09:10:10', 2, '155', '0', '1', '', '', ''),
(157, 4, 56, 1, 'Orange Juice', 'Orange-Juice', 'orange-juice_4.jpg', 'orange-juice_4.jpg', 'orange-juice_4.jpg', 'Juice6.jpg,Orange_Juice_2.jpg,Orange_Juice_3.jpg,orange-juice_4.jpg,orange-juice_5.jpg,Orange-Mango-Juice_4.jpg,Oranges_and_orange_juice.jpg', '<div><strong><br />Orange Juice</strong><span> is very good source of Vitamin C. It has <span>high potassium and  no cholesterol.<span>Orange fruit is grown-up during the winter season.</span></span></span>Orange Juice is part of our daily life, whether it is winter or summer.<u><u><strong><br /><br /><br />Orange Juice Ingredients<br /><br /></strong></u></u>\r\n<ul>\r\n<li>Orange – 4-5</li>\r\n<li>Water – 1 cup</li>\r\n<li>Powdered Sugar – 2 Table spoon (optional)</li>\r\n<li>Ice Cubes – 3-4 (optional) </li>\r\n<li><span>Bit salt is used for more tasted</span></li>\r\n</ul>\r\n<strong><u><br /></u></strong></div>\r\n<div class="separator"> </div>', 'OJ003', 170, '2012-05-12 09:28:25', 3, NULL, '0', '1', '', '', ''),
(158, 4, 56, 1, 'Watermelon Juice', 'Watermelon-Juice', 'Water-Melon-Juice-5.jpg', 'Water-Melon-Juice-5.jpg', 'Water-Melon-Juice-5.jpg', 'WaterMelon_6.jpg,Water-Melon-Juice-5.jpg,watermelon-juice_1.jpg,watermelon-juice_2.JPG,watermelon-juice_3.jpg,watermelon-juice_4.jpg,watermelon-juice_5.jpg', '<p><br />During the summer  watermelons are most available. Watermelon<span> juice is a quick, easy drink recipe.</span><strong><u><br /><br />Watermelon Juice Ingredients<br /><br /></u></strong></p>\r\n<ul>\r\n<li>Watermelon  slice  –8-10</li>\r\n<li>Water – 1/2 cup (optinal)</li>\r\n<li>Powdered Sugar – 2 Table spoon (optional)</li>\r\n<li>Ice Cubes – 3-4 (optional)</li>\r\n<li>Bit salt is used for more tasted</li>\r\n</ul>\r\n<p><strong><u></u></strong><strong><u><br /> <br /><br /></u></strong></p>', 'WJ004', 100, '2012-05-12 09:52:39', 4, '159,157', '0', '1', '', '', ''),
(159, 4, 56, 1, 'Mango Juice', 'Mango-Juice', 'Mango_Juice_5.jpg', 'Mango_Juice_5.jpg', 'Mango_Juice_5.jpg', 'Orange-Mango-Juice_4.jpg,Mango_Juice_5.jpg,mango-fruit-juice.jpg,MangoJuice_3.png,mango-juice_1.jpg,Mango-juice_2.jpg,mango-juice_6.jpg', '<p>Summer is the only season one can relish fresh homemade ripe mango juice.Fresh mango juice is a quick, easy drink recipe. Prepared with ripe mango slice, ice, water and sweetener of choice.<br /><br /><strong><u>Mango Juice Ingredients<br /><br /></u></strong></p>\r\n<ul>\r\n<li>Two mangoes  slice</li>\r\n<li>Water -2 cup</li>\r\n<li>Powdered Sugar -3 Table spoon</li>\r\n<li>Ice Cubes – 3-4 (optional)</li>\r\n</ul>\r\n<p>To make  “Mango Milk-shakeâ€Â  you can use sweet  or sour Curd</p>\r\n<p><strong><u><br /></u></strong></p>', 'MJ005', 100, '2012-05-12 10:40:45', 5, '157', '0', '1', '', '', ''),
(160, 4, 57, 1, 'Capsicum Rice', 'Capsicum-Rice', 'capsicum_rice.jpg', 'capsicum_rice.jpg', 'capsicum_rice.jpg', 'CapcisumBhaath.jpg,capsicum_rice.jpg,Capsicum-Rice.jpg,capsicum-rice-dish.JPG,Capsicumricevariation.jpg,southindianpotatocapsicumrice.jpg', '<p><br />This is a very colourful and flavourful dish that can be made for lunchbox and even for a huge crowd.<br /><br /><strong>Ingredients<br /></strong><br /> Rice - 2 cups<br /> Capsicum (Bell Pepper) - 2 (chopped/sliced) - (I used 1/2 of each coloured bell pepper - green, orange, yellow and red)<em><br /> </em>Mustard Seeds - 1/2 tsp<br /> Cashew Nuts (or Peanuts) - 1 tblsp<br /> Oil/Ghee - 1 tblsp<br /> Cumin Seeds - 1/2 tsp<br /> Turmeric Powder - 1/4 tsp<br /> Cilantro - handful (finely chopped)</p>', 'CR001', 250, '2012-05-12 11:01:03', 1, NULL, '0', '1', '', '', ''),
(161, 4, 57, 1, 'Chicken Biryani Recipe', 'Chicken-Biryani-Recipe', 'Chicken-Biryani_5.jpg', 'Chicken-Biryani_5.jpg', 'Chicken-Biryani_5.jpg', 'Chicken_biryani_6.jpg,Chicken_Biryani_Yellow.jpg,chicken-biriyani_3.jpg,CHICKEN-BIRIYANI_4.jpg,chicken-biryani_1.jpg,Chicken-Biryani_5.jpg', '<p><br /><strong>Chicken Biriyani</strong> is a dish made with rice, lots of spices and some chickens. It is a favorite and famous dish among Bangladesh and even other parts of the world. This delicious recipe is often cooked in  home and many occasions such as Eid-day, weddings, birthday parties or holidays such as Ramadan.</p>\r\n<p><strong><br />Ingredients:</strong><br /><br /></p>\r\n<ul>\r\n<li>1 cup Basmathi Rice</li>\r\n<li>1.5lbs Chicken things</li>\r\n<li>1 Tomato chopped</li>\r\n<li>2 tbsp Butter</li>\r\n<li>1/2 tsp Turmeric powder</li>\r\n<li>1/2 cup Coconut milk</li>\r\n<li>1 1/2 cup Water</li>\r\n</ul>', 'CB002', 300, '2012-05-12 11:55:40', 2, NULL, '0', '1', '', '', ''),
(162, 4, 57, 1, 'Mutton Biryani', 'Mutton-Biryani', 'Mutton-Briyani-5.jpg', 'Mutton-Briyani-5.jpg', 'Mutton-Briyani-5.jpg', 'Mutton_biryani_2.jpg,Mutton_Briyani_1.jpg,Mutton_Briyani_3.jpg,Mutton-Biryani.jpg,Mutton-Briyani-4.jpg,Mutton-Briyani-5.jpg,Mutton-Briyani-6.jpg,simple-mutton-biryani.jpg', '<p><br /><strong>Mutton Biryani</strong> is a very popular recipe. It is a delicious dish and is very spicy and Oily food. It is eaten at festive occasions. It is not an easy dish to cook. It takes more times to cook nicely.Main  ingredients are rice, mutton, oil and varieties spices.</p>', 'MB003', 270, '2012-05-12 12:21:31', 3, '163,161', '0', '1', '', '', ''),
(163, 4, 57, 1, 'Beef Bhuna Khichuri', 'Beef-Bhuna-Khichuri', 'Beef-Bhuna-Khichuri-1.jpg', 'Beef-Bhuna-Khichuri-1.jpg', 'Beef-Bhuna-Khichuri-1.jpg', 'Beef-Bhuna-1.jpg,Beef-Bhuna.jpg,Beef-Bhuna-Khichuri-1.jpg,Beef-Bhuna-Khichuri.jpg,Khichuri-Beef-Bhuna.jpg', '<p><strong><br />Beef Bhuna Khichuri</strong> is a very popularBangladesh dish that is  served with khichuri pilau rice or white rice. Even it is quite popular dishIndia andPakistan. Its main ingredient are basmati rice and Beef slice. To make more tasty we can use winter Vegetables with it. </p>', 'BK004', 170, '2012-05-12 01:09:29', 4, '162', '0', '1', '', '', ''),
(164, 4, 57, 1, 'White Rice', 'White-Rice', 'White-Rice-1.jpg', 'White-Rice-1.jpg', 'White-Rice-1.jpg', 'Basic_White_Rice.jpg,chicken-curry-over-steamed-white-rice.jpg,curry-chicken-with-white-rice.jpg,Curry-Goat-White-Rice.jpg,White-Rice-1.jpg,White-Rice-3.jpg,whiterice.jpg,White-Rice-Curry.jpg', '<p><strong><br />White rice</strong> that’s called<strong> </strong>"<strong>plain</strong>" white rice  is the main dish inBangladesh. It is very easy to cook. It takes few minutes to cook. Eaten with any kind of curry such as beef, chicken, mutton or any kind of  vegetable curry. Rice gruel can secrete or not. <br /> </p>\r\n<p><strong>Ingredients</strong>:<br /> </p>\r\n<ul>\r\n<li>4 cups hot water</li>\r\n<li>2 cups cooked or uncooked white rice</li>\r\n<li>Little bit salt (optional)</li>\r\n</ul>', 'WR005', 55, '2012-05-13 05:36:56', 5, '163,160,161', '0', '1', '', '', ''),
(165, 4, 58, 1, 'Ice Cream Cake Recipes', 'Ice-Cream-Cake-Recipes', 'strawberry-ice-cream-cake.jpg', 'strawberry-ice-cream-cake.jpg', 'strawberry-ice-cream-cake.jpg', 'cake_ice_cream.jpg,Ice_Cream_Cake-2.jpg,Icecream_cake_4.jpg,Ice-Cream-Cake-1.jpg,Ice-Cream-Cake-2.jpg,strawberry-ice-cream-cake.jpg', '<p><strong><br />Ice cream cakes</strong> are not only impressive to look at, but they''re also easier to make. They might be different sizes and colors. We can celebrate a birthday or anniversary with a homemade ice cream cake.</p>', 'IC001', 500, '2012-05-13 06:07:21', 1, '169,167', '0', '1', '', '', ''),
(166, 4, 58, 1, 'Rich fruit cake', 'Rich-fruit-cake', 'Simple-Fruit-Cake-Recipe.jpg', 'Simple-Fruit-Cake-Recipe.jpg', 'Simple-Fruit-Cake-Recipe.jpg', 'fruit_cake_2.jpg,fruit_cake_3.jpg,Fruit_Cake_7.jpg,Fruit-Cake-1.jpg,Fruit-Cake-5.jpg,Simple-Fruit-Cake-Recipe.jpg', '<strong><br />Rich fruit cake</strong> is easy to make. Filled with different types of  fruits, sugars, nuts and spices, this classic fruitcake is a delicious addition to any dessert table. To be more tasted varieties flavor can be used such as chocolate, orange . This cake can make  for wedding , Christmas and special occasions.', 'RF002', 400, '2012-05-13 06:46:46', 2, '165,167', '0', '1', '', '', ''),
(167, 4, 58, 1, 'Vanilla Cake Recipe', 'Vanilla-Cake-Recipe', 'vanilla-cake.jpg', 'vanilla-cake.jpg', 'vanilla-cake.jpg', 'Vanilla_Cake_Recipe_2.jpg,Vanilla_Cake_Recipe_3.jpg,Vanilla_Cake_Recipe_4.jpg,vanilla-cake-1.jpg,vanilla-cake-2.jpg,vanilla-cake-3.jpg,vanilla-cake.jpg,white-cake-3.jpg', '<p><strong><br />Vanilla Cake</strong> is a very popular recipe. It is especially made for Barthday and wedding eeremony.<br /><br /><strong>Ingredients</strong></p>\r\n<p>1 Cup sugar ,2 Eggs ,Vanilla extract ,1-1/2 Cup cake flour, 2-1/2 tsp Baking powder ,1/4 tsp White vinegar ,1/4 tsp Salt ,1/3 Cup oil ,1/3 Cup milk.<br /><br /><strong>Procedure:<br /> <br /></strong></p>\r\n<p>• Mix the cake flour, baking powder and salt in a bowl.<br />• Then, mix the egg yolk, 1/2 cup sugar, Vanilla extract and milk in other bowl.<br />• Add oil to the mixture of egg yolk, sugar, Vanilla extract and milk and mix well.<br />• Mix the mixtures of both bowls.<br />• Mix the egg white, remaining sugar and vinegar separately till it becomes fluffy.<br />• Add the mixture to the previous one and mix them well.<br />• Preheat the oven at 375 degrees.<br />• Bake the mixture for 25 minutes in preheated oven.<br />• Vanilla Cake is ready.</p>', 'VC003', 600, '2012-05-13 07:09:26', 3, '169,165,167', '0', '1', '', '', ''),
(168, 4, 58, 1, 'Chocolate Cake', 'Chocolate-Cake', 'choc_rose_cake.jpg', 'choc_rose_cake.jpg', 'choc_rose_cake.jpg', 'choc_rose_cake.jpg,chocolate_cake2.jpg,chocolate_cake3.jpg,chocolatecake1.jpg,chocolatecake5.jpg,chocolatecake6.jpg,Chocolate-Cake-6.jpg,Chocolate-Oreo-Ice-Cream-Cake.jpg', '<span><strong><br />Chocolate cake</strong> is made with chocolate; it can be made with other ingredients, as well. These ingredients include fudge, vanilla cream, and other sweeteners. You can c<span><span>elebrate your right to indulge with these delightful </span>chocolate cake recipes.</span></span>', 'CC004', 450, '2012-05-13 07:34:49', 4, '166', '0', '1', '', '', ''),
(169, 4, 58, 1, 'Carrot Cake', 'Carrot-Cake', 'Carrot_Cakes_1.jpg', 'Carrot_Cakes_1.jpg', 'Carrot_Cakes_1.jpg', 'Carrot_Cakes_1.jpg,Carrot-Cake7.jpg,carrot-cake-2.png,Carrot-cake-4.jpg,Carrot-Cake-5.jpg,CarrotCake_3.jpg', '<p><strong><br />Carrot Cake</strong> is a different type of cake recipe. We get different type of taste from carrot cake . It is made of grated carrots, flour, white sugar, vegetable oil, egg, nut , baking soda, baking powder, vanilla extract, all-purpose flour. By these ingredients we can make a tasty carrot cake in our home in different occasions.It has no cholesterol and low risk of blood pressure.</p>\r\n<p> </p>', 'CC005', 600, '2012-05-13 08:01:45', 5, NULL, '0', '1', '', '', ''),
(186, 4, 47, 1, 'Aster Flower', 'Aster-Flower', 'aster-pink-flower.jpg', 'aster-pink-flower.jpg', 'aster-pink-flower.jpg', 'aster3.jpg,aster-flower-1.jpg,Aster-Flower-2.jpg,aster-flower-white.jpg,aster-pink-flower.jpg,asters.jpg,Blue-Aster-Flower.jpg', '<p><br /><strong>Asters</strong> are dainty, daisy-like flowers with yellow centers distributed over airy sprays. They come in a rainbow of colors including white, pink, hot pink, lavender, red, purple and white. Vase life ranges from five to 14 days.<span>Aster flowers provide a beautiful addition to a fall flower garden.</span><span>Asters can grow in all hardiness zones.</span>The blossoms are available during the autumn in various shades of white, red, blue, mauve-pink, ivory and golden-yellow.<br /><br /><strong>Common names:</strong><span class="apple-converted-space"><strong> </strong></span>aster, Monte Casino, rainbow aster, spray aster. </p>', 'AF002', 145, '2012-05-14 11:31:24', 2, '407,408', '0', '1', '', '', ''),
(187, 4, 47, 1, 'Anemone Flower', 'Anemone-Flower', 'Red-anemone-flowers.jpg', 'Red-anemone-flowers.jpg', 'Red-anemone-flowers.jpg', 'Anemone-Flower-Garden.jpg,Anemone-Flowers-Blue-White.jpg,Anemone-Yellow-Flower.jpg,blue-anemone-flower.jpg,Purple-Anemone-flowers.jpg,red-anemone-flowers-2.jpg,Red-anemone-flowers.jpg,wind-flower-anemone.jpg', '<p><strong><br />Anemone</strong> flowers are also known as Windflowers. Anemones can be used as focal flowers bunched together in a small vase, or used in arrangements with other flowers. A very common perennial with beautiful showy flowers. These flowers are seen in various colors, but the principal colors are scarlet, crimson, blue, purple, and white and yellow.</p>', 'AF003', 90, '2012-05-14 11:56:48', 3, '188,193', '0', '1', '', '', ''),
(188, 4, 47, 1, 'Cockscomb (Celosia Cristata)', 'Cockscomb-Celosia-Cristata-', 'cockscomb-5.jpg', 'cockscomb-5.jpg', 'cockscomb-5.jpg', 'cockcomb-4.jpg,Cockcomb-6.jpg,cockscomb3.jpg,Cockscomb-1.jpg,Cockscomb-2.jpg,cockscomb-5.jpg,Cockscomb-Red.jpg,Cockscomb-Yellow.jpg,dry-cockscomb-flowers.jpg,jessicayellow.jpg', '<p><strong><br />Celosia cristata</strong> is a popular fresh and dried cut flower.Celosia cristata is commonly known as cockscomb, since the flower looks like the head on a rooster (cock). It is called Chi Kuan inChina. The plants are hardy and resistant to most diseases, and grow equally well indoors or out.</p>', 'CC004', 120, '2012-05-14 12:58:27', 4, '187,193', '0', '1', '', '', ''),
(189, 4, 47, 1, 'Hymenocallis Caribaea', 'Hymenocallis-Caribaea', 'Hydrangeas-Skyblue.jpg', 'Hydrangeas-Skyblue.jpg', 'Hydrangeas-Skyblue.jpg', 'Hydrangea_arborescens-1.jpg,Hydrangea_EndlessSummer.jpg,Hydrangea_LemonZest.jpg,Hydrangea_macrophylla-3.jpg,Hydrangea_paniculata-2.jpg,Hydrangeas-Paniculata.jpg,Hydrangeas-Skyblue.jpg,Hydrangeas-White.jpg', '<p><strong><br />Hymenocallis caribaea</strong>, also called Spider Lily, Filmy Lily or Sacred Lily of Incas. The flower look like daffodils except for the delicate spider-like petals.  Its from West Indies .InBangkok, you can see this flower on the street, they are on the island in the middle of the road at Sukhumvit road. Hydrangeas grow best in moist, well-drained soil. Most hydrangeas benefit from some shade, especially in hot climates. Bigleaf, oakleaf and smooth hydrangeas will usually perform well on the north side of a house or planted at the edge of a woodland.</p>', 'HC005', 400, '2012-05-14 01:16:09', 5, NULL, '0', '1', '', '', ''),
(190, 4, 48, 1, 'winter jasmine (Jasminum nudiflorum)', 'winter-jasmine-Jasminum-nudiflorum-', 'winter-jasmine-flowers.jpg', 'winter-jasmine-flowers.jpg', 'winter-jasmine-flowers.jpg', 'Winter_Jasmine.jpg,Winter_Jasmine_Yellow.jpg,Winter-Jasmin.JPG,winter-jasmine_garden.jpg,winter-jasmine-flowers.jpg,Winter-Jasmin-purple.jpg', '<br />The Winter-flowering Jasmine delights with its winter flowers, which make lovely cut flowers. This plant is particularly suitable for cascading over walls.Winter Jasmine flowers in a variety of colors, including lavender, pink, orange, red, yellow and white.<br /><br /><span>Common Name: </span><strong>Winter jasmine</strong>', 'WJ001', 120, '2012-05-15 05:40:30', 1, '414,406', '0', '1', '', '', ''),
(191, 4, 48, 1, 'Snowball Flower', 'Snowball-Flower', 'Snowball-White-Flower.jpg', 'Snowball-White-Flower.jpg', 'Snowball-White-Flower.jpg', 'Blue-Snowball-Flower.jpg,blue-snowdrop-flower.jpg,snowball flower.jpg,Snowball_Viburnum.jpg,snowball-flower-1.jpg,snowball-flower-3.jpg,snowball-flower-bokehdots.jpg,snowball-flower-withsnow.jpg,snowball-flower-yellow-green.JPG,Snowball-White-Flower.jpg', '<br /><strong>Snowball</strong>  is a beautiful flower.Mainly snowball plants are grown and cultivated during the winter months.This flowering shrub makes a great focal point for the center of a large yard, or for the corner of a foundation planting. Varietis of  colors including white,lavender, pink, orange, red, yellow  can be seen in home yard, roadside and road island.<br /><br /><span>Scientifie Name: <span style="text-decoration: underline;"><em><strong>Viburnum</strong></em></span>  <span style="text-decoration: underline;"><em><strong>opulus<br /><br /><br /></strong></em></span></span>', 'SF002', 170, '2012-05-15 06:24:14', 2, '186,192', '0', '1', '', '', ''),
(192, 4, 48, 1, 'Snowdrop Flower', 'Snowdrop-Flower', 'snowdrop-flower-5.jpg', 'snowdrop-flower-5.jpg', 'snowdrop-flower-5.jpg', 'blue-snowdrop-flower.jpg,snowdrop-3.jpg,snowdrop-4.jpg,snowdrop-flower-1.jpg,snowdrop-flower-2.jpg,snowdrop-flower-5.jpg', '<p><strong><br />Snowdrops</strong> are perennial flowering plants native to large parts ofEurope. Found in many woodlands, churchyards, parks and gardens. They like a moist soil with plenty of humus and do not like hot weather, dry positions preferring part shade. They  grow well in light shade. They can be easily cultivated in gardens. Snowdrops grow wild in Europe andSouthwest Asia. Different types of colors can be seen in winter season.<br /> </p>\r\n<p>Scientific name: <span style="text-decoration: underline;"><strong><em>Galanthus</em></strong></span>  <span style="text-decoration: underline;"><strong><em>nivalis</em></strong></span><br />Rank: Species<br />Common names: Common snowdrop<br /> </p>', 'SD003', 245, '2012-05-15 07:27:17', 3, '186,404', '0', '1', '', '', ''),
(193, 4, 48, 1, 'Rose Flower', 'Rose-Flower', 'red-rose-flower.jpg', 'red-rose-flower.jpg', 'red-rose-flower.jpg', 'Climbing-Roses.jpg,Garden-Rose.jpg,Organdi-Rose-Flowers.JPG,Pink-Rose.jpg,red-rose-flower.jpg,RoseGarden.jpg,Yellow-Rose.jpg', '<p><br />The<strong> rose</strong> has been a symbol of love, beauty, even war and politics from way back in time. The variety, color and even number of Roses carry symbolic meanings. The Rose is most popularly known as the flower of love, particularly Red Rose. The Rose is most popularly known as the flower of love, particularly Red Rose. Roses have been the most popular choice of flowers for the purpose of gifting across the world. They also act as a great addition to home and office decor. <br /><br />Type : Perennial<br /><br /> </p>', 'RF004', 355, '2012-05-15 08:00:46', 4, '188,410', '0', '1', '', '', ''),
(194, 4, 48, 1, 'Bluebell flower', 'Bluebell-flower', 'blue-bell-flower.jpg', 'blue-bell-flower.jpg', 'blue-bell-flower.jpg', 'bluebell.jpg,bluebell_flower_3.jpg,blue-bell-flower.jpg,Bluebells-2.jpg,bluebells.jpg,Bluebells_Garden.jpg,Blue-Bell-Tunicate.jpg,common_bluebell_1.jpg', '<p><strong><br />Bluebell flowers</strong> grow naturally in wooded areas. In the United States they have become a favorite among wildflower lovers. One of the prettiest flowers in the garden is the Virginia bluebells flowers. The bluebell is also called the Virginia cowslip. It is a perennial that is native to North America. The bluebell can grow in any garden. The Virginia bluebell flowers are a really pretty light blue-purple.<em></em></p>', 'BF005', 165, '2012-05-15 09:55:30', 5, '403', '0', '1', '', '', ''),
(252, 4, 71, 1, 'Office Furniture', 'Office-Furniture', 'Office-Furniture-2.jpg', 'Office-Furniture-2.jpg', 'Office-Furniture-2.jpg', 'conference-furniture.jpg,Office-1.jpg,office_furniture-3.jpg,Office-Furniture-2.jpg,Office-Furniture.jpg', '<p><br />At your office room, you can use a wide selection of chairs, desks, filing cabinets, lamps and other furnitures. You can buy all types of banded furnitures to decorate your office. You know which branded furniture you like and which is durable. For office decoration you can use wood made ,steel made or cane made furniture. At present plastic made furniture are more preferable because these furnitures are durable.<br /><br /> </p>', 'OF001', 20000, '2012-05-17 07:52:47', 1, NULL, '0', '1', '', '', ''),
(260, 4, 72, 1, 'Home Furniture', 'Home-Furniture', 'Bed-Room.jpg', 'Bed-Room.jpg', 'Bed-Room.jpg', 'Bed-Room.jpg,Emerald-Home-Furniture.jpg,living-room-furniture.jpg,Luxury-Rustic-Furniture.jpg,Solid-Wood-Sofa.jpg', '<p><br />You can decorate your home by using a large selection of modern , contemporary home furniture, including: Bedroom Furniture, Dining Room & Kitchen Furniture, Living Room Furniture, Home Office Furniture, oak door, oak door frame and solid door to increase your home beauty. These all furniture can be made of soil wood, steel, cane or oak etc. For long durable you can use steel made furniture. At present we see different type of branded furnitures including: Hatil, Otobi and Pertext.<br /><br /><br /> </p>', 'HF002', 70000, '2012-05-17 10:54:38', 1, '252', '0', '1', '', '', ''),
(263, 4, 50, 1, 'Asus Brand', 'Asus-Brand', 'Asus-Laptop.jpg', 'Asus-Laptop.jpg', 'Asus-Laptop.jpg', 'asus-keyboard.jpg,Asus-Laptop.jpg,Asus-LCD-Monitor.jpg,Asus-Notebook.jpg', '<p><strong><br />Asus</strong>  has many accessories  for computer in the market places<strong>.</strong><strong> </strong>Asus Accessories for Laptop Parts, Notebook Parts and for all Aus Parts available in affordable prices. Asus Laptop, LCD Monitor, CPU, Keyboard and Mouse  all are  popular and reliable to everyone. Market demands  quite high. We can see different colors of laptops including: Black, Gray, Pink Blue and Ash etc.<br /><br /> </p>', 'AB002', 50000, '2012-05-17 11:51:53', 1, '267', '0', '1', '', '', ''),
(267, 4, 49, 1, 'HP Brand', 'HP-Brand', 'hp-laptop.png', 'hp-laptop.png', 'hp-laptop.png', 'HP_CPU.jpg,HP_Keyboard.jpg,hp-laptop.png,HP-Notebook.jpg,hp-notepad-pavilion.jpg', '<p><em> </em></p>\r\n<p><strong>HP (Hewlett-Packard)</strong> All Computer Accessories are most popular in the markets. Price is comparatively higher than other bands. HP Laptop are most acceptable laptops. Actually HP is known  to everybody as a high quality and world famous brand. Without HP Laptops , <strong>HP</strong> printers, desktops,  servers, storage,<strong> </strong>notepads  and notebooks these are also available in the market places.<br /><br /> </p>', 'HP001', 70000, '2012-05-17 12:47:33', 1, NULL, '0', '1', '', '', ''),
(271, 4, 51, 1, 'Dell Brand', 'Dell-Brand', 'Dell-Laptop.jpg', 'Dell-Laptop.jpg', 'Dell-Laptop.jpg', 'dell_keyboard.jpg,Dell-CPU.jpg,Dell-Laptop.jpg,Dell-LCD-Monitor.jpg,Dell-Mouse.jpg,Printer.jpg', '<p><strong><br />Dell</strong> offers innovative laptops and tablet PCs, notebook, notepad and other accessories.<strong><em> </em></strong>Dell<em> </em>Accessories for Dell Laptop Parts, Notebook Parts and for all Dell Parts available in affordable prices. Dell laptop, LCD Monitor and CPU are quite popular to the computer market. Dell Laptops look nice and market demand is quite high. You can get different colors of laptops and notebooks including: Black, Gray, Ash and Blue. Among these colors Black Color Dell Laptops are high market demandable.<br /><br /><strong>Features of  Dell computer</strong> :<br /><br />Attractive  color and size</p>\r\n<p>Low weight and better  performance</p>\r\n<p>Available different  parts<br /><br /><strong>Additional Features:</strong> Numeric 10-key Pad</p>', 'DB003', 55000, '2012-05-19 05:30:50', 1, '263,267', '0', '1', '', '', ''),
(272, 4, 52, 1, 'Apple Brand', 'Apple-Brand', 'Apple-Laptop.png', 'Apple-Laptop.png', 'Apple-Laptop.png', 'Apple-Keybord.jpg,Apple-Laptop.png,Apple-Notebook.jpg,CPU-Samsung.jpg,LCD-Monitor-Apple.jpg,New-Apple-Laptop.jpg', '<p><strong>Features of apple:<br /><br /></strong>Full brightness with no waiting. That’s the advantage of the LED-backlit iMac display. <br /><br />Powered by quad-core processors, the new iMac is our fastest yet â€â€ up to 70 percent faster than the previous generation.<br /><br />Ultra fast and ultra flexible, the Thunderbolt port features two 10-Gbps data channels for data transfer that’s up to 12 times faster than FireWire 800 and up to 20 times faster than USB 2.0. <br /><br /> </p>\r\n<p> </p>', 'AB004', 50000, '2012-05-19 06:23:07', 1, '263,271', '0', '1', '', '', ''),
(273, 4, 53, 1, 'Acer Brand', 'Acer-Brand', 'ACER-BRAND-LAPTOP.jpg', 'ACER-BRAND-LAPTOP.jpg', 'ACER-BRAND-LAPTOP.jpg', 'ACER-BRAND-LAPTOP.jpg,Acer-Cpu-Keybord-Mouse.jpg,acer-laptop.jpg,Acer-LCD-Monitor.jpg', '<p><em><strong><br /></strong></em><strong>Acer</strong> <strong>ranks</strong> among the world''s top five branded PC vendors. Acer Incorporated is a Taiwan-based and one of the leading multinational computer technology and electronics company in the world. The corporation, featuring an exciting range of laptops such as Aspire, TravelMate, and Ferrari, is ranked as the 2nd biggest vendor of notebooks in the world. Acer laptops are designed with an inimitable amalgamation of technology to meet the needs of highly sophisticated home users, business corporate and many other tech-savvy people. Moreover, its top quality performance, stylish designs and affordable prices make Acer laptops a proffered choice among users across the e.<br /><br />Acer Laptops and Computers have a number of attractive features<br /> </p>\r\n<ul>\r\n<li><strong>Memory</strong></li>\r\n<li><strong>Portability</strong></li>\r\n<li><strong>Wireless</strong></li>\r\n<li><strong>Connectivity</strong></li>\r\n<li><strong>Affordability</strong></li>\r\n</ul>', 'AB005', 45000, '2012-05-19 08:39:27', 1, '272,263', '0', '1', '', '', ''),
(274, 2, 0, 1, 'BMW-Car', 'BMW-Car', 'bmw.jpg', 'bmw.jpg', 'BMW-Car.flv', 'BMW-Car.flv', 'BMW-Car', 'BM001', 0, '2012-05-20 09:14:19', 1, NULL, '0', '1', '', '', ''),
(275, 2, 0, 1, 'Water-Surface', 'Water-Surface', 'water.jpg', 'water.jpg', 'Water-Surface.flv', 'Water-Surface.flv', 'Water-Surface', 'WS002', 0, '2012-05-20 09:17:52', 2, NULL, '0', '1', '', '', ''),
(276, 2, 0, 1, 'Fashion Designer', 'Fashion-Designer', 'fashion-designer.png', 'fashion-designer.png', 'Fashion-Designer.avi', 'Fashion-Designer.avi', 'Fashion Designer', 'FD003', 0, '2012-05-20 10:17:53', 3, '17', '0', '1', '', '', ''),
(277, 1, 20, 1, 'Ancient Building', 'Ancient-Building', 'Ancient-Building.jpg', 'Ancient-Building.jpg', 'Ancient-Building.jpg', 'Ancient-Building.jpg', 'Ancient Building', 'AB001', 400, '2012-05-22 05:54:00', 1, '280,279', '0', '1', '', '', ''),
(278, 1, 20, 1, 'Ancient Bus', 'Ancient-Bus', 'Ancient-Bus.jpg', 'Ancient-Bus.jpg', 'Ancient-Bus.jpg', 'Ancient-Bus.jpg', 'Ancient Bus', 'AB002', 500, '2012-05-22 06:00:40', 2, '282,283', '0', '1', '', '', ''),
(279, 1, 20, 1, 'Ancient Home', 'Ancient-Home', 'Ancient-Home.jpg', 'Ancient-Home.jpg', 'Ancient-Home.jpg', 'Ancient-Home.jpg', 'Ancient Home', 'AB003', 55000, '2012-05-22 06:06:16', 3, '277', '0', '1', '', '', ''),
(280, 1, 20, 1, 'Ancient Church', 'Ancient-Church', 'Ancient-Church.jpg', 'Ancient-Church.jpg', 'Ancient-Church.jpg', 'Ancient-Church.jpg', 'Ancient Church', 'AC004', 34000, '2012-05-22 06:10:14', 4, '277,279', '0', '1', '', '', ''),
(281, 1, 20, 1, 'Ancient Man', 'Ancient-Man', 'Ancient-Man.jpg', 'Ancient-Man.jpg', 'Ancient-Man.jpg', 'Ancient-Man.jpg', 'Ancient Man', 'AM005', 1000, '2012-05-22 06:12:39', 5, NULL, '0', '1', '', '', ''),
(282, 1, 20, 1, 'Ancient Plane Industry', 'Ancient-Plane-Industry', 'Ancient-Plane-Industry.jpg', 'Ancient-Plane-Industry.jpg', 'Ancient-Plane-Industry.jpg', 'Ancient-Plane-Industry.jpg', 'Ancient Plane Industry', 'AP006', 40000, '2012-05-22 06:15:06', 6, '278', '0', '1', '', '', ''),
(283, 1, 20, 1, 'Ancient Ship', 'Ancient-Ship', 'Ancient-Ship.jpg', 'Ancient-Ship.jpg', NULL, 'Ancient-Ship.jpg', 'Ancient Ship', 'AS007', 35000, '2012-05-22 06:17:37', 7, '278,282', '0', '1', '', '', ''),
(284, 1, 22, 1, 'Apartment', 'Apartment', 'Apartment.jpg', 'Apartment.jpg', 'Apartment.jpg', 'Apartment.jpg', 'Apartment', 'AP001', 45000, '2012-05-22 06:34:55', 1, '290,291', '0', '1', '', '', ''),
(285, 1, 22, 1, 'Brick Built Building', 'Brick-Built-Building', 'Brick-Built-Building.jpg', 'Brick-Built-Building.jpg', 'Brick-Built-Building.jpg', 'Brick-Built-Building.jpg', 'Brick Built Building', 'BB002', 60000, '2012-05-22 06:40:37', 2, '284,290', '0', '1', '', '', ''),
(286, 1, 22, 1, 'Green Field', 'Green-Field', 'Green-Field.jpg', 'Green-Field.jpg', 'Green-Field.jpg', 'Green-Field.jpg', 'Green Field', 'GF003', 30000, '2012-05-22 06:44:40', 3, NULL, '1', '1', '', '', ''),
(287, 1, 22, 1, 'High Rise Building', 'High-Rise-Building', 'High-Rise-Building_5.jpg', 'High-Rise-Building_5.jpg', NULL, 'High-Rise-Building.jpg', 'High Rise Building', 'HR004', 23000, '2012-05-22 06:49:09', 4, '288', '0', '1', '', '', ''),
(288, 1, 22, 1, 'Hotel Al Burj', 'Hotel-Al-Burj', 'Hotel-Al-Burj.jpg', 'Hotel-Al-Burj.jpg', 'Hotel-Al-Burj.jpg', 'High-Rise-Building.jpg,Hotel-Al-Burj.jpg', 'Hotel Al Burj', 'HB005', 7000, '2012-05-22 06:51:57', 5, '284,287', '0', '1', '', '', ''),
(289, 1, 22, 1, 'Reflection', 'Reflection', 'Reflection.jpg', 'Reflection.jpg', 'Reflection.jpg', 'Reflection.jpg', 'Reflection', 'RF006', 600, '2012-05-22 06:54:47', 6, NULL, '0', '1', '', '', ''),
(290, 1, 22, 1, 'Residential Apartment', 'Residential-Apartment', 'Residential-Apartment.jpg', 'Residential-Apartment.jpg', 'Residential-Apartment.jpg', 'Residential-Apartment-1.jpg,Residential-Apartment.jpg', 'Residential Apartment', 'RA007', 12000, '2012-05-22 06:57:47', 7, '291,246', '0', '1', '', '', ''),
(291, 1, 22, 1, 'Residential Apartment 1', 'Residential-Apartment-1', 'Residential-Apartment-1.jpg', 'Residential-Apartment-1.jpg', 'Residential-Apartment-1.jpg', 'Residential-Apartment-1.jpg', 'Residential Apartment 1', 'RA008', 1300, '2012-05-22 07:06:04', 8, '228,290', '0', '1', '', '', ''),
(292, 1, 22, 1, 'Sky View Building', 'Sky-View-Building', 'Sky-View-Building.jpg', 'Sky-View-Building.jpg', 'Sky-View-Building.jpg', 'Sky-View-Building.jpg', 'Sky View Building', 'SV009', 1000, '2012-05-22 07:13:16', 9, NULL, '1', '1', '', '', ''),
(293, 1, 22, 1, 'Temple', 'Temple', 'Temple.jpg', 'Temple.jpg', 'Temple.jpg', 'Temple.jpg', 'Temple', 'TP010', 800, '2012-05-22 07:15:16', 10, '285,294', '0', '1', '', '', ''),
(294, 1, 22, 1, 'Village Home', 'Village-Home', 'Village-Home.jpg', 'Village-Home.jpg', 'Village-Home.jpg', 'Village-Home.jpg', 'Village Home', 'VM011', 1500, '2012-05-22 07:17:52', 11, '293', '0', '1', '', '', ''),
(295, 1, 23, 1, 'Ancient Mosque', 'Ancient-Mosque', 'Ancient-Mosque.jpg', 'Ancient-Mosque.jpg', 'Ancient-Mosque.jpg', 'Ancient-Mosque.jpg', 'Ancient Mosque', 'AM001', 27000, '2012-05-22 07:35:19', 1, '277,280', '0', '1', '', '', ''),
(296, 1, 23, 1, 'Antique Pillar', 'Antique-Pillar', 'Antique-Pillar.jpg', 'Antique-Pillar.jpg', 'Antique-Pillar.jpg', 'Antique-Pillar.jpg', 'Antique Pillar', 'AP002', 1100, '2012-05-22 07:37:35', 2, '297', '0', '1', '', '', ''),
(297, 1, 23, 1, 'Gray Pillar', 'Gray-Pillar', '', 'Gray-Pillar.jpg', 'Gray-Pillar.jpg', 'Gray-Pillar.jpg', 'Gray Pillar', 'GP003', 1100, '2012-05-22 07:42:39', 3, '296', '1', '1', '', '', ''),
(298, 1, 23, 1, 'High Floor', 'High-Floor', 'High-Floor.jpg', 'High-Floor.jpg', 'High-Floor.jpg', 'High-Floor.jpg,Office-Exterior.jpg', 'High Floor', 'GF004', 450, '2012-05-22 07:45:24', 4, '213,226,287', '0', '1', '', '', ''),
(299, 1, 23, 1, 'Mosque', 'Mosque', 'Mosque.jpg', 'Mosque.jpg', 'Mosque.jpg', 'Mosque.jpg', 'Mosque', 'MS005', 400, '2012-05-22 07:47:41', 5, '279,295', '0', '1', '', '', ''),
(300, 1, 23, 1, 'Mosque Wall', 'Mosque-Wall', 'Mosque-Wall.jpg', 'Mosque-Wall.jpg', 'Mosque-Wall.jpg', 'Mosque-Wall.jpg', 'Mosque Wall', 'MW006', 2300, '2012-05-22 07:52:10', 6, '284,207,214,160', '0', '1', '', '', ''),
(301, 1, 23, 1, 'Office Exterior', 'Office-Exterior', 'Office-Exterior.jpg', 'Office-Exterior.jpg', 'Office-Exterior.jpg', 'Office-Exterior.jpg', 'Office Exterior', 'OE007', 670, '2012-05-22 07:54:47', 7, '205,209', '0', '1', '', '', ''),
(302, 1, 24, 1, 'Ash Pillar', 'Ash-Pillar', 'Ash-Pillar.jpg', 'Ash-Pillar.jpg', 'Ash-Pillar.jpg', 'Gray-Pillar-2.jpg,Ash-Pillar.jpg,Gray-Pillar-1.jpg', 'Ash Pillar', 'AP001', 550, '2012-05-22 08:54:48', 1, '296,297', '0', '1', '', '', ''),
(303, 1, 24, 1, 'Office Interior', 'Office-Interior', 'Office-Interior.jpg', 'Office-Interior.jpg', 'Office-Interior.jpg', 'Office-Interior.jpg', 'Office Interior', 'OF002', 457, '2012-05-22 09:01:54', 2, NULL, '1', '1', '', '', ''),
(304, 1, 24, 1, 'Room', 'Room', 'Room.jpg', 'Room.jpg', 'Room.jpg', 'Room.jpg', 'Room', 'RM003', 238, '2012-05-22 09:06:31', 3, NULL, '0', '1', '', '', ''),
(305, 1, 24, 1, 'Craft Wall', 'Craft-Wall', 'Craft-Wall.jpg', 'Craft-Wall.jpg', 'Craft-Wall.jpg', 'Craft-Wall.jpg', 'Craft Wall', 'CW004', 700, '2012-05-22 09:10:46', 4, '300', '0', '1', '', '', ''),
(306, 1, 24, 1, 'Mosque Interior', 'Mosque-Interior', 'Mosque-Interior.jpg', 'Mosque-Interior.jpg', 'Mosque-Interior.jpg', 'Mosque-Interior.jpg', 'Mosque Interior', 'MI005', 900, '2012-05-22 09:14:06', 5, '295,299', '0', '1', '', '', ''),
(307, 1, 24, 1, 'Gray Pillar 1', 'Gray-Pillar-1', 'Gray-Pillar-1.jpg', 'Gray-Pillar-1.jpg', 'Gray-Pillar-1.jpg', 'Gray-Pillar-1.jpg', 'Gray Pillar 1', 'GP006', 1100, '2012-05-22 09:17:26', 6, '296,297', '0', '1', '', '', ''),
(308, 1, 24, 1, 'Gray Pillar 2', 'Gray-Pillar-2', 'Gray-Pillar-2.jpg', 'Gray-Pillar-2.jpg', 'Gray-Pillar-2.jpg', 'Gray-Pillar-2.jpg', 'Gray Pillar 2', 'GP007', 1600, '2012-05-22 09:20:56', 7, '296,297', '0', '1', '', '', ''),
(309, 1, 24, 1, 'White Pillar', 'White-Pillar', 'White-Pillar.jpg', 'White-Pillar.jpg', 'White-Pillar.jpg', 'Off-White-Pillar.jpg,White-Pillar.jpg', 'White Pillar', 'WP008', 900, '2012-05-22 09:24:19', 8, '296,307,308', '0', '1', '', '', ''),
(310, 1, 24, 1, 'Off White Pillar', 'Off-White-Pillar', 'Off-White-Pillar.jpg', 'Off-White-Pillar.jpg', 'Off-White-Pillar.jpg', 'Off-White-Pillar.jpg', 'Off White Pillar', 'OW009', 2300, '2012-05-22 09:27:20', 9, '307,308', '0', '1', '', '', ''),
(311, 1, 25, 1, 'Antique Collection', 'Antique-Collection', 'Antique-Collection.jpg', 'Antique-Collection.jpg', 'Antique-Collection.jpg', 'Antique-Collection.jpg,Antique-Lamp.jpg', 'Antique Collection', 'AC001', 390, '2012-05-22 09:31:37', 1, '313', '0', '1', '', '', ''),
(312, 1, 25, 1, 'Antique Craft', 'Antique-Craft', 'Antique-Craft.jpg', 'Antique-Craft.jpg', 'Antique-Craft.jpg', 'Antique-Craft.jpg', 'Antique Craft', 'AC002', 590, '2012-05-22 09:35:18', 2, '305', '0', '1', '', '', ''),
(313, 1, 25, 1, 'Antique Lamp', 'Antique-Lamp', 'Antique-Lamp.jpg', 'Antique-Lamp.jpg', 'Antique-Lamp.jpg', 'Antique-Craft.jpg,Antique-Lamp.jpg,Antique-Collection.jpg', 'Antique Lamp', 'AL003', 780, '2012-05-22 09:38:51', 3, '311,312', '0', '1', '', '', ''),
(314, 1, 25, 1, 'Painted Hand', 'Painted-Hand', 'Hand-Paint.jpg', 'Hand-Paint.jpg', 'Painted-Hand.jpg', 'Painted-Hand.jpg', 'Painted Hand', 'PH004', 500, '2012-05-22 09:41:48', 4, NULL, '0', '1', '', '', ''),
(315, 1, 27, 1, 'Customer Support 1', 'Customer-Support-1', 'Customer-Support_1.jpg', 'Customer-Support_1.jpg', 'Customer-Support_1.jpg', 'Customer-Support_1.jpg,Customer-Support_4.jpg,Customer-Support_2.jpg', 'Customer Support 1', 'CS001', 200, '2012-05-22 09:57:30', 1, '317,320', '0', '1', '', '', ''),
(316, 1, 27, 1, 'Customer Support 2', 'Customer-Support-2', 'Customer-Support_2.jpg', 'Customer-Support_2.jpg', 'Customer-Support_2.jpg', 'Customer-Support_2.jpg,Customer-Support_5.jpg,Customer-Support_1.jpg', 'Customer Support 2', 'CS002', 450, '2012-05-22 10:00:31', 2, '315,316', '0', '1', '', '', ''),
(317, 1, 27, 1, 'Customer Support 3', 'Customer-Support-3', 'Customer-Support_3.jpg', 'Customer-Support_3.jpg', 'Customer-Support_3.jpg', 'Customer-Support_3.jpg,Customer-Support_5.jpg,Customer-Support_4.jpg', 'Customer Support 3', 'CS003', 783, '2012-05-22 10:03:13', 3, '315,319', '0', '1', '', '', ''),
(318, 1, 27, 1, 'Customer Support 4', 'Customer-Support-4', 'Customer-Support_4.jpg', 'Customer-Support_4.jpg', 'Customer-Support_4.jpg', 'Customer-Support_4.jpg,Customer-Support_5.jpg,Customer-Support_7.jpg', 'Customer Support 4', 'CS004', 900, '2012-05-22 10:05:40', 4, '319,321', '0', '1', '', '', ''),
(319, 1, 27, 1, 'Customer Support 5', 'Customer-Support-5', 'Customer-Support_5.jpg', 'Customer-Support_5.jpg', 'Customer-Support_5.jpg', 'Customer-Support_5.jpg,Customer-Support_6.jpg,Customer-Support_4.jpg', 'Customer Support 5', 'CS005', 550, '2012-05-22 10:07:48', 5, '316,318', '0', '1', '', '', ''),
(320, 1, 27, 1, 'Customer Support 6', 'Customer-Support-6', 'Customer-Support_6.jpg', 'Customer-Support_6.jpg', 'Customer-Support_6.jpg', 'Customer-Support_6.jpg,Customer-Support_7.jpg,Customer-Support_1.jpg,Customer-Support_2.jpg', 'Customer Support 6', 'CS006', 130, '2012-05-22 10:10:00', 6, '321,322', '0', '1', '', '', ''),
(321, 1, 27, 1, 'Customer Support 7', 'Customer-Support-7', 'Customer-Support_7.jpg', 'Customer-Support_7.jpg', 'Customer-Support_7.jpg', 'Customer-Support_7.jpg,Customer-Support_5.jpg,Customer-Support_6.jpg,Customer-Support_8.jpg', 'Customer Support 7', 'CS007', 390, '2012-05-22 10:12:01', 7, '315,319,320', '0', '1', '', '', ''),
(322, 1, 27, 1, 'Customer Support 8', 'Customer-Support-8', 'Customer-Support_8.jpg', 'Customer-Support_8.jpg', 'Customer-Support_8.jpg', 'Customer-Support_8.jpg,Customer-Support_3.jpg,Customer-Support_7.jpg,Customer-Support_2.jpg', 'Customer Support 8', 'CS008', 800, '2012-05-22 10:15:04', 8, '315,321', '0', '1', '', '', ''),
(323, 1, 29, 1, 'Female Executive 1', 'Female-Executive-1', 'Female-Executive_1.jpg', 'Female-Executive_1.jpg', 'Female-Executive_1.jpg', 'Female-Executive_1.jpg,Female-Executive_2.jpg,Female-Executive_3.jpg', 'Female Executive 1', 'FE001', 550, '2012-05-22 10:20:27', 1, '326,327', '0', '1', '', '', ''),
(324, 1, 29, 1, 'Female Executive 2', 'Female-Executive-2', 'Female-Executive_2.jpg', 'Female-Executive_2.jpg', 'Female-Executive_2.jpg', 'Female-Executive_3.jpg,Female-Executive_2.jpg', 'Female Executive 2', 'FE002', 755, '2012-05-22 10:23:07', 2, '323,325', '0', '1', '', '', ''),
(325, 1, 29, 1, 'Female Executive 3', 'Female-Executive-3', 'Female-Executive_3.jpg', 'Female-Executive_3.jpg', 'Female-Executive_3.jpg', 'Female-Executive_3.jpg,Female-Executive_1.jpg,Female-Executive_2.jpg', 'Female Executive 3', 'FE003', 423, '2012-05-22 10:26:52', 3, '323,324', '0', '1', '', '', ''),
(326, 1, 29, 1, 'Female Executive 4', 'Female-Executive-4', 'Female-Executive_4.jpg', 'Female-Executive_4.jpg', 'Female-Executive_4.jpg', 'Female-Executive_4.jpg,Female-Executive_1.jpg,Female-Executive_5.jpg', 'Female Executive 4', 'FE004', 600, '2012-05-22 10:31:54', 4, '323,325', '0', '1', '', '', ''),
(327, 1, 29, 1, 'Female Executive 5', 'Female-Executive-5', 'Female-Executive_5.jpg', 'Female-Executive_5.jpg', 'Female-Executive_5.jpg', 'Female-Executive_4.jpg,Female-Executive_5.jpg', 'Female Executive 5', 'FE005', 750, '2012-05-22 10:35:29', 5, '323,326', '0', '1', '', '', ''),
(328, 1, 30, 1, 'Male Executive 1', 'Male-Executive-1', 'Male-Executive_1.jpg', 'Male-Executive_1.jpg', 'Male-Executive_1.jpg', 'Male-Executive_2.jpg,Male-Executive_1.jpg', 'Male Executive 1', 'ME001', 755, '2012-05-22 10:43:22', 1, '329', '0', '1', '', '', ''),
(329, 1, 30, 1, 'Male Executive 2', 'Male-Executive-2', 'Male-Executive_2.jpg', 'Male-Executive_2.jpg', 'Male-Executive_2.jpg', 'Male-Executive_2.jpg,Male-Executive_1.jpg', 'Male Executive 2', 'ME002', 920, '2012-05-22 10:46:19', 2, '328', '0', '1', '', '', ''),
(330, 1, 31, 1, 'Affiliates', 'Affiliates', 'Affiliates.jpg', 'Affiliates.jpg', 'Affiliates.jpg', 'Affiliates.jpg', 'Affiliates', 'AF001', 555, '2012-05-22 11:19:41', 1, NULL, '0', '1', '', '', ''),
(331, 1, 31, 1, 'Agreement', 'Agreement', 'Agreement.jpg', 'Agreement.jpg', 'Agreement.jpg', 'Agreement.jpg,Office.jpg,Office-Document.jpg', 'Agreement', 'AG002', 450, '2012-05-22 11:24:22', 2, '330', '0', '1', '', '', ''),
(332, 1, 31, 1, 'Calculation', 'Calculation', 'Calculation.jpg', 'Calculation.jpg', 'Calculation.jpg', 'Office.jpg,Rating.jpg,Calculation.jpg', 'Calculation', 'CL003', 650, '2012-05-22 11:27:33', 3, NULL, '0', '1', '', '', ''),
(333, 1, 31, 1, 'Computer', 'Computer', 'Computer.jpg', 'Computer.jpg', 'Computer.jpg', 'Calculation.jpg,Computer.jpg', 'Computer', 'CM004', 490, '2012-05-22 11:41:58', 4, '332', '0', '1', '', '', '');
INSERT INTO `gallery_product` (`id`, `group_id`, `category_id`, `entry_by`, `product_name`, `product_title`, `product_thumb_primary`, `product_thumb`, `product_file_primary`, `product_file`, `product_desc`, `product_code`, `product_price`, `product_date`, `product_order`, `related_items`, `featured`, `active`, `meta_title`, `meta_keywords`, `meta_desc`) VALUES
(334, 1, 31, 1, 'E Commerce', 'E-Commerce', 'E-Commerce.jpg', 'E-Commerce.jpg', 'E-Commerce.jpg', 'E-Commerce.jpg,Computer.jpg', 'E Commerce', 'EC005', 890, '2012-05-22 11:45:05', 5, '332', '0', '1', '', '', ''),
(335, 1, 31, 1, 'Flowchart', 'Flowchart', 'Flowchart.jpg', 'Flowchart.jpg', 'Flowchart.jpg', 'Flowchart.jpg,Rating.jpg', 'Flowchart', 'FC006', 900, '2012-05-22 11:49:37', 6, NULL, '0', '1', '', '', ''),
(336, 1, 31, 1, 'Office', 'Office', 'Office.jpg', 'Office.jpg', 'Office.jpg', 'Office.jpg,Agreement.jpg,Office-Document.jpg', 'Office', 'OF007', 434, '2012-05-22 11:54:14', 7, '332', '0', '1', '', '', ''),
(337, 1, 31, 1, 'Office Device', 'Office-Device', 'Office-Device.jpg', 'Office-Device.jpg', 'Office-Device.jpg', 'Office-Device.jpg,Calculation.jpg', 'Office Device', 'OD008', 240, '2012-05-22 11:57:35', 8, '332', '0', '1', '', '', ''),
(338, 1, 31, 1, 'Office Document', 'Office-Document', 'Office-Document.jpg', 'Office-Document.jpg', 'Office-Document.jpg', 'Office.jpg,Office-Document.jpg', 'Office Document', 'OD009', 670, '2012-05-22 12:06:05', 9, '336', '0', '1', '', '', ''),
(339, 1, 31, 1, 'Rating', 'Rating', 'Rating.jpg', 'Rating.jpg', 'Rating.jpg', 'Flowchart.jpg', 'Rating', 'RT010', 890, '2012-05-22 12:11:56', 10, '335', '0', '1', '', '', ''),
(340, 1, 31, 1, 'Support', 'Support', 'Support.jpg', 'Support.jpg', 'Support.jpg', 'Computer.jpg', 'Support', 'ST0011', 360, '2012-05-22 12:15:25', 11, '333,334', '0', '1', '', '', ''),
(341, 1, 31, 1, 'Working', 'Working', 'Working.jpg', 'Working.jpg', 'Working.jpg', 'E-Commerce.jpg,Working.jpg,Computer.jpg', 'Working', 'WR012', 590, '2012-05-22 12:18:37', 12, '333,334', '0', '1', '', '', ''),
(342, 1, 32, 1, 'Partnership', 'Partnership', 'Partnership.jpg', 'Partnership.jpg', 'Partership.jpg', 'Partership.jpg', 'Partnership', 'PS001', 345, '2012-05-22 12:49:07', 1, NULL, '0', '1', '', '', ''),
(343, 1, 32, 1, 'Team 1', 'Team-1', 'Team_1.jpg', 'Team_1.jpg', 'Team_1.jpg', 'Team_1.jpg,Team_4.jpg,Team_3.jpg', 'Team 1', 'TM001', 255, '2012-05-22 12:53:43', 2, NULL, '0', '1', '', '', ''),
(344, 1, 32, 1, 'Team 2', 'Team-2', 'Team_2.jpg', 'Team_2.jpg', 'Team_2.jpg', 'Team_15.jpg,Team_2.jpg,Team_12.jpg', 'Team 2', 'TM002', 455, '2012-05-22 12:56:51', 3, '343', '0', '1', '', '', ''),
(345, 1, 32, 1, 'Team 3', 'Team-3', 'Team_3.jpg', 'Team_3.jpg', 'Team_3.jpg', 'Team_5.jpg,Team_3.jpg,Team_4.jpg', 'Team 3', 'TM003', 570, '2012-05-22 12:59:46', 4, '343,344', '0', '1', '', '', ''),
(346, 1, 32, 1, 'Team 4', 'Team-4', 'Team_4.jpg', 'Team_4.jpg', 'Team_4.jpg', 'Team_4.jpg,Team_6.jpg,Team_8.jpg', 'Team 4', 'TM004', 890, '2012-05-22 01:03:06', 5, '343,345', '0', '1', '', '', ''),
(347, 1, 32, 1, 'Team 5', 'Team-5', 'Team_5.jpg', 'Team_5.jpg', 'Team_5.jpg', 'Team_11.jpg,Team_1.jpg,Team_3.jpg,Team_5.jpg', 'Team 5', 'TM005', 780, '2012-05-22 01:06:33', 6, '343,344', '0', '1', '', '', ''),
(348, 1, 32, 1, 'Team 6', 'Team-6', 'Team_6.jpg', 'Team_6.jpg', 'Team_6.jpg', 'Team_8.jpg,Team_6.jpg,Team_7.jpg', 'Team 6', 'TM006', 390, '2012-05-22 01:09:02', 7, '346,347', '0', '1', '', '', ''),
(349, 1, 32, 1, 'Team 7', 'Team-7', 'Team_7.jpg', 'Team_7.jpg', 'Team_7.jpg', 'Team_6.jpg,Team_7.jpg,Team_8.jpg', 'Team 7', 'TM007', 867, '2012-05-22 01:11:40', 8, '344,347', '0', '1', '', '', ''),
(350, 1, 32, 1, 'Team 8', 'Team-8', 'Team_8.jpg', 'Team_8.jpg', 'Team_8.jpg', 'Team_7.jpg,Team_8.jpg,Team_9.jpg', ' Team 8', 'TM008', 340, '2012-05-23 04:50:37', 9, '345,347', '0', '1', '', '', ''),
(351, 1, 32, 1, 'Team 9', 'Team-9', 'Team_9.jpg', 'Team_9.jpg', 'Team_9.jpg', 'Team_9.jpg,Team_6.jpg,Team_7.jpg', ' Team 9', 'TM009', 890, '2012-05-23 04:53:12', 10, '343,345', '0', '1', '', '', ''),
(352, 1, 32, 1, 'Team 10', 'Team-10', 'Team_10.jpg', 'Team_10.jpg', 'Team_10.jpg', 'Team_6.jpg,Team_9.jpg,Team_10.jpg', ' Team 10', 'TM010', 550, '2012-05-23 04:55:57', 11, '349,351', '0', '1', '', '', ''),
(353, 1, 32, 1, 'Team 11', 'Team-11', 'Team_11.jpg', 'Team_11.jpg', 'Team_11.jpg', 'Team_12.jpg,Team_10.jpg,Team_11.jpg', ' Team 11', 'TM011', 780, '2012-05-23 04:59:27', 12, '349,351', '0', '1', '', '', ''),
(354, 1, 32, 1, 'Team 12', 'Team-12', 'Team_12.jpg', 'Team_12.jpg', 'Team_12.jpg', 'Team_7.jpg,Team_9.jpg,Team_12.jpg', ' Team 12', 'TM012', 350, '2012-05-23 05:02:47', 13, '353,351', '0', '1', '', '', ''),
(355, 1, 32, 1, 'Team 13', 'Team-13', 'Team_13.jpg', 'Team_13.jpg', 'Team_13.jpg', 'Team_5.jpg,Team_13.jpg,Team_3.jpg', ' Team 13', 'TM013', 450, '2012-05-23 05:05:22', 14, '353,354', '0', '1', '', '', ''),
(356, 1, 32, 1, 'Team 14', 'Team-14', 'Team_14.jpg', 'Team_14.jpg', 'Team_14.jpg', 'Team_6.jpg,Team_14.jpg,Team_2.jpg', ' Team 14', 'TM014', 155, '2012-05-23 05:08:17', 15, '355,345,346', '0', '1', '', '', ''),
(357, 1, 32, 1, 'Team 15', 'Team-15', 'Team_15.jpg', 'Team_15.jpg', 'Team_15.jpg', 'Team_7.jpg,Team_12.jpg,Team_15.jpg', ' Team 15', 'TM015', 280, '2012-05-23 05:13:14', 16, '354,351', '0', '1', '', '', ''),
(358, 1, 32, 1, 'Team 16', 'Team-16', 'Team_16.jpg', 'Team_16.jpg', 'Team_16.jpg', 'Team_2.jpg,Team_5.jpg,Team_16.jpg', ' Team 16', 'TM016', 480, '2012-05-23 05:18:00', 17, '347,348', '0', '1', '', '', ''),
(359, 1, 33, 1, 'Charity 1', 'Charity-1', 'Charity_1.jpg', 'Charity_1.jpg', 'Charity_1.jpg', 'Charity_7.jpg,Charity_1.jpg,Charity_3.jpg', 'Charity 1', 'CH001', 250, '2012-05-23 05:30:39', 1, NULL, '0', '1', '', '', ''),
(360, 1, 33, 1, 'Charity 2', 'Charity-2', 'Charity_2.jpg', 'Charity_2.jpg', 'Charity_2.jpg', 'Charity_10.jpg,Charity_1.jpg,Charity_2.jpg', 'Charity 2', 'CH02', 350, '2012-05-23 05:33:35', 2, '359', '0', '1', '', '', ''),
(361, 1, 33, 1, 'Charity 3', 'Charity-3', 'Charity_3.jpg', 'Charity_3.jpg', 'Charity_3.jpg', 'Charity_14.jpg,Charity_3.jpg,Charity_8.jpg', 'Charity 3', 'CH003', 450, '2012-05-23 05:36:12', 3, '359,360', '0', '1', '', '', ''),
(362, 1, 33, 1, 'Charity 4', 'Charity-4', 'Charity_4.jpg', 'Charity_4.jpg', 'Charity_4.jpg', 'Charity_4.jpg,Charity_12.jpg,Charity_11.jpg', 'Charity 4', 'CH004', 550, '2012-05-23 05:39:12', 4, '359,361', '0', '1', '', '', ''),
(364, 1, 33, 1, 'Charity 6', 'Charity-6', 'Charity_6.jpg', 'Charity_6.jpg', 'Charity_6.jpg', 'Charity_14.jpg,Charity_6.jpg,Charity_7.jpg', 'Charity 6', 'CH006', 750, '2012-05-23 05:45:26', 6, '360,361', '0', '1', '', '', ''),
(365, 1, 33, 1, 'Charity 7', 'Charity-7', 'Charity_7.jpg', 'Charity_7.jpg', 'Charity_7.jpg', 'Charity_8.jpg,Charity_6.jpg,Charity_7.jpg', 'Charity 7', 'CH007', 890, '2012-05-23 05:56:30', 7, '360,364', '0', '1', '', '', ''),
(366, 1, 33, 1, 'Charity 8', 'Charity-8', 'Charity_8.jpg', 'Charity_8.jpg', 'Charity_8.jpg', 'Charity_2.jpg,Charity_7.jpg,Charity_8.jpg', 'Charity 8', 'CH008', 900, '2012-05-23 05:59:42', 8, '364,365', '0', '1', '', '', ''),
(367, 1, 33, 1, 'Charity 9', 'Charity-9', 'Charity_9.jpg', 'Charity_9.jpg', 'Charity_9.jpg', 'Charity_11.jpg,Charity_9.jpg,Charity_10.jpg', 'Charity 9', 'CH009', 545, '2012-05-23 06:03:46', 9, '363', '0', '1', '', '', ''),
(368, 1, 33, 1, 'Charity 10', 'Charity-10', 'Charity_10.jpg', 'Charity_10.jpg', 'Charity_10.jpg', 'Charity_12.jpg,Charity_9.jpg,Charity_10.jpg', 'Charity 10', 'CH010', 435, '2012-05-23 06:09:38', 10, '366,367', '0', '1', '', '', ''),
(369, 1, 33, 1, 'Charity 11', 'Charity-11', 'Charity_11.jpg', 'Charity_11.jpg', 'Charity_11.jpg', 'Charity_12.jpg,Charity_10.jpg,Charity_11.jpg', 'Charity 11', 'CH011', 570, '2012-05-23 06:12:40', 11, '368,367', '0', '1', '', '', ''),
(370, 1, 33, 1, 'Charity 12', 'Charity-12', 'Charity_12.jpg', 'Charity_12.jpg', 'Charity_12.jpg', 'Charity_9.jpg,Charity_11.jpg,Charity_12.jpg', 'Charity 12', 'CH012', 690, '2012-05-23 06:15:48', 12, '368,369', '0', '1', '', '', ''),
(371, 1, 33, 1, 'Charity 13', 'Charity-13', 'Charity_13.jpg', 'Charity_13.jpg', 'Charity_13.jpg', 'Charity_21.jpg,Charity_23.jpg,Charity_13.jpg', 'Charity 13', 'CH013', 490, '2012-05-23 06:18:24', 13, '368,370', '0', '1', '', '', ''),
(372, 1, 33, 1, 'Charity 14', 'Charity-14', 'Charity_14.jpg', 'Charity_14.jpg', 'Charity_14.jpg', 'Charity_8.jpg,Charity_14.jpg,Charity_1.jpg', 'Charity 14', 'CH014', 312, '2012-05-23 06:21:20', 14, '360,364', '0', '1', '', '', ''),
(373, 1, 33, 1, 'Charity 15', 'Charity-15', 'Charity_15.jpg', 'Charity_15.jpg', 'Charity_15.jpg', 'Charity_6.jpg,Charity_15.jpg,Charity_1.jpg', 'Charity 15', 'CH015', 650, '2012-05-23 06:24:40', 15, '359,372', '0', '1', '', '', ''),
(374, 1, 33, 1, 'Charity 16', 'Charity-16', 'Charity_16.jpg', 'Charity_16.jpg', 'Charity_16.jpg', 'Charity_1.jpg,Charity_6.jpg,Charity_16.jpg', 'Charity 16', 'CH016', 634, '2012-05-23 06:27:51', 16, '370,366', '0', '1', '', '', ''),
(375, 1, 33, 1, 'Charity 17', 'Charity-17', 'Charity_17.jpg', 'Charity_17.jpg', 'Charity_17.jpg', 'Charity_15.jpg,Charity_17.jpg,Charity_22.jpg', 'Charity 17', 'CH017', 540, '2012-05-23 06:39:13', 17, '359,373', '0', '1', '', '', ''),
(376, 1, 33, 1, 'Charity 18', 'Charity-18', 'Charity_18.jpg', 'Charity_18.jpg', 'Charity_18.jpg', 'Charity_1.jpg,Charity_14.jpg,Charity_15.jpg,Charity_18.jpg', 'Charity 18', 'CH018', 900, '2012-05-23 06:43:42', 18, '373,375', '0', '1', '', '', ''),
(377, 1, 33, 1, 'Charity 19', 'Charity-19', 'Charity_19.jpg', 'Charity_19.jpg', 'Charity_19.jpg', 'Charity_17.jpg,Charity_18.jpg,Charity_19.jpg', 'Charity 19', 'CH019', 370, '2012-05-23 06:48:40', 19, '373,376', '0', '1', '', '', ''),
(378, 1, 33, 1, 'Charity 20', 'Charity-20', 'Charity_20.jpg', 'Charity_20.jpg', 'Charity_20.jpg', 'Charity_3.jpg,Charity_16.jpg,Charity_20.jpg', 'Charity 20', 'CH020', 570, '2012-05-23 06:52:04', 20, '374,360', '0', '1', '', '', ''),
(379, 1, 33, 1, 'Charity 21', 'Charity-21', 'Charity_21.jpg', 'Charity_21.jpg', 'Charity_21.jpg', 'Charity_23.jpg,Charity_13.jpg,Charity_21.jpg', 'Charity 21', 'CH021', 756, '2012-05-23 06:55:56', 21, '371', '0', '1', '', '', ''),
(380, 1, 33, 1, 'Charity 22', 'Charity-22', 'Charity_22.jpg', 'Charity_22.jpg', 'Charity_22.jpg', 'Charity_7.jpg,Charity_19.jpg,Charity_22.jpg,Charity_24.jpg', 'Charity 22', 'CH022', 600, '2012-05-23 06:58:38', 22, '373,376', '0', '1', '', '', ''),
(381, 1, 33, 1, 'Charity 23', 'Charity-23', 'Charity_23.jpg', 'Charity_23.jpg', 'Charity_23.jpg', 'Charity_13.jpg,Charity_21.jpg,Charity_23.jpg', 'Charity 23', 'CH023', 890, '2012-05-23 07:01:48', 23, '371,379', '0', '1', '', '', ''),
(382, 1, 33, 1, 'Charity 24', 'Charity-24', 'Charity_24.jpg', 'Charity_24.jpg', 'Charity_24.jpg', 'Charity_6.jpg,Charity_14.jpg,Charity_22.jpg,Charity_24.jpg', 'Charity 24', 'CH024', 480, '2012-05-23 07:05:15', 24, '368,369,367', '0', '1', '', '', ''),
(383, 1, 34, 1, 'Bangladeshi Flag', 'Bangladeshi-Flag', 'Bangladeshi-Flag.jpg', 'Bangladeshi-Flag.jpg', 'Bangladeshi-Flag.jpg', 'Bangladeshi-Flag.jpg,Canadian-Flag.jpg', 'Bangladeshi Flag', 'BF001', 893, '2012-05-23 07:47:01', 1, NULL, '0', '1', '', '', ''),
(384, 1, 34, 1, 'Canadian Flag', 'Canadian-Flag', 'Canadian-Flag.jpg', 'Canadian-Flag.jpg', 'Canadian-Flag.jpg', 'Canadian-Flag.jpg,Bangladeshi-Flag.jpg', 'Canadian Flag', 'CF002', 350, '2012-05-23 07:51:08', 2, '383', '0', '1', '', '', ''),
(385, 1, 35, 1, 'Hosting Server 1', 'Hosting-Server-1', 'Hosting-Server_1.jpg', 'Hosting-Server_1.jpg', 'Hosting-Server_1.jpg', 'Hosting-Server_2.jpg,Hosting-Server_1.jpg', 'Hosting Server 1', 'HS001', 345, '2012-05-23 08:45:32', 1, NULL, '0', '1', '', '', ''),
(386, 1, 35, 1, 'Hosting Server 2', 'Hosting-Server-2', 'Hosting-Server_2.jpg', 'Hosting-Server_2.jpg', 'Hosting-Server_2.jpg', 'Hosting-Server_3.jpg,Hosting-Server_2.jpg', 'Hosting Server 2', 'HS002', 670, '2012-05-23 08:48:15', 2, '385', '0', '1', '', '', ''),
(387, 1, 35, 1, 'Hosting Server 3', 'Hosting-Server-3', 'Hosting-Server_3.jpg', 'Hosting-Server_3.jpg', 'Hosting-Server_3.jpg', 'Hosting-Server_3.jpg,Hosting-Server_4.jpg', 'Hosting Server 3', 'HS003', 856, '2012-05-23 08:50:46', 3, '385,386', '0', '1', '', '', ''),
(388, 1, 35, 1, 'Hosting Server 4', 'Hosting-Server-4', 'Hosting-Server_4.jpg', 'Hosting-Server_4.jpg', 'Hosting-Server_4.jpg', 'Hosting-Server_3.jpg,Hosting-Server_4.jpg', 'Hosting Server 4', 'HS004', 290, '2012-05-23 08:53:06', 4, '385,387', '0', '1', '', '', ''),
(389, 1, 36, 1, 'Nature 1', 'Nature-1', 'Nature_1.jpg', 'Nature_1.jpg', 'Nature_1.jpg', 'Nature_3.jpg,Nature_1.jpg', 'Nature 1', 'NT001', 523, '2012-05-23 08:55:49', 1, NULL, '0', '1', '', '', ''),
(390, 1, 36, 1, 'Nature 2', 'Nature-2', 'Nature_2.jpg', 'Nature_2.jpg', 'Nature_2.jpg', 'Nature_3.jpg,Nature_2.jpg', 'Nature 2', 'NT002', 518, '2012-05-23 08:58:04', 2, '389', '0', '1', '', '', ''),
(391, 1, 36, 1, 'Nature 3', 'Nature-3', 'Nature_3.jpg', 'Nature_3.jpg', 'Nature_3.jpg', 'Nature_1.jpg,Nature_2.jpg,Nature_3.jpg', 'Nature 3', 'NT003', 697, '2012-05-23 09:00:19', 3, '389,390', '0', '1', '', '', ''),
(392, 1, 37, 1, 'Group Soldier', 'Group-Soldier', 'Group-Soldier.jpg', 'Group-Soldier.jpg', 'Group-Soldier.jpg', 'Marching.jpg,Soldier-1.jpg,Group-Soldier.jpg', 'Group Soldier', 'GS001', 525, '2012-05-23 09:04:43', 1, NULL, '0', '1', '', '', ''),
(393, 1, 37, 1, 'Irani Map', 'Irani-Map', 'Irani-Map.jpg', 'Irani-Map.jpg', 'Irani-Map.jpg', 'Irani-Map.jpg', 'Irani Map', 'IM002', 734, '2012-05-23 09:07:20', 2, NULL, '0', '1', '', '', ''),
(394, 1, 37, 1, 'Marching', 'Marching', 'Marching.jpg', 'Marching.jpg', 'Marching.jpg', 'Soldier-2.jpg,Group-Soldier.jpg,Marching.jpg', 'Marching', 'MC003', 423, '2012-05-23 09:11:17', 3, '392', '0', '1', '', '', ''),
(395, 1, 37, 1, 'Sleeping', 'Sleeping', 'Sleeping.jpg', 'Sleeping.jpg', 'Sleeping.jpg', 'Sleeping.jpg', 'Sleeping', 'SP004', 437, '2012-05-23 09:13:22', 4, NULL, '0', '1', '', '', ''),
(396, 1, 37, 1, 'Soldier 1', 'Soldier-1', 'Soldier-1.jpg', 'Soldier-1.jpg', 'Soldier-1.jpg', 'Marching.jpg,Soldier-1.jpg,Soldier-2.jpg', 'Soldier 1', 'SD005', 255, '2012-05-23 09:17:02', 5, '392', '0', '1', '', '', ''),
(397, 1, 37, 1, 'Soldier 2', 'Soldier-2', 'Soldier-2.jpg', 'Soldier-2.jpg', 'Soldier-2.jpg', 'Soldier-2.jpg,Soldier-1.jpg', 'Soldier 2', 'SD006', 370, '2012-05-23 09:19:50', 6, '396', '0', '1', '', '', ''),
(398, 4, 73, 1, 'School Furniture', 'School-Furniture', 'School-Furnitures.jpg', 'School-Furnitures.jpg', 'School-Furnitures.jpg', 'Classroom.jpg,Desk.jpg,Library.jpg,School-Bench.jpg,School-Furnitures.jpg,Stady-Room.jpg', '<p><br />To decorate the school the school authority can buy different types of tables, chairs, bench andElmirathat increase the beauty of the classroom. Three type of school furniture’s are available  seen such as wood made, plastic made and iron made. For more time durable iron made furniture’s are better.<br /><br /> </p>', 'SF003', 670, '2012-05-23 11:20:21', 1, '260,252', '0', '1', '', '', ''),
(399, 4, 44, 1, 'Water Lily', 'Water-Lily', 'Water-Lili.jpg', 'Water-Lili.jpg', 'Water-Lili.jpg', 'Water-Lili.jpg,Water-Lilie1.jpg,Water-Lilie2.jpg,Water-Lilie3.jpg,Water-Lilies5.jpg,Water-Lilies6.jpg,Water-Lilies7.jpg,Water-Lilies8.jpg,Water-Lilies9.jpg', '<p><br />In Bangladesh&nbsp;Water Lilies&nbsp;are more found during the rainy season. Water Lilies are aquatic perennials beautiful flower. A&nbsp;Water Lily&nbsp;is a great plant for the center of a pond. It scientific name is&nbsp;<strong><em><u>Nymphaea</u></em></strong><strong> <em><u>odorata</u></em></strong><em><u>.</u></em> There are about 40 species of water lilies in the world, plus numerous hybrids and varieties. This water plant can be grown in ponds or basins/containers which can hold 4 to 5 liters of water.&nbsp;These can be seen in &nbsp;different colors such as White, Violet, Pink.<br /><br />&nbsp;</p>', 'WL001', 342, '2012-05-24 10:02:33', 1, NULL, '0', '1', '', '', ''),
(400, 4, 44, 1, 'Kadam Flower', 'Kadam-Flower', 'Kadam-Ful.jpg', 'Kadam-Ful.jpg', 'Kadam-Ful.jpg', 'Kadam-Ful-3.jpg,Kadam-Ful.jpg,Kadam-Flower-5.jpg,Kadam-Ful-1.jpg,Kadam-Ful-2.jpg', '<p><br /><strong>Kadam Flower</strong> is a rainy season flower. It blooms in each branches of the tree. Scientific name is <em><u>Neolamarckia</u></em> <em><u>cadamba,</u></em> commonly called Kadam (Bengali: কদম/কদমà§Âব). Kadam flower is an evergreen flower and grows in South andSoutheast Asia.<br /><br /><br />&nbsp;</p>', 'KF002', 412, '2012-05-24 10:06:27', 2, NULL, '0', '1', '', '', ''),
(401, 4, 44, 1, 'Krishnachura Flower', 'Krishnachura-Flower', 'KRISHNACHURA-6.jpg', 'KRISHNACHURA-6.jpg', 'KRISHNACHURA-6.jpg', 'Yellow-poinciana-full bloom.jpg,Flamboyant-2.jpg,Flowers_delhi.jpg,KRISHNACHURA-6.jpg,KRISHNOCHURA.jpg,Royal_Poinciana-1.jpg,Royal_Poinciana-2.jpg', '<p><br />Scientific name is <strong><em><u>Delonix</u></em></strong> <strong><em><u>regia</u></em></strong>&nbsp;. Krishnachura is rainy season flower. It blooms when rains in continuously. After ending the rain it looks like a Flower of Fire Tree. Most of the people of&nbsp; Bangladesh is called &ldquo;Krishnachura &ldquo; and the English names for krishnachura are given in the book are : Fire Tree, Flame Tree, Gold Mohr, Gold Mohur, Gul Mohur, Royal Gul Mohur, Royal Peacock Flower.<br />&nbsp;</p>', 'KF003', 150, '2012-05-24 10:10:15', 3, NULL, '0', '1', '', '', ''),
(402, 4, 44, 1, 'Orchid Flower', 'Orchid-Flower', 'Thailand-Orchid.jpg', 'Thailand-Orchid.jpg', 'Thailand-Orchid.jpg', 'Thailand-Orchid.jpg,ascocentrum_ampulaceum.jpg,bamboo_orchid.jpg,beallara_purplepassion.jpg,dorisia_sunset.jpg,Orchid-1.jpg,Orchid-2.jpg,Orchid-Flower-3.jpg', '<p><br />There are about 25,000 to 30,000 known species of orchids around the world. Orchids are found in all continents except Antarctica, from hot tropical jungles to the cold climate inNorth America. However, some orchids are&nbsp; found only in certain region of the world and nowhere else, for example, the Vanda genus colonizes onlySouth East Asia. Orchids are often seen in flower arrangements because there are so many different types and they add color to any bouquet.<br /><br />&nbsp;</p>', 'OF004', 780, '2012-05-24 10:12:51', 4, NULL, '0', '1', '', '', ''),
(403, 4, 44, 1, 'Aparajita( Indigo flower)', 'Aparajita-Indigo-flower-', 'Aparajita-3.jpg', 'Aparajita-3.jpg', 'Aparajita-3.jpg', 'Aparajita-1.jpg,Aparajita-2.jpg,Aparajita-3.jpg,Aparajita-4.jpg,Aparajita-5.jpg,Aparajita-6.jpg,Aparajita-7.jpg,Aparajita-8.jpg', '<span><br />These&nbsp;flowers&nbsp;bloom plentifully in rainy season and have<span class="apple-converted-space">&nbsp;</span>attractive,&nbsp;beautiful stems and flowers on these stems are star-shaped. Main color is vavy blue and other colors are seen such as violet,&nbsp;white and off-white. Main reason of their popularity is their attractive and deep&nbsp;colors.&nbsp;<br /><br />&nbsp;</span>', 'AP005', 490, '2012-05-24 10:23:57', 5, NULL, '0', '1', '', '', ''),
(404, 4, 45, 1, 'Snapdragon Flower', 'Snapdragon-Flower', 'Snapdragon_flower-3.jpg', 'Snapdragon_flower-3.jpg', 'Snapdragon_flower-3.jpg', 'Snapdragon_flower-3.jpg,snapdragon-flowers-assorted.jpg,define-snapdragon-4.jpg,Snapdragon_flower-1.jpg,Snapdragon_flower-2.jpg', '<p><strong><br />Snapdragons</strong> bloom plentifully in summer season and have attractive and refreshing colors like purple, red, yellow and white.<em><strong> </strong></em><strong>Snapdragon</strong>&nbsp;is an annual flower that children love because they can snap open the flowers like puppets. Snapdragons endure cool weather . In many occasions these flowers are used &nbsp;to use &nbsp;flower arrangements and are sold as&nbsp;bouquets in the markets.<br /> <br /> <strong>Scientific name:</strong>&nbsp;<em><u>Antirrhinum</u></em>&nbsp;&nbsp;<em><u>majus<br /><br /></u></em></p>', 'SF001', 890, '2012-05-24 10:31:07', 1, '194,401', '0', '1', '', '', ''),
(405, 4, 45, 1, 'Dahlia Flower', 'Dahlia-Flower', 'Pink_Dahlia.jpg', 'Pink_Dahlia.jpg', 'Pink_Dahlia.jpg', 'flower-pink-dahlia.jpg,Pink_Dahlia.jpg,Dahlia.jpg,dahlia-flower-cerise.jpg', '<p><strong><br />Dahlias</strong> are classified according to flower shape and arrangement of petals. They have a wide height range (1 to 6 ft) and a variety of flower shapes and sizes (2 to 12 inches). Color range includes orange, pink, purple, red, scarlet, yellow, and white.&nbsp;<br /><br />&nbsp;<em><strong></strong></em></p>', 'DF002', 190, '2012-05-24 10:33:36', 2, NULL, '0', '1', '', '', ''),
(406, 4, 45, 1, 'Gladiolus Flower', 'Gladiolus-Flower', 'gladiolus-flower_24.jpg', 'gladiolus-flower_24.jpg', 'gladiolus-flower_24.jpg', 'gladiolus-pic.jpg,pinkflowersgladiolus.jpg,gladioli-euphorbia.jpg,gladiolus-1.jpg,gladiolus.jpg,Gladiolus-Espresso.jpg,gladiolus-flower-5.jpg,gladiolus-flower_24.jpg', '<p><span><br />These&nbsp;flowers&nbsp;bloom plentifully in&nbsp;summer&nbsp;season and have<span class="apple-converted-space">&nbsp;</span>attractive,&nbsp;beautiful stems and flowers on these stems are star-shaped. They come in varieties of colors including red, green, yellow and blue. Main reason of their popularity is their attractive and elegant colors. These flowers not only add beauty to your garden but are also used in making bouquets and floral arrangements.&nbsp;Its market demands quite well.<br /><br />&nbsp;</span><strong></strong></p>', 'GF003', 560, '2012-05-24 10:37:35', 3, '187', '0', '1', '', '', ''),
(407, 4, 45, 1, 'Cone Flower', 'Cone-Flower', 'Cone-Flower-8.jpg', 'Cone-Flower-8.jpg', 'Cone-Flower-8.jpg', 'Cone-Flower-1.jpg,Cone-Flower-2.jpg,Cone-Flower-3.jpg,Cone-Flower-4.jpg,Cone-Flower-5.jpg,Cone-Flower-6.jpg,Cone-Flower-7.jpg,Cone-Flower-8.jpg', '<br />These flowers can grow up to 3&rsquo; tall so they can be planted at the back of other flowers especially if flower beds are circular, oval or in the shape of kidney. They like full sun for their growth and bloom from mid-summer into fall<br /><br />&nbsp;', 'CF004', 455, '2012-05-24 10:43:32', 4, '406', '0', '1', '', '', ''),
(408, 4, 45, 1, 'Cosmos Flower', 'Cosmos-Flower', 'cosmos_wallpaper-3.jpg', 'cosmos_wallpaper-3.jpg', 'cosmos_wallpaper-3.jpg', 'cosmos-2.jpg,Cosmos-3.jpg,cosmos_chocolate.jpg,cosmos_flower_yellow1.jpg,Cosmos_large.jpg,cosmos_sulphureus.jpg,cosmos_wallpaper-3.jpg,cosmos-pink.jpg,Cosmos-White.jpg', '<br /><strong>Cosmos</strong> are herbaceous perennial plants growing 0.3&ndash;2 m tall. The leaves are simple, pinnate, or bipinnate, and arranged in opposite pairs. Different types of colors are seen &nbsp;yellow, red,chocolate , orange, white-pink, pink and purple etc.It increase the beauty of the garden and home yard.<br /><br /><br /><br />&nbsp;', 'CF005', 478, '2012-05-24 10:51:57', 5, '407', '0', '1', '', '', ''),
(409, 4, 46, 1, 'Apple Blossom (Pyrus coronaria)', 'Apple-Blossom-Pyrus-coronaria-', 'pyrus_coronaria.jpg', 'pyrus_coronaria.jpg', 'pyrus_coronaria.jpg', 'apple_blossom_white.jpg,apple_blossomPyrus_Malus_coronaria.jpg,flamin_fury.jpg,michigan-state-flower-apple-blossom.jpg,michigan-state-tree-eastern-white-pine.jpg,pyrus_coronaria.jpg', '<strong><br />Apple blossom (Pyrus coronaria)</strong> is Arkansas State Flower. Apple blossom is one of the most fragrant and beautiful flowered species. Apple blossom tree is a good sized tree, with white, pink tinted flowers followed by round, glossy, bright green fruits. Pyrus coronaria are marvelous flowers for every spring season. These aromatic blooms are the official state flowers of two American states that are Arkansas and Michigan<br /><br />&nbsp;', 'AB001', 255, '2012-05-24 11:00:15', 1, '404,191', '0', '1', '', '', ''),
(410, 4, 46, 1, 'Freesia Flower', 'Freesia-Flower', 'red_freesia-flower.jpg', 'red_freesia-flower.jpg', 'red_freesia-flower.jpg', 'freesia-flower-2.jpg,freesia-flower-3.jpg,freesia-flower-4.jpg,freesia-flower-hybride.jpg,freesia-yellow.jpg,Hot-Pink-Freesia-Fucsia-Flower.jpg,red_freesia-flower.jpg', '<p><strong><br />Freesia</strong> is&nbsp; wedding flowers. Freesia flowers are a sweetly fragrant popular accent flower. Fresh bulk freesia is available year round in a variety of bright beautiful petal colors.&nbsp; Every year more than110 million flowers are sold in theUnited Kingdom. This plant is one of the most famous one for the majority of people. It is available in white, yellow, lavender, mauve, orange, gold, pink, red, velvet shades and colors.<br /><br />&nbsp;</p>', 'FF002', 350, '2012-05-24 11:03:27', 2, '406,401', '0', '1', '', '', ''),
(411, 4, 46, 1, 'Begonia Flower', 'Begonia-Flower', 'begonia-flower-2.jpg', 'begonia-flower-2.jpg', 'begonia-flower-2.jpg', 'Begonia-3.jpg,Begonia.jpg,begonia_0489.jpg,begonia_angel_wing3_s.JPG,begonia-flower-2.jpg,begonia-flower-display.jpg,begonia-green-rose.jpg,begonia-red.jpg', '<p><br />Mainly begonia plants are grown and cultivated due to its asymmetrical leaves and bright colorful blooms. The flowers look showy and large. Its blossoms are available in such colors as white, pink, red, orange and yellow. It counts mote than 900 species inhabiting in such tropical climates as Central and South America, southern Asia andAfrica.<br /><br />&nbsp;</p>', 'BF003', 470, '2012-05-24 11:07:52', 3, '410,406', '0', '1', '', '', ''),
(412, 4, 46, 1, 'Calla Lily Flower', 'Calla-Lily-Flower', 'calla_lilly_wedding_flower_picture.jpg', 'calla_lilly_wedding_flower_picture.jpg', 'calla_lilly_wedding_flower_picture.jpg', 'calla_lilly_flower.jpg,calla_lilly_wedding_flower_picture.jpg,calla_lily.jpg,calla_lily_1.jpg,calla_lily_bunch.jpg,Calla-Lily-Flower-Assorted.jpg,callalilyflowerswhite.jpg,calla-wedding-bouquet-3.jpg', '<br />The blossoms are available during the whole year in various shades of red, mauve-pink, ivory and golden-yellow. The cut flower may stay for 4-8 days. It does well at room temperature and requires much water. Calla lily is commonly used in contemporary designs and various floral arrangements for wedding occasions, corsages, and boutonnieres.<br /><br />&nbsp;', 'CL004', 367, '2012-05-24 11:12:28', 4, '399', '0', '1', '', '', ''),
(413, 4, 46, 1, 'Bloodroot', 'Bloodroot', 'bloodroot-4.jpg', 'bloodroot-4.jpg', 'bloodroot-4.jpg', 'bloodroot-4.jpg,Bloodroot.jpg,bloodroots-4.jpg,bloodroot-sanguinaria.jpg,Bloodroot-White-1.jpg,Bloodroot-White-2.jpg,Bloodroot-yellow.jpg', '<p><em><strong><br />Bloodroot</strong></em>&nbsp;is a beautiful&nbsp;<em>flower</em>&nbsp;with roots that produce a red dye.&nbsp;Bloodroot is a beautiful wildflower of the Eastern woodlands that is fast becoming a popular flower for shade gardens. Its curious name comes from its blood-red sap, which was once used as a dye by Native Americans. The blooming time is March, April and May. This flowering plant has common names as Bloodwort, Coon Root, Snakebite, Sweet Slumber, Indian Plant or Red Puccoon Root.<br /><br />Life Cycle: Perennial&nbsp;</p>\n<p>Scientific Name: <em><u>Sanguinaria</u></em><em> <u>canadensis<br /><br /><br /></u></em></p>', 'BD005', 460, '2012-05-24 11:17:19', 5, '409,192', '0', '1', '', '', ''),
(414, 4, 47, 1, 'Acacia Flower', 'Acacia-Flower', 'Acacia Flower.jpg', 'Acacia Flower.jpg', 'Acacia-Flower.jpg', 'acacia_dealbata_mimosa_tree_flowers.jpg,acacia_farnesiana_flowers_big.jpg,Acacia_flowers.jpg,Acacia-dealbatasm.jpg,acacia-tree-flower.jpg,white-acacia-flowers.jpg,Acacia-Flower.jpg,Acacia-Flower-3.jpg', '<p><br /><strong>Acacia</strong> plants are shrubs and trees that are typically thorny and bear pods. Acacia is well-represented in southernCaliforniaparks and gardens with dozens of different species. It is a small deciduous acacia tree known by the common names Rfaudraksha, Gum Acacia, Gum Arabic Tree, or Gum Senegal Tree. Acacias are commonly cultivated throughout temperate, tropical and desert regions, and include numerous distinctive growth forms with a profusion of yellow or white flower clusters. It provides us hardwoods .<br /><br /> </p>', 'AF001', 378, '2012-05-24 11:24:26', 6, '406,404', '0', '1', '', '', ''),
(415, 4, 40, 1, 'Suit', 'Suit', 'db_suit.jpg', 'db_suit.jpg', 'db_suit.jpg', 'Black-Solid-Slim-Fit-Suit.jpg,db_suit.jpg,style_suit.jpg,suit-1.jpg,suit.jpg,suit_ferraro.jpg,suit_umbria.jpg', '<br />A&nbsp;<strong>suit</strong>&nbsp;is a style of shirt which is wore over the shirts. Suits&nbsp;are typically made of&nbsp;synthetic cloths. A synthetic made suit looks more attractive and glorious. Men can be used suit as party or official dress. Branded suits are more better quality.<strong> </strong>Suits are<strong> </strong>available in different shapes, sizes and color combinations in the markets.&nbsp;<br />&nbsp;', 'ST01', 2000, '2012-05-24 12:22:46', 1, NULL, '0', '1', '', '', ''),
(416, 4, 40, 1, 'Men''s Shirt', 'Men''s-Shirt', 'Stripe-Shirt.jpg', 'Stripe-Shirt.jpg', 'Stripe-Shirt.jpg', 'Color-Shirt.jpg,Formal-Shirt.jpg,formal-shirts.jpg,party-wear-shirts.jpg,Stripe-Shirt.jpg', '<p><strong><br />Men''s Shirts</strong>&nbsp;are Casual Shirts, Cotton shirts, Stripe Shirts,&nbsp;Formal shirts,&nbsp;Official Shirts and Party Wear. These shirts can be used with suits, ties or boo ties .During the hot weather men can be used pure cotton shirts or T-shirts as official or formal dress.&nbsp;These shits are available in different shapes, sizes and color combinations in the market.<br /><br />&nbsp;</p>', 'MS002', 700, '2012-05-24 12:45:18', 2, NULL, '0', '1', '', '', ''),
(417, 4, 40, 1, 'Men''s Pant', 'Men''s-Pant', 'High-Handcraft-Men-s-Formal-Pants.jpg', 'High-Handcraft-Men-s-Formal-Pants.jpg', 'High-Handcraft-Men-s-Formal-Pants.jpg', 'Black-Pant.jpg,Gray-Color-Pant.jpg,High-Handcraft-Men-s-Formal-Pants.jpg,Men-s-Formal-Pant.jpg,mens-formal-pants.jpg,Pant.jpg', '<p><strong>Men''s Pants</strong> are Casual Pants, Cotton Pants, Stripe Pants and Formal Pants. These Pants can be used &nbsp;with different types of shits including Plain Color Shirt, Stripe Shirts and Formal Shits. During the Winter season men can be used different types of Pants with shirts or T-shirts.&nbsp;These pants are available in different shapes, sizes and color combinations in the markets. Pure Cotton Pants are more comfortable. Can collect better quality pants from branded product shop.</p>', 'MP003', 1500, '2012-05-24 12:50:30', 3, NULL, '0', '1', '', '', ''),
(418, 4, 40, 1, 'T Shirt', 'T-Shirt', 'T-Shirt-Blue.jpg', 'T-Shirt-Blue.jpg', 'T-Shirt-Blue.jpg', 'Black-T-Shirt.jpg,Different-T-Shirt.jpg,Stripe-T-shirt.jpg,T-shirt.jpg,T-Shirt-Ash-Color.jpg,T-Shirt-Blue.jpg,T-shirt-red-got-glass.jpg', '<p><span>A<span class="apple-converted-space">&nbsp;</span><strong>T-shirt</strong><span class="apple-converted-space">&nbsp;</span>(<strong>T shirt</strong><span class="apple-converted-space">&nbsp;</span>or<span class="apple-converted-space">&nbsp;</span><strong>tee</strong>) is a style of<span class="apple-converted-space">&nbsp;</span><span>shirt</span>. A T-shirt is button less and collarless, usually with short sleeves and frequently a round neck line. T-shirts are typically made of cotton fibers (sometimes others). T-shirts can be decorated with text and/or pictures, and they are often used to advertise , promoting products, companies, films and websites. T-shirt fashions include many styles for both men and women, and for all age groups, including baby, youth, teen, adult and elderly sizes.</span></p>', 'TS004', 570, '2012-05-24 12:56:23', 4, '416', '0', '1', '', '', ''),
(419, 4, 40, 1, 'Tie', 'Tie', 'Stripe-Tie.jpg', 'Stripe-Tie.jpg', 'Stripe-Tie.jpg', 'Bow-tie.jpg,Custom-tie.JPG,Interview-Business-Ties.jpg,Print-tie.jpg,silk-twill-bunny-printed-tie.jpg,stripe_tie.jpg,Stripe-Bow-Tie.jpg,Stripe-Tie.jpg', '<p><span><br />Men can wear different types of ties including formal ties or bow ties with their shirts. For wedding Ceremonies bow ties are most used. Formal ties are most used in office and any party and most used in winter season in each country. Ties are made of cotton fibers or others and decorated with stripe, boll print or plain color etc.<br />&nbsp;</span></p>', 'TE005', 1000, '2012-05-24 01:01:41', 5, NULL, '0', '1', '', '', ''),
(420, 4, 41, 1, 'Sari', 'Sari', 'Jamdani_Saree.jpg', 'Jamdani_Saree.jpg', 'Jamdani_Saree.jpg', 'Gray-Pillar-1.jpg,Jamdani_Saree -Red-Black.jpg,Jamdani_Saree.jpg,KATAN-SILK-JAMDANI-SAREE.jpg,Pictures-of-pure-cotton-saree.jpg,plain-ivory-color-cotton-saree.jpg,SilkSareecombines.jpg', '<p>A&nbsp;<strong>sari</strong>&nbsp;or&nbsp;<strong>saree</strong><strong>&nbsp;</strong>is a strip of unstitched cloth, worn by females, ranging from four to nine yards in length that is draped over the body in various styles.&nbsp;It is popular inIndia, &nbsp;Bangladesh,Nepal, &nbsp;Pakistan, &nbsp;Sri Lanka, &nbsp;Bhutan,Burma, &nbsp;Malaysia &nbsp;and &nbsp;Singapore. The most common style is for the sari to be wrapped around the waist, with one end then draped over the shoulder baring the midriff. Different type of saris such as cotton, silk, tat, siphon are available in the market.</p>', 'SR001', 5000, '2012-05-24 01:07:47', 1, NULL, '0', '1', '', '', ''),
(421, 4, 41, 1, 'Long Shalwar kameez', 'Long-Shalwar-kameez', 'new-pakistani-salwar-kameez.jpg', 'new-pakistani-salwar-kameez.jpg', 'new-pakistani-salwar-kameez.jpg', 'new-pakistani-salwar-kameez.jpg,new-salwar-kameez-designs.jpg,Printed-Silk-Kameez-Salwar.jpg,Summer-Salwar-Kameez-Design-.jpg', '<p><strong><br />Long Shalwar kameez</strong>&mdash;alternatively salwar kameez or shalwar qameez&mdash;is a traditional dress worn by both women and men in &nbsp;South Asia andCentralAsia. Shalwar are loose pajama-like trousers. The legs are wide at the top and narrow at the ankle. The kameez is a long shirt or tunic. The side seams (known as the chaak), left open below the waist-line, give the wearer greater freedom of movement. Different type of long shalwar kameez(Pure cotton, silk, tat, siphon) are available in the market.<br /><br />&nbsp;</p>', 'LS002', 1700, '2012-05-24 01:13:35', 2, NULL, '0', '1', '', '', ''),
(422, 4, 41, 1, 'Short Salwar Kameez', 'Short-Salwar-Kameez', 'Printed-Silk-Kameez-Salwar.jpg', 'Printed-Silk-Kameez-Salwar.jpg', 'Printed-Silk-Kameez-Salwar.jpg', 'Printed-Silk-Kameez-Salwar.jpg,Salwar-Kameez-Neck-Design.jpg,salwar-kameez-short.jpg,Salwar-Kameez-Wedding-Designs.jpg,Short-Salwar-Kameez.jpg', '<p><span><br />These days a number of ladies can be seen in different cloths like pant (salwar) upto knee and short kameez upto hips but they use the terminology as salwar kameez. As the modern time changed the life of human beings, the ladies salwar kameez changed their trends. Normally in the traditional salwar kameez, the kameez is long upto knee. Gradually the size of kameez became less upto hips with parallel and bootcut pants. The short kameez are very famous with buttons and embroidery at the front.<br /><br />&nbsp;</span></p>', 'SS003', 2000, '2012-05-24 01:19:01', 3, NULL, '0', '1', '', '', ''),
(423, 4, 41, 1, 'Kurta', 'Kurta', 'Sky-Color-Kurta.jpg', 'Sky-Color-Kurta.jpg', 'Sky-Color-Kurta.jpg', 'LADIES_KURTA.jpg,LADIES_KURTA_GRAY_COLOR.jpg,LADIES_KURTA_TRIPE.jpg,Ladies-Kurta.jpg,Printed-Kurta.jpg,Sky-Color-Kurta.jpg', '<strong>kurta</strong>&nbsp;is a traditional item of clothing worn in Afghanistan, Pakistan, Nepal, India, Bangladesh, and Sri Lanka. Kurta pajama is one of the basic ethnic clothing of men especially in South Asia. It is considered one of the most comfortable wear of ethnic fashion that is a must to portray the manly charm in a sophisticated way in any traditional event or semi-formal occasions. Kurta Pajama, consists of two pieces of garments, one is kurta and the other is pajama. Basically kurta is more like a long shirt like loose fitting outfit that reaches up to or below knees, whereas the second one, i.e. pajama or pyjama, is a lightweight drawstring trouser.', 'KT004', 700, '2012-05-26 09:10:46', 4, NULL, '0', '1', '', '', ''),
(424, 4, 41, 1, 'Ladies Shirts', 'Ladies-Shirts', 'women-shirts-red.jpg', 'women-shirts-red.jpg', 'women-shirts-red.jpg', 'women_light_yellow_shirt.jpg,women-shirts-red.jpg,Women-shirts-red-color.jpg,women-s-shirt-with-black-colar.jpg,women-s-t-shirts-black.jpg', '<strong>Ladies Shirts</strong><span class="apple-converted-space">&nbsp;&nbsp;</span>represent the ultimate in shirting elegance. Women&nbsp;shirt fashions include many styles for both young girls and women, and for all age groups, including baby, youth, teen, adult and elderly sizes. At present like men&rsquo;s shirts fashions different type of women shirts such as T-shirt, short shirts, high neck shits and neck less T-shirts are &nbsp;more available in the market places. Women shirts might be cotton or synthetic cloths. Branded shirts are more comfortable.', 'LS005', 1200, '2012-05-26 09:16:40', 5, NULL, '0', '1', '', '', ''),
(425, 4, 42, 1, 'Party Dress', 'Party-Dress', 'Pretty-Kids-Party-Dresses.jpg', 'Pretty-Kids-Party-Dresses.jpg', 'Pretty-Kids-Party-Dresses.jpg', 'Baby-Cotton-Dress.jpg,Baby-Swanky-Dress.jpg,child-fancy-dress-party-clothes.jpg,girls-dress.jpg,pink-dress.jpg,Pretty-Kids-Party-Dresses.jpg', 'We sees different types of baby dresses such as &nbsp;Communion dresses, Christening dresses, Party dresses, Fancy party dresses and Empire dresses. Party and Fancy dresses are typically made of synthetic clothes. Cotton dresses are more better for baby. But&nbsp; occasionally they can wear Party and Fancy dresses.', 'PD001', 2500, '2012-05-26 09:26:01', 1, NULL, '0', '1', '', '', ''),
(426, 4, 42, 1, 'Summer Dress', 'Summer-Dress', 'shirtt-adress.jpg', 'shirtt-adress.jpg', 'shirtt-adress.jpg', 'Bady-Dress.jpg,BirthdayCoutureDress.jpg,Empire-Dress.jpg,Girls-Shortsleeve-Dress.jpg,Kid-adress.jpg,kids-party-dresses.jpg,shirtt-adress.jpg,Skirt.jpg', '<strong><br />Summer</strong> is the season of&nbsp; hot winds and temperatures. During the summer the temperature rises very high that&rsquo;s why every mother should over take cake to their babies. They should always use cotton made dresses for their baby. Cotton made dresses are more comfortable.<br /><br />', 'SD002', 1500, '2012-05-26 09:30:07', 2, NULL, '0', '1', '', '', ''),
(427, 4, 42, 1, 'Winter Dress', 'Winter-Dress', 'Winter-Dress.jpg', 'Winter-Dress.jpg', 'Winter-Dress.jpg', 'babygap_dress.jpg,classic-baby-winter-holiday-coat.jpg,Minnie-Mouse-design-kids-clothing.jpg,Wilnter-Dress.jpg,Winter-Dress.jpg', '<p><strong><br />Winter</strong> is the season of strong winds and cold temperatures. Put an outfit on the baby which envelops him from the head to toe. Choose clothing that has a cap or hood with a covering for the ears to keep the infant''s head, ears and neck extra warm. Every mother can store a thick shirt, thermal pant, baby jackets, warms socks, gloves and&nbsp; hats before coming the winter. In winter every mother should be more sincere toward&nbsp; her baby.<br /><br />&nbsp;</p>', 'WD003', 800, '2012-05-26 09:33:51', 3, NULL, '0', '1', '', '', ''),
(428, 4, 43, 1, 'Old Age Dress', 'Old-Age-Dress', 'Nighty-Dress.jpg', 'Nighty-Dress.jpg', 'Nighty-Dress.jpg', 'Black-Pant.jpg,Black-T-Shirt.jpg,Nighty-Dress.jpg,Old-Ages-Dres.jpg,Old-Dress-1.jpg,Old-Dress.jpg,Stripe-Shirt.jpg,stylish-trouser.jpg', '<p><br />When men and women both are  grown up quite old age most of the time they  likes loose type dresses or trousers. Trousers are straight pants made of cotton, linen, polyester, wool or nylon. Usually trousers are made for formal purposes and are worn below dress shirts. Sometimes both  men and women wear occasion dresses. They more prefer cotton made dresses. Men like trousers, nighty, soft T-shirts, long shirts and futua on the other hand women like saree, salwar Kameez, nighty, long-skirts  and trousers. <br /><br /> </p>', 'OD001', 1200, '2012-05-26 09:43:01', 1, NULL, '0', '1', '', '', ''),
(429, 5, 0, 1, 'Tours 01', 'Tours-01', '2.jpg', '2.jpg', '2.jpg', '00.jpg,0.jpg,2.jpg,3.jpg,4.jpg,5.jpg', 'Don''t leave London without taking this best-selling tour to Windsor Castle, Stonehenge and Bath, England''s most beautiful Georgian city. Your day trip includes entrance to Windsor Castle, Stonehenge and Bath''s Roman Baths and Pump Rooms.\r\n \r\nWindsorÂ Castle\r\nYour tour starts at the home of the Royal Family for 900 years, and the world''s largest and oldest occupied castle. Windsor Castle''s fortified walls dominate the delightful town that has grown up around it over the years. You will see the lavishly decorated State Apartments and St. George''s Chapel. You will also witness the Changing of the Guard in all its colorful pageantry and splendor. (on 19 March, 7 April and 13 - 16 June the State Apartments will be closed, on these dates you will visit Queen Mary''s Dolls House).', 'T - 01', 20000, '2012-05-26 10:07:43', 1, '433,434', '0', '1', 'Tours 01', '', 'Tours 01'),
(430, 5, 0, 1, 'Tours-02', 'Tours-02', '26.jpg', '26.jpg', '26.jpg', '6.jpg,7.jpg,8.jpg,25.jpg,26.jpg,27.jpg', 'Don''t leave London without taking this best-selling tour to Windsor Castle, Stonehenge and Bath, England''s most beautiful Georgian city. Your day trip includes entrance to Windsor Castle, Stonehenge and Bath''s Roman Baths and Pump Rooms.\r\n\r\nWindsor Castle\r\nYour tour starts at the home of the Royal Family for 900 years, and the world''s largest and oldest occupied castle. Windsor Castle''s fortified walls dominate the delightful town that has grown up around it over the years. You will see the lavishly decorated State Apartments and St. George''s Chapel. You will also witness the Changing of the Guard in all its colorful pageantry and splendor. (on 19 March, 7 April and 13 - 16 June the State Apartments will be closed, on these dates you will visit Queen Mary''s Dolls House).', 'T-02', 22000, '2012-05-26 10:17:14', 2, '429', '0', '1', 'Tours-02', '', 'Tours-02'),
(431, 5, 0, 1, 'Tours  03', 'Tours-03', '224.jpg', '224.jpg', '224.jpg', '215.jpg,216.jpg,218.jpg,219.jpg,223.jpg,224.jpg', 'See Paris'' main attractions in a five-hour Paris city tour with a difference. Your sightseeing tour of Paris includes a tour across the city by coach, views of Paris from the water as you cruise along the Seine River, and lofty panoramas from the second floor of the Eiffel Tower. You have a choice of four tour times - 9:00am, Noon, 12:45pm or 6:15pm - so you can plan your day to suit yourself. This comprehensive tour is a great way to get to know Paris if this is your first visit.', 'T - 3', 23000, '2012-05-26 10:26:14', 3, '429,430', '0', '1', 'Tours  03', '', 'Tours  03'),
(432, 5, 0, 1, 'Tours 04', 'Tours-04', '327.jpg', '327.jpg', '327.jpg', '304.jpg,309.jpg,311.jpg,320.jpg,327.jpg,331.jpg', 'Oslo is the capital and largest city of Norway. It is located at the inlet of the Oslo fjord. The city centre is surrounded by woods, lakes and 40 islands in the fjord. The city is characterized by a mix of old and new architecture, parks, hills, museums, monuments, lakes, forests and the fjord. It is a vibrant city, excellent for shopping, cultural and sports activities. Oslo has a wide range of good restaurants and a lively nightlife. The city has also become an attractive tourist and conference city, with a large selection of excellent hotels and congress venues.', 'T -04', 32000, '2012-05-26 10:34:25', 4, '431,429', '0', '1', 'Tours 04', '', 'Tours 04'),
(433, 5, 0, 1, 'Tours 05', 'Tours-05', '305.jpg', '305.jpg', '305.jpg', '304.jpg,305.jpg,309.jpg,310.jpg,325.jpg,330.jpg', 'Oslo is the capital and largest city of Norway. It is located at the inlet of the Oslo fjord. The city centre is surrounded by woods, lakes and 40 islands in the fjord. The city is characterized by a mix of old and new architecture, parks, hills, museums, monuments, lakes, forests and the fjord. It is a vibrant city, excellent for shopping, cultural and sports activities. Oslo has a wide range of good restaurants and a lively nightlife. The city has also become an attractive tourist and conference city, with a large selection of excellent hotels and congress venues.', 'T - 05', 35000, '2012-05-26 10:39:50', 5, '429,432', '0', '1', 'Tours 05', '', 'Tours 05'),
(434, 5, 0, 1, 'Tours 06', 'Tours-06', '289.jpg', '289.jpg', '289.jpg', '267.jpg,269.jpg,270.jpg,271.jpg,289.jpg,302.jpg,319.jpg', 'TheÂ Sydney Opera HouseÂ is a multi-venue performing arts centre in theÂ AustralianÂ city ofSydney. It was conceived and largely built by Danish architectÂ JÃ¸rn Utzon, finally opening in 1973 after a long gestation starting with his competition-winning design in 1957. Utzon received theÂ Pritzker Prize, architecture''s highest honour, in 2003.\r\nThe Pritzker Prize citation stated:\r\nâ€œ	There is no doubt that the Sydney Opera House is his masterpiece. It is one of the great iconic buildings of the 20th century, an image of great beauty that has become known throughout the world â€“ a symbol for not only a city, but a whole country and continent. "', 'T - 06', 45000, '2012-05-26 10:45:21', 6, '431,433', '0', '1', 'Tours 06', '', 'Tours 06'),
(435, 6, 60, 1, 'Apartment 1', 'Apartment-1', 'Apartment-1.jpg', 'Apartment-1.jpg', 'Apartment-1.jpg', 'Apartment-1.jpg,Apartment-2.jpg,Apartment-3.jpg,Apartment-4.jpg,Apartment-5.jpg', 'Apartment 1', 'Ap - 001', 0, '2012-05-26 11:43:18', 1, '284,287', '0', '1', 'Apartment 1', '', 'Apartment 1'),
(436, 6, 61, 1, 'Commercial Building 1', 'Commercial-Building-1', 'Commercial-Building-6.jpg', 'Commercial-Building-6.jpg', 'Commercial-Building-6.jpg', 'Commercial-Building-6.jpg,Commercial-Building-5.jpg,Commercial-Building-4.jpg,Commercial-Building-3.jpg,Commercial-Building-2.jpg,Commercial-Building-1.jpg', 'Commercial Building 1', 'CB001', 550000, '2012-05-26 11:52:22', 1, '435,287', '0', '1', 'Commercial Building 1', '', 'Commercial Building 1'),
(437, 6, 69, 1, 'Land 01', 'Land-01', 'Land-1.jpg', 'Land-1.jpg', 'Land-1.jpg', 'Land-1.jpg,Land-2.jpg,Land-3.jpg,Land-4.jpg,Land-5.jpg,Land-6.jpg', 'Land 01', 'L - 01', 33000, '2012-05-26 12:03:17', 1, '280,279', '0', '1', 'Land 01', '', 'Land 01'),
(438, 6, 70, 1, 'Rental 01', 'Rental-01', 'Rental-1.jpg', 'Rental-1.jpg', 'Rental-1.jpg', 'Rental-1.jpg,Rental-2.jpg,Rental-3.jpg,Rental-4.jpg,Rental-5.jpg,Rental-6.jpg', 'Rental 01', 'R - 01', 34000, '2012-05-26 12:30:41', 1, '284,436,437', '1', '1', 'Rental 01', '', 'Rental 01'),
(439, 6, 63, 1, 'Bathroom 01', 'Bathroom-01', 'Bathroom-1.jpg', 'Bathroom-1.jpg', 'Bathroom-1.jpg', 'Bathroom-1.jpg,Bathroom-2.jpg,Bathroom-3.jpg,Bathroom-4.jpg', 'Bathroom 01', 'BR - 01', 12000, '2012-05-26 12:38:23', 1, NULL, '1', '1', 'Bathroom 01', '', 'Bathroom 01'),
(440, 6, 64, 1, 'Bedroom 01', 'Bedroom-01', 'Bedroom-4.jpg', 'Bedroom-4.jpg', 'Bedroom-4.jpg', 'Bedroom-1.jpg,Bedroom-2.jpg,Bedroom-3.jpg,Bedroom-4.jpg,Bedroom-5.jpg,Bedroom-6.jpg', 'Bedroom 01', 'BD - 01', 30000, '2012-05-26 12:46:40', 1, '260', '1', '1', 'Bedroom 01', '', 'Bedroom 01'),
(441, 6, 65, 1, 'Exterior 1', 'Exterior-1', 'Exterior-6.jpg', 'Exterior-6.jpg', 'Exterior-6.jpg', 'Exterior-1.jpg,Exterior-2.jpg,Exterior-3.jpg,Exterior-4.jpg,Exterior-5.jpg,Exterior-6.jpg', 'Exterior 1', 'E - 01', 36000, '2012-05-26 12:54:59', 1, '435,436', '1', '1', 'Exterior 1', '', 'Exterior 1'),
(442, 6, 66, 1, 'Interior 01', 'Interior-01', 'Interior-2.jpg', 'Interior-2.jpg', 'Interior-2.jpg', 'Interior-1.jpg,Interior-2.jpg,Interior-3.jpg,Interior-4.jpg,Interior-5.jpg,Interior-6.jpg', 'Interior 01', 'I - 01', 14000, '2012-05-26 01:01:40', 1, '436,299,306', '0', '1', 'Interior 01', '', 'Interior 01'),
(443, 6, 67, 1, 'Kitchen Room 01', 'Kitchen-Room-01', 'Kitchen-5.jpg', 'Kitchen-5.jpg', 'Kitchen-5.jpg', 'Kitchen-1.jpg,Kitchen-2.jpg,Kitchen-3.jpg,Kitchen-4.jpg,Kitchen-5.jpg,Kitchen-6.jpg', 'Kitchen Room 01', 'KR001', 25000, '2012-05-26 01:06:34', 1, NULL, '1', '1', 'Kitchen Room 01', '', 'Kitchen Room 01'),
(444, 6, 68, 1, 'Seating Room 01', 'Seating-Room-01', 'Seating-Room-5.jpg', 'Seating-Room-5.jpg', 'Seating-Room-5.jpg', 'Seating-Room-1.jpg,Seating-Room-2.jpg,Seating-Room-3.jpg,Seating-Room-4.jpg,Seating-Room-5.jpg', 'Seating Room 01', 'SR001', 78000, '2012-05-26 01:12:02', 1, '260,303,304', '1', '1', 'Seating Room 01', '', 'Seating Room 01'),
(445, 3, 0, 1, 'Aparajita Flower', 'Aparajita-Flower', 'Aparajita-3.jpg', 'Aparajita-3.jpg', 'Aparajita-2.jpg', 'Aparajita-2.jpg,Aparajita-3.jpg,Aparajita-4.jpg', 'Aparajita Flower', 'AF001', 200, '2012-05-27 04:58:54', 1, NULL, '0', '1', 'Aparajita Flower', '', 'Aparajita Flower'),
(446, 3, 0, 1, 'Dahlia Flower', 'Dahlia-Flower-446', 'dahlia-flower-cerise.jpg', 'dahlia-flower-cerise.jpg', 'dahlia-flower-cerise.jpg', 'Dahlia.jpg,Pink_Dahlia.jpg,dahlia-flower-cerise.jpg', 'Dahlia Flower', 'DF002', 350, '2012-05-27 05:01:41', 2, '410,406', '0', '1', 'Dahlia Flower', 'Dahlia Flower', 'Dahlia Flower'),
(447, 3, 0, 1, 'Orchid Flower', 'Orchid-Flower-447', 'Thailand-Orchid.jpg', 'Thailand-Orchid.jpg', 'Thailand-Orchid.jpg', 'Thailand-Orchid.jpg,bamboo_orchid.jpg,Orchid-2.jpg', 'Orchid Flower', 'OF003', 450, '2012-05-27 05:05:32', 3, '403,409', '0', '1', 'Orchid Flower', '', 'Orchid Flower'),
(448, 3, 0, 1, 'Water Lilies', 'Water-Lilies', 'Water-Lilies9.jpg', 'Water-Lilies9.jpg', 'Water-Lili.jpg', 'Water-Lili.jpg,Water-Lilies5.jpg,Water-Lilies6.jpg,Water-Lilies7.jpg', 'Water Lilies', 'WL004', 490, '2012-05-27 05:19:51', 4, '412', '0', '1', 'Water Lilies', '', 'Water Lilies'),
(449, 3, 0, 1, 'Cosmos Pink', 'Cosmos-Pink', 'cosmos-pink.jpg', 'cosmos-pink.jpg', 'Cone-Flower-3.jpg', 'Cone-Flower-3.jpg,Cone-Flower-4.jpg,Cone-Flower-5.jpg', 'Cosmos Pink', 'CP005', 190, '2012-05-27 05:22:44', 5, '407', '0', '1', 'Cosmos Pink', '', 'Cosmos Pink'),
(450, 3, 0, 1, 'Rose Flower', 'Rose-Flower-450', 'Pink-Rose.jpg', 'Pink-Rose.jpg', 'Organdi-Rose-Flowers.JPG', 'Organdi-Rose-Flowers.JPG,red-rose-flower.jpg,Yellow-Rose.jpg', 'Rose Flower', 'RF006', 500, '2012-05-27 05:26:49', 6, '188,405', '0', '1', 'Rose Flower', '', 'Rose Flower');

-- --------------------------------------------------------

--
-- Table structure for table `global_price_margine`
--

CREATE TABLE IF NOT EXISTS `global_price_margine` (
  `id` int(11) NOT NULL AUTO_INCREMENT,
  `short_desc` varchar(255) COLLATE utf8_unicode_ci DEFAULT NULL,
  `amount` double unsigned NOT NULL DEFAULT '0',
  `amount_type` enum('0','1','2','3','4') COLLATE utf8_unicode_ci NOT NULL,
  PRIMARY KEY (`id`)
) ENGINE=InnoDB  DEFAULT CHARSET=utf8 COLLATE=utf8_unicode_ci AUTO_INCREMENT=6 ;

--
-- Dumping data for table `global_price_margine`
--

INSERT INTO `global_price_margine` (`id`, `short_desc`, `amount`, `amount_type`) VALUES
(1, 'Global Price Margine', 500, '2'),
(2, 'Global Commision', 2, '2'),
(3, 'Booking Fees', 10, '1'),
(4, 'Service Charge', 1.5, '2'),
(5, 'Deposit / Downpayment', 10, '2');

-- --------------------------------------------------------

--
-- Table structure for table `jtheme`
--

CREATE TABLE IF NOT EXISTS `jtheme` (
  `id` int(11) NOT NULL AUTO_INCREMENT,
  `theme_thumb` varchar(255) COLLATE utf8_unicode_ci DEFAULT NULL,
  `theme_name` varchar(255) COLLATE utf8_unicode_ci DEFAULT NULL,
  `theme_folder` varchar(255) COLLATE utf8_unicode_ci DEFAULT NULL,
  `theme_desc` text COLLATE utf8_unicode_ci,
  `theme_date` date DEFAULT NULL,
  `theme_default` enum('0','1') COLLATE utf8_unicode_ci DEFAULT '0',
  PRIMARY KEY (`id`)
) ENGINE=InnoDB  DEFAULT CHARSET=utf8 COLLATE=utf8_unicode_ci AUTO_INCREMENT=26 ;

--
-- Dumping data for table `jtheme`
--

INSERT INTO `jtheme` (`id`, `theme_thumb`, `theme_name`, `theme_folder`, `theme_desc`, `theme_date`, `theme_default`) VALUES
(1, 'theme_ui_dark.png', 'UI Darkness', 'ui-darkness', 'UI Darkness', '0000-00-00', '0'),
(2, 'theme_ui_light.png', 'UI Lightness', 'ui-lightness', '', '0000-00-00', '0'),
(3, 'theme_redmond.png', 'Redmond', 'redmond', '', '0000-00-00', '0'),
(4, 'theme_custom.png', 'smoothness', 'smoothness', 'smoothness', '0000-00-00', '0'),
(5, 'theme_start.png', 'Start', 'start', 'Start', '0000-00-00', '0'),
(6, 'theme_sunny.png', 'Sunny', 'sunny', '', '0000-00-00', '0'),
(7, 'theme_overcast.png', 'Overcast', 'overcast', '', '0000-00-00', '0'),
(8, 'theme_le-frog.png', 'Le Frog', 'le-frog', '', '0000-00-00', '0'),
(9, 'theme_flick.png', 'Flick', 'flick', '', '0000-00-00', '0'),
(10, 'theme_pepper-grinder.png', 'Pepper Grinder', 'pepper-grinder', '', '0000-00-00', '0'),
(11, 'theme_eggplant.png', 'Egg Plant', 'eggplant', '', '0000-00-00', '0'),
(12, 'theme_dark-hive.png', 'Dark Hive', 'dark-hive', '', '0000-00-00', '0'),
(13, 'theme_cupertino.png', 'Cupertino', 'cupertino', '', '0000-00-00', '0'),
(14, 'theme_south-street.png', 'South Street', 'south-street', '', '0000-00-00', '0'),
(15, 'theme_blitzer.png', 'Blitzer', 'blitzer', '', '0000-00-00', '0'),
(16, 'theme_humanity.png', 'Humanity', 'humanity', '', '0000-00-00', '0'),
(17, 'theme_hot-sneaks.png', 'Hot Sneaks', 'hot-sneaks', '', '0000-00-00', '0'),
(18, 'theme_excite-bike.png', 'Excite Bike', 'excite-bike', '', '0000-00-00', '0'),
(19, 'theme_vader.png', 'Vader', 'vader', '', '0000-00-00', '0'),
(20, 'theme_dot-luv.png', 'Dot Luv', 'dot-luv', '', '0000-00-00', '0'),
(21, 'theme_mint-choc.png', 'Mint Choc', 'mint-choc', '', '0000-00-00', '0'),
(22, 'theme_black-tie.png', 'Black Tie', 'black-tie', '', '0000-00-00', '0'),
(23, 'theme_trontastic.png', 'Trontastic', 'trontastic', '', '0000-00-00', '0'),
(24, 'theme_swanky-purse.png', 'Swanky Purse', 'swanky-purse', '', '0000-00-00', '0'),
(25, 'theme_flick.png', 'Eicra Theme', 'eicra', '', '0000-00-00', '1');

-- --------------------------------------------------------

--
-- Table structure for table `menu`
--

CREATE TABLE IF NOT EXISTS `menu` (
  `menu_id` int(5) NOT NULL AUTO_INCREMENT,
  `group_id` tinyint(4) NOT NULL DEFAULT '0',
  `role_id` int(11) DEFAULT '0',
  `menu_name` varchar(255) COLLATE utf8_unicode_ci NOT NULL DEFAULT '',
  `menu_title` varchar(255) COLLATE utf8_unicode_ci NOT NULL DEFAULT '',
  `menu_image` varchar(255) COLLATE utf8_unicode_ci DEFAULT NULL,
  `menu_template` varchar(255) COLLATE utf8_unicode_ci DEFAULT NULL,
  `menu_order` int(5) NOT NULL DEFAULT '0',
  `parent` int(11) DEFAULT '0',
  `target` enum('_self','_blank','_parent','_top') COLLATE utf8_unicode_ci DEFAULT '_self',
  `menu_default` enum('0','1') COLLATE utf8_unicode_ci DEFAULT '0',
  `menu_status` enum('0','1') COLLATE utf8_unicode_ci DEFAULT '1',
  `external_link` varchar(255) COLLATE utf8_unicode_ci DEFAULT NULL,
  `show_after_login` enum('0','1') COLLATE utf8_unicode_ci DEFAULT '0',
  PRIMARY KEY (`menu_id`)
) ENGINE=InnoDB  DEFAULT CHARSET=utf8 COLLATE=utf8_unicode_ci AUTO_INCREMENT=59 ;

--
-- Dumping data for table `menu`
--

INSERT INTO `menu` (`menu_id`, `group_id`, `role_id`, `menu_name`, `menu_title`, `menu_image`, `menu_template`, `menu_order`, `parent`, `target`, `menu_default`, `menu_status`, `external_link`, `show_after_login`) VALUES
(1, 1, 0, 'Home', 'Home', '', '', 1, 0, '_self', '1', '1', '', '0'),
(2, 1, 0, 'About Us', 'About-Us', '', '', 3, 0, '_self', '0', '1', '', '0'),
(5, 1, 0, 'Video Gallery', 'Video-Gallery', '', '', 2, 10, '_self', '0', '1', '', '0'),
(6, 1, 0, 'Sign Up', 'Sign-Up', '', '', 5, 0, '_self', '0', '1', '', '0'),
(9, 1, 0, 'Projects', 'Projects', NULL, NULL, 7, 0, '_self', '0', '1', '', '0'),
(10, 1, 0, 'Gallery', 'Gallery', '', '', 6, 0, '_self', '0', '1', '', '0'),
(11, 1, 0, 'Image Gallery', 'Image-Gallery', NULL, NULL, 1, 10, '_self', '0', '1', '', '0'),
(22, 1, 0, 'News', 'News', NULL, NULL, 8, 0, '_self', '0', '1', '', '0'),
(23, 1, 0, 'Archive', 'Archive', NULL, NULL, 3, 22, '_self', '0', '1', '', '0'),
(24, 1, 0, 'Feedback', 'Feedback', '', '', 9, 0, '_self', '0', '1', '', '0'),
(25, 1, 0, 'Contact Us', 'Contact-Us', NULL, NULL, 10, 0, '_self', '0', '1', '', '0'),
(30, 1, 0, 'Admin Login', 'Admin-Login', NULL, NULL, 11, 0, '_self', '0', '1', '', '0'),
(31, 1, 0, 'Open Gallery', 'Open-Gallery', '', '', 3, 10, '_self', '0', '1', '', '0'),
(32, 1, 0, 'News Pro', 'News-Pro', NULL, NULL, 2, 22, '_self', '0', '1', '', '0'),
(33, 2, 0, 'Home', 'Home-33', NULL, NULL, 1, 0, '_self', '0', '1', 'Home', '0'),
(34, 2, 0, 'Galleries', 'Galleries', '', '', 2, 0, '_self', '0', '1', '#', '0'),
(35, 2, 0, 'Photo Gallery', 'Photo-Gallery', NULL, NULL, 1, 34, '_self', '0', '1', '', '0'),
(36, 2, 0, 'Video Gallery', 'Video-Gallery-36', NULL, NULL, 2, 34, '_self', '0', '1', '', '0'),
(37, 2, 0, 'News', 'News-37', NULL, NULL, 3, 0, '_self', '0', '1', '', '0'),
(38, 2, 0, 'Science', 'Science', NULL, NULL, 1, 37, '_self', '0', '1', '', '0'),
(39, 2, 0, 'News Archive', 'News-Archive', NULL, NULL, 2, 37, '_self', '0', '1', '', '0'),
(40, 2, 0, 'Feedback', 'Feedback-40', NULL, NULL, 4, 0, '_self', '0', '1', '', '0'),
(41, 2, 0, 'Contact Us', 'Contact-Us-41', NULL, NULL, 5, 0, '_self', '0', '1', '', '0'),
(42, 1, 0, 'Product Indexing Chart', 'Product-Indexing-Chart', '', '', 4, 10, '_self', '0', '1', '', '0'),
(43, 1, 0, 'Event', 'Event', NULL, NULL, 5, 22, '_self', '0', '1', '', '0'),
(44, 2, 0, 'Site Map', 'Site-Map', NULL, NULL, 6, 0, '_self', '0', '1', '', '0'),
(45, 2, 0, 'News Project', 'News-Project', NULL, NULL, 7, 0, '_self', '0', '1', '', '0'),
(48, 2, 0, 'Gallery Product', 'Gallery-Product', '', '', 3, 34, '_self', '0', '1', '', '0'),
(58, 2, 0, 'Customer Reviews', 'Customer-Reviews', '', '', 18, 0, '_self', '0', '1', '', '0');

-- --------------------------------------------------------

--
-- Table structure for table `menu_assign`
--

CREATE TABLE IF NOT EXISTS `menu_assign` (
  `id` int(11) NOT NULL AUTO_INCREMENT,
  `menu_id` int(11) DEFAULT NULL,
  `module_name` varchar(255) COLLATE utf8_unicode_ci DEFAULT NULL,
  `controller_name` varchar(255) COLLATE utf8_unicode_ci DEFAULT NULL,
  `action_name` varchar(255) COLLATE utf8_unicode_ci DEFAULT NULL,
  `page_id` varchar(255) COLLATE utf8_unicode_ci DEFAULT NULL,
  `assign_order` int(11) DEFAULT '0',
  PRIMARY KEY (`id`)
) ENGINE=InnoDB  DEFAULT CHARSET=utf8 COLLATE=utf8_unicode_ci AUTO_INCREMENT=482 ;

--
-- Dumping data for table `menu_assign`
--

INSERT INTO `menu_assign` (`id`, `menu_id`, `module_name`, `controller_name`, `action_name`, `page_id`, `assign_order`) VALUES
(23, 9, 'Projects', 'index', 'filepreview', '', 0),
(35, 22, 'News', 'frontend', 'view', '1', 0),
(36, 23, 'News', 'frontend', 'archive', '1', 0),
(81, 37, 'News', 'frontend', 'view', '1', 0),
(82, 38, 'News', 'frontend', 'categories', '1', 0),
(84, 40, 'News', 'feedback', 'list', '2', 0),
(102, 43, 'News', 'event', 'list', '4', 0),
(114, 32, 'News', 'project', 'document', '', 0),
(116, 25, 'Contact', 'view', 'form', '', 0),
(118, 35, 'Gallery', 'frontend', 'view', '1', 0),
(120, 39, 'News', 'frontend', 'archive', '1', 0),
(122, 44, 'Sitemap', 'sitemap', 'list', '', 0),
(123, 45, 'News', 'project', 'document', '', 0),
(165, 36, 'Gallery', 'frontend', 'view', '2', 0),
(195, 11, 'Gallery', 'frontend', 'view', '1', 0),
(198, 41, 'Members', 'forms', 'general', '8', 0),
(200, 30, 'Administrator', 'login', 'index', '', 0),
(268, 24, 'News', 'feedback', 'list', '2', 0),
(273, 58, 'Review', 'frontend', 'review', '', 0),
(279, 6, 'Members', 'frontend', 'register', '103', 0),
(309, 5, 'Gallery', 'frontend', 'view', '2', 0),
(310, 31, 'Gallery', 'frontend', 'view', '3', 0),
(311, 42, 'Gallery', 'chart', 'view', '4', 0),
(369, 2, 'Articles', 'frontend', 'view', '2', 0),
(480, 1, 'Articles', 'frontend', 'view', '1', 0),
(481, 10, 'Gallery', 'frontend', 'view', '1', 0);

-- --------------------------------------------------------

--
-- Table structure for table `menu_group`
--

CREATE TABLE IF NOT EXISTS `menu_group` (
  `id` int(11) NOT NULL AUTO_INCREMENT,
  `group_name` varchar(255) COLLATE utf8_unicode_ci DEFAULT NULL,
  `active` int(11) DEFAULT '0',
  PRIMARY KEY (`id`)
) ENGINE=InnoDB  DEFAULT CHARSET=utf8 COLLATE=utf8_unicode_ci AUTO_INCREMENT=3 ;

--
-- Dumping data for table `menu_group`
--

INSERT INTO `menu_group` (`id`, `group_name`, `active`) VALUES
(1, 'Top Menu', 1),
(2, 'Vertical Menu', 1);

-- --------------------------------------------------------

--
-- Table structure for table `newsletter_templates`
--

CREATE TABLE IF NOT EXISTS `newsletter_templates` (
  `id` int(11) NOT NULL AUTO_INCREMENT,
  `templates_name` varchar(255) COLLATE utf8_unicode_ci DEFAULT NULL,
  `templates_title` varchar(255) COLLATE utf8_unicode_ci DEFAULT NULL,
  `templates_page` varchar(255) COLLATE utf8_unicode_ci DEFAULT NULL,
  `templates_desc` longtext COLLATE utf8_unicode_ci,
  `templates_date` datetime DEFAULT NULL,
  PRIMARY KEY (`id`)
) ENGINE=InnoDB  DEFAULT CHARSET=utf8 COLLATE=utf8_unicode_ci AUTO_INCREMENT=37 ;

--
-- Dumping data for table `newsletter_templates`
--

INSERT INTO `newsletter_templates` (`id`, `templates_name`, `templates_title`, `templates_page`, `templates_desc`, `templates_date`) VALUES
(1, 'Generic left sidebar', 'Generic left sidebar', '0', '<style type="text/css"><!--\r\n      body {\r\n         background-color: #eeeeee;\r\n      }\r\n\r\n      a img {\r\n         border: none;\r\n      }\r\n\r\n      table.bg1 {\r\n         background-color: #eeeeee;\r\n      }\r\n\r\n      table.bg2 {\r\n         background-color: #ffffff;\r\n      }\r\n\r\n      td.permission {\r\n         background-color: #eeeeee;\r\n         padding: 10px 20px 10px 20px;\r\n      }\r\n\r\n      td.permission p {\r\n         font-family: Arial;\r\n         font-size: 11px;\r\n         font-weight: normal;\r\n         color: #333333;\r\n         margin: 0;\r\n         padding: 0;\r\n      }\r\n\r\n      td.permission p a {\r\n         font-family: Arial;\r\n         font-size: 11px;\r\n         font-weight: normal;\r\n         color: #333333;\r\n      }\r\n\r\n      td.body {\r\n         padding: 0 20px 20px 20px;\r\n         background-color: #ffffff;\r\n      }\r\n\r\n      td.sidebar h3 {\r\n         font-family: Arial;\r\n         font-size: 15px;\r\n         font-weight: bold;\r\n         color: #333333;\r\n         margin: 0;\r\n         padding: 0;\r\n      }\r\n\r\n      td.sidebar ul {\r\n         font-family: Arial;\r\n         font-size: 13px;\r\n         font-weight: normal;\r\n         color: #333333;\r\n         margin: 6px 0 14px 24px;\r\n         padding: 0;\r\n      }\r\n\r\n      td.sidebar ul li a {\r\n         font-family: Arial;\r\n         font-size: 13px;\r\n         font-weight: normal;\r\n         color: #680606;\r\n      }\r\n\r\n      td.sidebar h4 {\r\n         font-family: Arial;\r\n         font-size: 13px;\r\n         font-weight: bold;\r\n         color: #680606;\r\n         margin: 6px 0 0 0;\r\n         padding: 0;\r\n      }\r\n\r\n      td.sidebar h4 a {\r\n         font-family: Arial;\r\n         font-size: 13px;\r\n         font-weight: bold;\r\n         color: #680606;\r\n         text-decoration: none;\r\n      }\r\n\r\n      td.sidebar p {\r\n         font-family: Arial;\r\n         font-size: 12px;\r\n         font-weight: normal;\r\n         color: #333333;\r\n         margin: 0 0 10px 0;\r\n         padding: 0;\r\n      }\r\n\r\n      td.sidebar p a {\r\n         font-family: Arial;\r\n         font-size: 12px;\r\n         font-weight: normal;\r\n         color: #680606;\r\n         text-decoration: none;\r\n      }\r\n\r\n      td.buttons {\r\n        padding: 20px 0 0 0; \r\n      }\r\n\r\n      td.mainbar h2 {\r\n         font-family: Arial;\r\n         font-size: 16px;\r\n         font-weight: bold;\r\n         color: #680606;\r\n         margin: 0;\r\n         padding: 0;\r\n      }\r\n\r\n      td.mainbar h2 a {\r\n         font-family: Arial;\r\n         font-size: 16px;\r\n         font-weight: bold;\r\n         color: #680606;\r\n         text-decoration: none;\r\n         margin: 0;\r\n         padding: 0;\r\n      }\r\n\r\n      td.mainbar img.hr {\r\n         margin: 0;\r\n         padding: 0 0 10px 0;\r\n      }\r\n\r\n      td.mainbar p {\r\n         font-family: Arial;\r\n         font-size: 13px;\r\n         font-weight: normal;\r\n         color: #333333;\r\n         margin: 0 0 14px 0;\r\n         padding: 0;\r\n      }\r\n\r\n      td.mainbar p a {\r\n         font-family: Arial;\r\n         font-size: 13px;\r\n         font-weight: normal;\r\n         color: #680606;\r\n      }\r\n\r\n      td.mainbar p.more a {\r\n         font-family: Arial;\r\n         font-size: 13px;\r\n         font-weight: normal;\r\n         color: #680606;\r\n         text-decoration: none;\r\n      }\r\n\r\n      td.mainbar ul {\r\n         font-family: Arial;\r\n         font-size: 13px;\r\n         font-weight: normal;\r\n         color: #333333;\r\n         margin: 0 0 14px 24px;\r\n         padding: 0;\r\n      }\r\n\r\n      td.mainbar ul li a {\r\n         font-family: Arial;\r\n         font-size: 13px;\r\n         font-weight: normal;\r\n         color: #680606;\r\n      }\r\n\r\n      td.footer {\r\n         padding: 0 20px 0 20px;\r\n         background-image: url(''images/frontImages/newsletter/footer-bg.gif'');\r\n         background-repeat: no-repeat;\r\n         background-position: top center;\r\n         background-color: #333333;\r\n         height: 61px;\r\n         vertical-align: middle;\r\n      }\r\n\r\n      td.footer p {\r\n         font-family: Arial;\r\n         font-size: 11px;\r\n         font-weight: normal;\r\n         color: #ffffff;\r\n         line-height: 16px;\r\n         margin: 0;\r\n         padding: 0;\r\n      }\r\n--></style>\r\n<table class="bg1" style="width: 100%;" border="0" cellspacing="0" cellpadding="0">\r\n<tbody>\r\n<tr>\r\n<td align="center">\r\n<table class="bg2" style="width: 600px;" border="0" cellspacing="0" cellpadding="0">\r\n<tbody>\r\n<tr>\r\n<td class="permission" align="left">\r\n<p>You''re receiving this newsletter because you bought widgets from us.</p>\r\n<p>Not interested anymore? Unsubscribe. Having trouble viewing this email? View it in your browser.</p>\r\n</td>\r\n</tr>\r\n<tr>\r\n<td class="header" align="left"><img title="Header" src="http://localhost/test_zend/mainCMS/images/frontImages/newsletter/generic_left_sidebar/header.gif" alt="Header" width="600" height="150" /></td>\r\n</tr>\r\n<tr>\r\n<td class="body" valign="top">\r\n<table style="width: 100%;" border="0" cellspacing="0" cellpadding="0">\r\n<tbody>\r\n<tr>\r\n<td class="sidebar" width="170" align="left" valign="top">\r\n<h3>In this issue</h3>\r\n<ul>\r\n<li><a href="#">Lorem ipsum dolor sit amet</a></li>\r\n<li><a href="#">Quis nostrud exercitation ullamco</a></li>\r\n<li><a href="#">Ut enim ad minim veniam</a></li>\r\n</ul>\r\n<br />\r\n<h3>In other news</h3>\r\n<h4><a href="#">Irure dolor in</a></h4>\r\n<p>Quis nostrud exercitation ullamco laboris nisi ut aliquip ex ea commodo consequat.</p>\r\n<h4><a href="#">Culpa qui officia deserunt</a></h4>\r\n<p>Voluptate velit esse cillum dolore eu fugiat nulla pariatur. Excepteur sint occaecat cupidatat non proident.</p>\r\n<br />\r\n<h3>Forward</h3>\r\n<p>Know someone who might be interested in this email? Forward it.</p>\r\n<h3>Unsubsccribe</h3>\r\n<p>Not interested in this email? Unsubscribe.</p>\r\n</td>\r\n<td width="20"></td>\r\n<td class="mainbar" width="370" align="left" valign="top">\r\n<h2><a href="#">orem ipsum dolor sit amet</a></h2>\r\n<img class="hr" src="http://localhost/test_zend/mainCMS/hr.gif" alt="Header" width="340" height="3" />\r\n<p>Lorem ipsum dolor sit amet, consectetur adipisicing elit, sed do eiusmod tempor incididunt ut labore et dolore magna aliqua. Ut enim ad <a href="#">minim veniam</a>, quis nostrud exercitation ullamco laboris nisi ut aliquip ex ea commodo consequat.</p>\r\n<p>Duis aute irure dolor in reprehenderit in voluptate velit esse cillum dolore eu fugiat nulla pariatur. Excepteur sint occaecat cupidatat non proident, sunt in culpa qui officia deserunt mollit anim id est laborum.</p>\r\n<p class="more"><a href="#">Read more</a> <img title="read-more" src="http://localhost/test_zend/mainCMS/images/frontImages/newsletter/generic_left_sidebar/read-more.gif" alt="read-more" width="8" height="8" /></p>\r\n<br />\r\n<h2><a href="#">Quis nostrud exercitation ullamco</a></h2>\r\n<img class="hr" src="http://localhost/test_zend/mainCMS/hr.gif" alt="Header" width="340" height="3" /> \r\n<ul>\r\n<li><a href="#">reprehenderit in voluptate</a></li>\r\n<li><a href="#">sint occaecat cupidatat</a></li>\r\n<li><a href="#">laboris nisi ut aliquip</a></li>\r\n</ul>\r\n<br />\r\n<h2><a href="#">Ut enim ad minim veniam</a></h2>\r\n<img class="hr" src="http://localhost/test_zend/mainCMS/hr.gif" alt="Header" width="340" height="3" />\r\n<p>Duis aute irure dolor in reprehenderit in voluptate velit esse cillum dolore eu fugiat nulla pariatur.</p>\r\n<p>Excepteur sint occaecat cupidatat non proident, sunt in culpa qui officia <a href="#">deserunt mollit</a> anim id est laborum. Velit esse cillum dolore eu fugiat nulla pariatur.</p>\r\n<p class="more"><a href="#">Read more</a> <img title="read-more" src="http://localhost/test_zend/mainCMS/images/frontImages/newsletter/generic_left_sidebar/read-more.gif" alt="Header" width="8" height="8" /></p>\r\n</td>\r\n</tr>\r\n</tbody>\r\n</table>\r\n</td>\r\n</tr>\r\n<tr>\r\n<td class="footer" height="61" align="left" valign="middle">\r\n<p>abcWidgets and the abcWidgets Logo are registered trademarks of abcWidgets Corp.</p>\r\n<p>ABCWidgets Corp - 123 Some Street, City, ST 99999. ph +1 4 1477 89 745</p>\r\n</td>\r\n</tr>\r\n</tbody>\r\n</table>\r\n</td>\r\n</tr>\r\n</tbody>\r\n</table>', '2011-06-12 04:59:46'),
(2, 'template-1-single-column', 'template-1-single-column', NULL, '<style type="text/css"><!--\n      body { \n         background-color: #e6e6e6;\n         background-image: url(''images/frontImages/newsletter/template1/bg.jpg'');\n         background-position: top center;\n         background-repeat: no-repeat repeat-y;\n         margin: 0;\n         padding: 0;\n      }\n\n      a img {\n         border: none;\n      }\n\n      table.main {\n         background-color: #ffffff;\n      }\n\n      td.permission {\n         padding: 10px 0 10px 0;\n      }\n\n      td.permission p {\n         font-family: Arial;\n         font-size: 11px;\n         font-weight: normal;\n         color: #333333;\n         margin: 0;\n         padding: 0;\n      }\n\n      td.permission p a {\n         font-family: Arial;\n         font-size: 11px;\n         font-weight: normal;\n         color: #333333;\n      }\n\n      td.header {\n         background-color: #4babc5;\n         padding: 0 0 2px 0;\n      }\n\n      td.header h1 {\n         font-family: ''Gill Sans'', ''Arial Black'', sans-serif;\n         font-size: 35px;\n         font-weight: bold;\n         color: #ffffff;\n         margin: 0 0 0 10px;\n         padding: 0;\n         display: inline;\n      }\n\n      td.date {\n         padding: 8px 0 8px 0;\n      }\n\n      td.date p {\n         font-family: Arial;\n         font-size: 12px;\n         font-weight: normal;\n         color: #666666;\n         margin: 0;\n         padding: 0;\n      }\n\n      td.sidebar ul {\n         font-family: Arial;\n         font-size: 12px;\n         font-weight: normal;\n         color: #000000;\n         margin: 10px 0 10px 24px;\n         padding: 0;\n      }\n\n      td.sidebar ul li a {\n         font-family: Arial;\n         font-size: 12px;\n         font-weight: normal;\n         color: #000000;\n         text-decoration: none;\n      }\n\n      td.sidebar p {\n         font-family: Arial;\n         font-size: 12px;\n         font-weight: normal;\n         color: #4c4c4c;\n         margin: 10px 0 0 0;\n         padding: 0;\n      }\n\n      td.sidebar p a {\n         font-family: Arial;\n         font-size: 12px;\n         font-weight: normal;\n         color: #6cb9ce;\n      }\n\n      td.sidebar h4 {\n         font-family: Georgia;\n         font-size: 13px;\n         font-weight: bold;\n         color: #333333;\n         margin: 14px 0 0 0;\n         padding: 0;\n      }\n\n      td.sideHeader h3 {\n         font-family: Georgia, serif;\n         font-size: 18px;\n         font-weight: bold;\n         color: #ffffff;\n         margin: 0;\n         padding: 0;\n      }\n\n      td.sideTitle h3 {\n         font-family: Georgia, serif;\n         font-size: 18px;\n         font-weight: bold;\n         color: #ffffff;\n         margin: 0;\n         padding: 0;\n      }\n\n      td.mainbar h2 {\n         font-family: Georgia;\n         font-size: 18px;\n         font-weight: bold;\n         color: #ffffff;\n         margin: 0;\n         padding: 0;\n      }\n\n      td.mainbar h2 a {\n         font-family: Georgia;\n         font-size: 18px;\n         font-weight: bold;\n         color: #ffffff;\n         text-decoration: none;\n      }\n\n      td.mainbar p {\n         font-family: Arial;\n         font-size: 12px;\n         font-weight: normal;\n         color: #4c4c4c;\n         margin: 10px 0 0 0;\n         padding: 0;\n      }\n\n      td.mainbar p.more {\n         padding: 0 0 10px 0;\n      }\n\n      td.mainbar p a {\n         font-family: Arial;\n         font-size: 12px;\n         font-weight: normal;\n         color: #6cb9ce;\n      }\n\n      td.mainbar p img {\n         border-bottom: 4px solid #edc913;\n      }\n\n      td.mainbar ul {\n         font-family: Arial;\n         font-size: 12px;\n         font-weight: normal;\n         color: #4c4c4c;\n         margin: 10px 0 10px 0;\n         padding: 0;\n         list-style-position: inside;\n      }\n\n      td.footer {\n         padding: 10px 0 10px 0;\n      }\n\n      td.footer p {\n         font-family: Arial;\n         font-size: 11px;\n         font-weight: normal;\n         color: #333333;\n         margin: 0;\n         padding: 0;\n      }\n   \n--></style>\n<table style="width: 100%;" border="0" cellspacing="10" cellpadding="0">\n<tbody>\n<tr>\n<td align="center" valign="top">\n<table class="main" style="width: 580px;" border="0" cellspacing="0" cellpadding="0">\n<tbody>\n<tr>\n<td class="permission" align="center">\n<p>You''re receiving this newsletter because you bought widgets from us.</p>\n<p>Not interested anymore? Unsubscribe. Having trouble viewing this email? View it in your browser.</p>\n</td>\n</tr>\n<tr>\n<td class="header" height="90" align="left" valign="bottom"><img src="images/frontImages/newsletter/template1/header.gif" alt="ABC Widgets" width="580" height="90" /></td>\n</tr>\n<tr>\n<td align="center">\n<table style="width: 550px;" border="0" cellspacing="0" cellpadding="0">\n<tbody>\n<tr>\n<td class="date">\n<p>Monday 28 april</p>\n</td>\n</tr>\n<tr align="left" valign="top">\n<td class="mainbar" width="550" align="left" valign="top">\n<table border="0" cellspacing="0" cellpadding="4" bgcolor="#000000">\n<tbody>\n<tr>\n<td>\n<h2>Lorem ipsum dolar sit amet</h2>\n</td>\n</tr>\n</tbody>\n</table>\n<p>Suspendisse potenti--Fusce eu ante in sapien vestibulum sagittis. Cras purus. Nunc rhoncus.</p>\n<p>Donec imperdiet, nibh sit amet pharetra placerat, tortor purus condimentum lectus, at <a href="#">dignissim nibh</a> velit vitae sem. Nunc condimentum blandit tortorphasellus facilisis neque vitae purus.</p>\n<p class="more"><a href="#">Read more</a></p>\n<img src="images/frontImages/newsletter/template1/hr-big.gif" alt="" width="550" height="27" /> \n<table border="0" cellspacing="0" cellpadding="4" bgcolor="#000000">\n<tbody>\n<tr>\n<td>\n<h2>Aliquam lectus orci, adipiscing</h2>\n</td>\n</tr>\n</tbody>\n</table>\n<p>Cras purus. Nunc rhoncus. Pellentesque semper. Donec imperdiet accumsan felis. Proin eget mi. Sed at est.</p>\n<ul>\n<li>Aliquam lectus orci, adipiscing et, sodales ac</li>\n<li>Ut dictum velit nec est. Quisque posuere, purus sit amet</li>\n<li>malesuada blandit, sapien sapien auctor arcu</li>\n</ul>\n<p class="more"><a href="#">Read more</a></p>\n<img src="images/frontImages/newsletter/template1/hr-big.gif" alt="" width="550" height="27" /> \n<table border="0" cellspacing="0" cellpadding="4" bgcolor="#000000">\n<tbody>\n<tr>\n<td>\n<h2>Fermentum quam&mdash;donec imperde</h2>\n</td>\n</tr>\n</tbody>\n</table>\n<img src="images/frontImages/newsletter/template1/spacer.gif" alt="" width="329" height="12" />\n<p><img src="images/frontImages/newsletter/template1/contentImage.jpg" alt="Content Image Inline" hspace="10" width="164" height="159" align="left" /> Cras purus. Nunc rhoncus. Pellentesque semper. Donec imperdiet accumsan felis. Proin eget mi. Sed at est. Nunc a purus eu sapien&ndash;lacinia fermentum.<br /><br />Donec iaculis Nunc a purus eu sapien--lacinia fermentum. Donec iaculis Nunc a purus eu sapien--lacinia  fermen-tum quam. Donec imperdiet, nibh sit amet pharetra placerat, tortor purus condimentum lectus.</p>\n<p class="more"><a href="#">Read more</a></p>\n<br /> <br /> <img src="images/frontImages/newsletter/template1/hr-big.gif" alt="" width="550" height="27" /></td>\n</tr>\n</tbody>\n</table>\n</td>\n</tr>\n<tr>\n<td class="footer" align="center">\n<p>abcWidgets and the abcWidgets Logo are registered trademarks of <span style="font-weight: bold;">abcWidgets Corp</span>.</p>\n<p>ABCWidgets Corp &mdash; 123 Some Street, City, ST 99999. Ph +1 4 1477 89 745</p>\n</td>\n</tr>\n</tbody>\n</table>\n</td>\n</tr>\n</tbody>\n</table>', '2010-07-07 07:07:04'),
(3, 'template-2-single-column', 'template-2-single-column', NULL, '<style type="text/css"><!--\n      body {\n         background-color: #f5f6f4;\n         margin: 0;\n         padding: 0;\n      }\n\n      a img {\n         border: none;\n      }\n\n      a {\n         border: none;\n      }\n\n      td.permission {\n         padding: 30px 0 10px 0;\n      }\n\n      .permission {\n         font-family: ''Lucida Grande'';\n         font-size: 10px;\n         color: #666666;\n         padding: 4px 0 4px 0;\n      }\n\n      .permission a {\n         color: #333333;\n      }\n\n      .permission p {\n         margin: 0 0 4px 0;\n      }\n\n      .header {\n         background-color: #353535;\n      }\n\n      .header h1 {\n      	font-family: Georgia;\n      	font-size: 32px;\n      	font-weight: normal;\n      	color: #bfbfbf;\n      	display: inline;\n      	text-align: left;}\n\n      .date h3 {\n      	font-family: Georgia;\n      	font-size: 14px;\n      	color: #bfbfbf;\n      	font-weight: normal;\n      	text-align: right;\n      	display: inline;\n      	font-style: italic;\n      }\n\n      .body {\n         background-color: #ffffff;\n      }\n\n      td.sidebar {\n      	padding: 22px 0 0 0;\n      }\n\n      .sidebar h2 {\n         font-family: Georgia;\n         font-size: 18px;\n         font-weight: bold;\n         color: #808080;\n         margin: 0 0 6px 4px;\n         padding: 0;\n         text-align: left;\n      }\n\n      .sidebar h2.issue {\n         color: #000000;\n         margin: 0 0 10px 10px;\n      }\n\n      .sidebar ul {\n         font-family: Georgia;\n         font-size: 12px;\n         color: #2679b9;\n         margin: 0 0 0 24px;\n         padding: 0;\n         text-align: left;\n      }\n\n      .sidebar ul a {\n      	font-family: Georgia;\n      	font-size: 12px;\n      	color: #2679b9;\n      	font-style: italic;\n      }\n      .sidebar ul li {\n      	margin: 0 0 10px 0;\n      }\n      .sidebar p {\n         font-family: ''Lucida Grande'';\n         font-size: 11px;\n         color: #5f5f5f;\n         padding: 0;\n         margin: 0 0 10px 0;\n         text-align: left;\n      }\n\n      td.sidebg {\n         background-color: #f1f1f1;\n         padding: 10px 16px 10px 16px;\n      }\n\n      td.mainbar {\n      	padding: 22px 0 0 14px;\n      	text-align: left;\n      }\n\n      .mainbar p {\n      	font-family: ''Lucida Grande'';\n      	font-size: 12px;\n      	color: #333333;\n      	margin: 0 0 10px 0;\n      	text-align: left;\n      }\n\n      .mainbar p.first {\n      	margin-top: 10px;\n      }\n\n      .mainbar h2 {\n      	font-family: ''Lucida Grande'';\n      	font-size: 16px;\n      	color: #000000;\n      	text-transform: uppercase;\n      	margin: 10px 0 16px 0;\n      }\n\n      .mainbar h2 a {\n      	font-family: ''Lucida Grande'';\n      	font-size: 16px;\n      	color: #000000;\n      	text-transform: uppercase;\n      	text-decoration: none;\n      	font-style: normal;\n      }\n\n      .mainbar a {\n      	font-family: Georgia;\n      	font-size: 13px;\n      	color: #2679b9;\n      	font-style: italic;\n      }\n\n      .mainbar a.center {\n      	font-size: 12px;\n      	text-align: center;\n      	display: block;\n      	color: #999999;\n      	padding: 8px 0 12px 0;\n      	text-decoration: none;\n      }\n\n      .mainbar img.inline {\n      	border: 1px solid #dedede;\n      	padding: 4px;\n      }\n\n      td.footer {\n      	padding: 0 0 10px 0;\n      	border-top: 2px solid #ededed;\n      }\n\n      .footer p {\n      	color: #a1a1a1;\n      	font-size: 11px;\n      	margin: 0;\n      	padding: 0;\n      }\n\n      .footer p.first {\n      	margin: 14px 0 0 0;\n      }\n\n      .footer a {\n      	font-family: ''Lucida Grande'';\n      	font-size: 11px;\n      	color: #2679b9;\n      }\n   \n--></style>\n<a name="top"></a> \n<table style="width: 100%;" border="0" cellspacing="0" cellpadding="0" bgcolor="#f5f6f4">\n<tbody>\n<tr>\n<td align="center">\n<table style="width: 600px;" border="0" cellspacing="0" cellpadding="0">\n<tbody>\n<tr>\n<td class="permission" align="center">\n<p>You''re receiving this newsletter because you bought widgets from us.</p>\n<p>Not interested anymore? Unsubscribe. Having trouble viewing this email? View it in your browser.</p>\n</td>\n</tr>\n<tr>\n<td class="header" height="77" align="left">\n<table style="width: 600px;" border="0" cellspacing="0" cellpadding="0">\n<tbody>\n<tr>\n<td><img src="images/frontImages/newsletter/template2/header.gif" alt="ABC Widgets" width="600" height="77" /></td>\n</tr>\n</tbody>\n</table>\n</td>\n</tr>\n</tbody>\n</table>\n</td>\n</tr>\n<tr>\n<td align="center">\n<table class="body" style="width: 600px;" border="0" cellspacing="10" cellpadding="0">\n<tbody>\n<tr>\n<td class="mainbar" align="center" valign="top">\n<p>Dear John,<br /><br />Lorem ipsum dolar sit amey consecutar adipiscling elit, vitae mi congue pellentsque tristique amlesuada,<br /><br />Regards, ABC Widgets</p>\n<img src="images/frontImages/newsletter/template2/hr-large.gif" alt="Hr" width="560" height="27" />\n<h2>Aliquam molestie quam vitae mi congue tristique</h2>\n<img class="inline" src="images/frontImages/newsletter/template2/main-content-inline-small.jpg" alt="Inline" vspace="4" width="147" height="147" align="right" />\n<p>Pellentesque tristique male suada lorem. Vivamus condi-mentum! Duis magna. Aliquam pharetra laoreet felis. Duis metus. Fusce ac dui? Praesent condimentum. Aliquam luctus, leo at conse-quat fringilla, neque neque interdum est, in vestibulum purus nisl id nulla! Lorem ipsum dolor sit amet, consectetuer adipiscing elit. Morbi commodo, ipsum sed pharetra gravida, orci magna rhoncus neque, id pulvinar odio lorem non turpis. Nullam sit amet enim. Suspendisse id velit vitae ligula volutpat condimentum. Aliquam erat volutpat. Sed quis velit. Nulla facilisi. Nulla libero. Vivamus pharetra posuere sapien. Nam consectetuer</p>\n<p>Quisque nulla ante, imperdiet quis, eleifend ut. <a href="#">Read more &raquo;</a></p>\n<a class="center" href="#top">Back to top^</a> <img src="images/frontImages/newsletter/template2/hr-large.gif" alt="Hr" width="560" height="27" />\n<h2>Lorem ipsum dolor sit amet, consectetuer adipiscing elit</h2>\n<p class="first">Pellentesque mi. Ut gravida metus vel odio. Pellentesque habitant morbi tristique senectus et netus et malesuada fames ac turpis egestas. Etiam lacinia turpis et quam. In luctus massa eget enim.</p>\n<p>Suspendisse diam felis, tristique sed, sagittis at, interdum a, sem. Lorem ipsum dolor sit amet, consectetuer adipiscing elit. Curabitur augue lacus, luctus sit amet, dictum sit amediam. <a href="#">Read more &raquo;</a></p>\n<a class="center" href="#top">Back to top^</a></td>\n</tr>\n<tr>\n<td align="center">\n<table style="width: 560px;" border="0" cellspacing="0" cellpadding="0">\n<tbody>\n<tr>\n<td class="footer" align="left">\n<p class="first">abcWidgets and the abc Widgets Logo are registered trademarks of <span style="color: #000000;">abcWidgets Corp</span>.</p>\n<p>Forward this email to a friend. Not interested anymore? Unsubscribe Instantly.</p>\n</td>\n</tr>\n</tbody>\n</table>\n</td>\n</tr>\n</tbody>\n</table>\n</td>\n</tr>\n</tbody>\n</table>', '2010-07-07 07:07:48'),
(4, 'template-3-single-column', 'template-3-single-column', NULL, '<style type="text/css"><!--\n      body {\n         margin: 20px 0 0 0;\n      	padding: 0;\n      	background-image: url(''images/frontImages/newsletter/template3/bg.jpg'');\n      	background-repeat: repeat-y no-repeat;\n      	background-color: #8da2b2;\n      	background-position: top center;\n      }\n\n      p {\n      	font-family: Tahoma;\n      	font-size: 12px;\n      	color: #333333;\n      }\n\n      li {\n      	margin: 0;\n      	padding: 0;\n      }\n\n      td.permission {\n         padding: 10px 0 10px 0;\n      }\n\n      td.permission p {\n      	font-family: Arial;\n      	font-size: 11px;\n      	color: #4c4c4c;\n      	margin: 0 0 4px 0;\n      	padding: 0;\n      	text-align: center;\n      }\n\n      td.permission p.second {\n      	margin-bottom: 8px;\n      }\n\n      td.permission a {\n      	color: #000000;\n      }\n\n      td.header {\n      	background-color: #b73224;\n      	height: 110px;\n      }\n\n      td.header h1 {\n      	font-family: Impact, ''Arial Black'';\n      	font-size: 33px;\n      	color: #eaedc9;\n      	font-weight: normal;\n      	line-height: 28px;\n      	display: inline;\n      	margin: 0 0 0 20px;\n      	padding: 0;\n      }\n\n      td.sidebar a img {\n      	border: none;\n      }\n\n      .table {\n      	background-color: #a52c21;\n      }\n\n      td.miniTable {\n      	background-color: #a52c21;\n      	padding: 20px;\n      }\n\n      td.miniTable h2 {\n      	font-family: Arial;\n      	font-size: 16px;\n      	font-weight: bold;\n      	color: #ffffff;\n      	text-transform: uppercase;\n      }\n\n      td.miniTable h3 {\n         font-family: Tahoma;\n      	font-size: 14px;\n      	font-weight: bold;\n      	color: #000000;\n      	margin: 0;\n      	padding: 0;\n      }\n\n      td.miniTable h3 a {\n      	font-family: Tahoma;\n      	font-size: 14px;\n      	font-weight: normal;\n      	color: #ffffff;\n      	text-decoration: underline;\n      }\n\n      td.miniTable p {\n      	font-family: Tahoma;\n      	font-size: 12px;\n      	font-weight: normal;\n      	color: #e7fccf;\n      	margin: 0 0 10px 0;\n      	padding: 0;\n      }\n\n      td.miniTable ul {\n      	font-family: Tahoma;\n      	font-size: 14px;\n      	font-weight: normal;\n      	color: #e7fccf;\n      	margin: 0 0 0 24px;\n      	padding: 0;\n      }\n\n      td.miniTable ul li a {\n      	font-family: Tahoma;\n      	font-size: 14px;\n      	font-weight: normal;\n      	color: #e7fccf;\n         text-decoration: none;\n      }\n\n      td.mainbar h2 {\n      	font-family: Arial;\n      	font-size: 18px;\n      	color: #000000;\n      	border-left: 10px solid #a02f27;\n      	padding-left: 8px;\n      }\n\n      td.mainbar h2 a {\n      	font-family: Arial;\n      	font-size: 18px;\n      	color: #000000;\n      	text-decoration: none;\n      }\n\n      td.mainbar a {\n      	color: #344692;\n      }\n\n      td.mainbar p {\n      	margin: 0 0 20px 0;\n      }\n\n      td.mainbar p.top {\n      	margin: 0 0 5px 0;\n      	padding: 0;\n      	width: 100%;\n      	text-align: right;\n      }\n\n      td.mainbar p.top a {\n      	font-size: 11px;\n      	margin: 0 4px 0 0;\n      }\n\n      td.mainbar img.inline {\n      	margin: 0 0 10px 0;\n      }\n\n      td.footer {\n      	height: 134px;\n      }\n\n      td.footer p {\n      	font-family: Arial;\n      	font-size: 11px;\n      	font-weight: normal;\n      	color: #333333;\n      	margin: 0 0 20px 0;\n      	text-align: center;\n      }\n\n      table.tab {\n      	background-image: url(''images/frontImages/newsletter/template3/footer-bg.gif'');\n      	background-repeat: no-repeat;\n      	background-position: bottom center;\n      	background-color: #a52c21;\n      }\n\n      table.tab td {\n      	font-family: Impact, ''Arial Black'';\n      	font-size: 20px;\n      	color: #eaedc9;\n      	font-weight: normal;\n      }\n   \n--></style>\n<a name="top"></a> \n<table style="width: 100%;" border="0" cellspacing="0" cellpadding="0">\n<tbody>\n<tr>\n<td align="center">\n<table style="width: 581px;" border="0" cellspacing="0" cellpadding="0">\n<tbody>\n<tr>\n<td class="permission">\n<p>You''re receiving this newsletter because you bought widgets from us.</p>\n<p>Not interested anymore? Unsubscribe. Having trouble viewing this email? View it in your browser.</p>\n</td>\n</tr>\n<tr>\n<td class="header">\n<table style="width: 581px;" border="0" cellspacing="0" cellpadding="0">\n<tbody>\n<tr>\n<td height="110" align="left"><img src="images/frontImages/newsletter/template3/header.jpg" alt="ABC Widgets" width="581" height="110" /></td>\n</tr>\n</tbody>\n</table>\n</td>\n</tr>\n<tr>\n<td valign="top">\n<table border="0" cellspacing="20" cellpadding="0">\n<tbody>\n<tr>\n<td class="mainbar" width="550" align="left" valign="top">\n<h2>Lorem ipsum dolor sit amet conse ct etuer adipiscing elit</h2>\n<p>Donec imperdiet, nibh sit amet pharetra placerat, tortor purus condimentum lectus, at dignissim nibh velit vitae sem. Nunc <a href="#">condimentum blandit</a> tortorphasellus facilisis neque vitae purus.</p>\n<p>Aliquam facilisis nisl in nisi. Ut ultricies massa eget est. Donec eget orci eget urna aliquam egestas. Nulla vitae felis. <a href="#">Maecenas bibendum</a>, nunc eu aliquet ultricies, massa massa aliquet est, nec dignissim nisl ante eget lectus.</p>\n<p class="top"><a href="#top">Back to top</a></p>\n<img src="images/frontImages/newsletter/template3/hr-big.gif" alt="hr" width="550" height="10" />\n<h2>Fermentum quam donec imperde lorem ipsum dolar amet consect</h2>\n<img src="images/frontImages/newsletter/template3/main-content-inline-small.jpg" alt="Main Content Inline Small" hspace="10" width="147" height="147" align="left" />\n<p>Cras purus. Nunc rhoncus. Pellentesque semper. <a href="#">Donec imperdiet accumsan felis</a>. Proin eget mi. Sed at est. Nunc a purus eu sapien&ndash;lacinia fermentum. Donec iaculis Sed at est. Nunc a purus eu sapien&ndash;fermentum quam. Donec imperdiet, nibh sit amet pharetra placerat, tortor purus condimentum.</p>\n<p class="top"><a href="#top">Back to top</a></p>\n<img src="images/frontImages/newsletter/template3/hr-big.gif" alt="hr" width="550" height="10" /></td>\n</tr>\n</tbody>\n</table>\n</td>\n</tr>\n</tbody>\n</table>\n</td>\n</tr>\n<tr>\n<td class="footer" align="center" valign="bottom">\n<p>abcWidgets and the abcWidgets Logo are registered trademarks of <strong>abcWidgets Corp</strong>.<br /> ABCWidgets Corp - 123 Some Street, City, ST 99999. ph +1 4 1477 89 745</p>\n<table class="tab" style="width: 98px; height: 66px;" border="0" cellspacing="8" cellpadding="0" align="center">\n<tbody>\n<tr>\n<td align="left">ABC<br />Widgets</td>\n</tr>\n</tbody>\n</table>\n</td>\n</tr>\n</tbody>\n</table>', '2010-07-07 07:07:37'),
(5, 'template-4-left-sidebar', 'template-4-left-sidebar', NULL, '<style type="text/css"><!--\n      body {\n      	background-color: #474333;\n      	margin: 0;\n      	padding: 0;\n      }\n\n      p a {\n      	color: #44a0df;\n      	text-decoration: none;\n      }\n\n      td.permission {\n      	padding: 8px 0 8px 0;\n      }\n\n      td.date {\n      	padding: 0 0 4px 0;\n      }\n\n      td.permission p {\n      	font-family: Georgia;\n      	font-size: 11px;\n      	font-weight: normal;\n      	font-style: italic;\n      	color: #151515;\n      	text-align: center;\n      }\n\n      td.permission a {\n      	color: #9f9862;\n      	text-decoration: none;\n      }\n\n      table.bgTop {\n      	background-color: #181818;\n      }\n\n      table.bg {\n      	background-color: #ffffff;\n      }\n\n      table.header td {\n      	height: 108px;\n      }\n\n      table.header td h1 {\n      	font-family: ''Futura'', Arial;\n      	font-size: 24px;\n      	font-weight: normal;\n      	color: #9f9862;\n      	display: inline;\n      	margin: 0 0 0 6px;\n      	padding: 0;\n      	text-transform: uppercase;\n      }\n\n      table.header td h3 {\n      	font-family: Georgia, Arial;\n      	font-size: 12px;\n      	font-weight: normal;\n      	font-style: italic;\n      	color: #ffffff;\n      	display: inline;\n      	margin: 0;\n      	padding: 0 0 6px 0;\n      }\n\n      td.sidebar {\n      	background-color: #f8f8f8;\n      	border-right: 1px solid #bdbcb8;\n      }\n\n      td.sidebar h2 {\n      	font-family: Georgia;\n      	font-size: 16px;\n      	font-weight: normal;\n      	color: #464646;\n      	margin: 0 0 10px 0;\n      	border-bottom: 3px solid #464646;\n      	text-transform: uppercase;\n      }\n\n      td.sidebar ul {\n      	margin: 0 0 20px 24px;\n      	padding: 0;\n      	font-family: Georgia;\n      	font-size: 12px;\n      	font-weight: normal;\n      	color: #313131;\n      }\n\n      td.sidebar ul a {\n      	font-family: Georgia;\n      	font-size: 12px;\n      	font-weight: normal;\n      	color: #44a0df;\n      }\n\n      td.sidebar p {\n      	font-family: Georgia;\n      	font-size: 12px;\n      	font-weight: normal;\n      	color: #313131;\n      	margin: 0 0 14px 0;\n      	padding: 0;\n      }\n\n      td.sidespace {\n         padding: 20px;\n      }\n\n      table.options {\n      	border-top: 1px solid #9f9862;\n      	border-bottom: 1px solid #9f9862;\n      }\n\n      table.options td {\n      	padding: 16px 22px 16px 22px;\n      }\n\n      td.border {\n      	border-bottom: 1px solid #9f9862;\n      }\n\n      table.options h3 {\n      	font-family: Georgia;\n      	font-size: 16px;\n      	font-weight: normal;\n      	color: #9f9862;\n      	margin: 0 0 4px 0;\n      	padding: 0;\n      }\n\n      table.options p {\n      	font-family: Georgia;\n      	font-size: 13px;\n      	font-weight: normal;\n      	color: #313131;\n      	margin: 0;\n      	padding: 0;\n      }\n\n      table.options p a {\n      	color: #313131;\n      	text-decoration: none;\n      	border: none;\n      	margin: 0;\n      	padding: 0;\n      }\n\n      td.mainbar {\n         padding: 20px;\n      }\n\n      td.mainbar h2 {\n      	font-family: Georgia;\n      	font-size: 20px;\n      	font-weight: bold;\n      	color: #9f9862;\n      	margin: 0 0 10px 0;\n      	padding: 0;\n      }\n\n      td.mainbar h2 a {\n      	font-family: Georgia;\n      	font-size: 20px;\n      	font-weight: bold;\n      	color: #9f9862;\n         text-decoration: none;\n      }\n\n      td.mainbar h3 {\n      	font-family: Verdana;\n      	font-size: 11px;\n      	font-weight: normal;\n      	color: #333333;\n      	text-transform: uppercase;\n      	margin: 0 0 8px 0;\n      	padding: 0;\n      }\n\n      td.mainbar p {\n      	font-family: Georgia;\n      	font-size: 12px;\n      	font-weight: normal;\n      	color: #333333;\n      	margin: 0 0 16px 0;\n      	padding: 0;\n      }\n\n      td.mainbar p.top {\n      	font-family: Verdana;\n      	font-size: 10px;\n      	font-weight: normal;\n      	color: #44a0df;\n      	text-transform: uppercase;\n      	width: 100%;\n      	text-align: right;\n      	margin: 14px 0 4px 0;\n      }\n\n      table.footer {\n      	font-family: Georgia;\n      	font-size: 11px;\n      	font-weight: normal;\n      	color: #999999;\n      	text-align: center;\n      	border: 1px solid #575757;\n      }\n\n      table.footer td {\n      	height: 88px;\n      }\n\n      table.footer span {\n      	color: #ffffff;\n      }\n\n      table.bgBottom {\n         padding: 10px;\n      	background-color: #181818;\n      }\n   \n--></style>\n<a name="top"></a> \n<table style="width: 100%;" border="0" cellspacing="0" cellpadding="0">\n<tbody>\n<tr>\n<td align="center">\n<table style="width: 579px;" border="0" cellspacing="0" cellpadding="0">\n<tbody>\n<tr>\n<td class="permission">\n<p>You''re receiving this newsletter because you bought widgets from us.</p>\n<p>Not interested anymore? Unsubscribe. Having trouble viewing this email? View it in your browser.</p>\n</td>\n</tr>\n</tbody>\n</table>\n<table class="bgTop" style="width: 579px;" border="0" cellspacing="0" cellpadding="0">\n<tbody>\n<tr>\n<td align="center">\n<table class="header" style="width: 579px; height: 108px;" border="0" cellspacing="0" cellpadding="0">\n<tbody>\n<tr>\n<td><img src="images/frontImages/newsletter/template4/header.gif" alt="ABC Widgets" width="579" height="108" /></td>\n</tr>\n</tbody>\n</table>\n</td>\n</tr>\n</tbody>\n</table>\n<table class="bg" style="width: 579px;" border="0" cellspacing="0" cellpadding="0">\n<tbody>\n<tr>\n<td class="sidebar" width="254" align="center" valign="top">\n<table style="width: 100%;" border="0" cellspacing="0" cellpadding="0">\n<tbody>\n<tr>\n<td class="sidespace" align="left">\n<h2>In this issue</h2>\n<ul>\n<li><a href="#">Lorem ipsum dolar sit amet conse</a></li>\n<li><a href="#">Aliquam lectus orci, adip?</a></li>\n<li><a href="#">Fermentum quam&mdash;donec imperde lorem ipsum</a></li>\n</ul>\n<h2>In short</h2>\n<p><strong>Lorem ipsum dolor sit</strong> consectetuer adipiscing elit. Morbi commodo, ipsum sed pharetra gravida, orci magna rhoncus neque, id <a href="#">pulvinar odio</a> lorem non turpis. Nullam sit amet enim.</p>\n<p><strong>Aliquam facilisis misl in</strong> pulvinar odio lorem non turpis. Nullam sit amet enim. Suspendisse id velit vitae ligula volutpat condimentum. <a href="#">Aliquam erat volutpat</a>. fermentum bibendum enim nibh blandit sed, blandit a, eros.</p>\n<p><strong>Sed quis velit.</strong> Nulla facilisi. Nulla libero. Vivamus pharetra posuere sapien. Nam consectetuer. Sed aliquam, nunc eget euismod ullamcorper, lectus nunc ullamcorper orci.</p>\n<table class="options" style="width: 100%; height: 173px;" border="0" cellspacing="0" cellpadding="0">\n<tbody>\n<tr>\n<td class="border" align="center" valign="top">\n<h3>UNSUBSCRIBE</h3>\n<p>Click to instantly unsubscribe from this email</p>\n</td>\n</tr>\n<tr>\n<td align="center" valign="top">\n<h3>FORWARD</h3>\n<p>Click to forward this email to a friend</p>\n</td>\n</tr>\n</tbody>\n</table>\n</td>\n</tr>\n</tbody>\n</table>\n</td>\n<td width="325" align="center" valign="top">\n<table style="width: 100%;" border="0" cellspacing="0" cellpadding="0">\n<tbody>\n<tr>\n<td class="mainbar" align="left">\n<h3>Feature</h3>\n<h2>Lorem ipsum dolor sit amet conse ct etuer adipiscing elit.</h2>\n<p><img src="images/frontImages/newsletter/template4/main-content-inline-small-1.jpg" alt="" hspace="10" width="160" height="151" align="right" /> Donec imperdiet, nibh sit amet pharetra placerat, tortor purus condimentum lectus, at dignissim nibh velit vitae sem. Nunc <a href="#">condimen-tum blandit</a> tortorphasellus facilisis neque vitae purus. Aliquam facilisis nisl in nisi. Ut ultricies massa eget est. Donec eget orci eget urna aliquam egestas. Nulla vitae felis. <a href="#">Maecenas bibendum</a>, nunc eu aliquet ultricies, <a href="#">Read More</a>.</p>\n<p class="top"><a href="#top">Back to top</a></p>\n<img src="images/frontImages/newsletter/template4/hr.gif" alt="" width="326" height="19" />\n<h3>Fashion</h3>\n<h2>Aliquam lectus orci, adipiscing</h2>\n<p>Aliquam facilisis nisl in nisi. Ut ultricies massa eget est. Donec eget orci eget urna aliquam. <a href="#">Read More</a></p>\n<h2>Sellus facilisis neque</h2>\n<p>Donec imperdiet, nibh sit amet pharetra placerat, tortor purus condimentum lectus, at dignissim nibh velit vitae sem. Aliquam facilisis nisl in nisi. <a href="#">Read More</a></p>\n<h2>Nunc a purus eu sapien-cinia</h2>\n<p>Aliquam facilisis nisl in nisi. Ut ultricies massa eget est. Donec eget orci eget urna aliquam egestas. <a href="#">Read More</a></p>\n<p class="top"><a href="#top">Back to top</a></p>\n<img src="images/frontImages/newsletter/template4/hr.gif" alt="" width="326" height="19" />\n<h3>Culture</h3>\n<h2>Fermentum quam&mdash;donec imperde lorem ipsum dolar</h2>\n<p><img src="images/frontImages/newsletter/template4/main-content-inline-small-2.jpg" alt="" hspace="10" width="160" height="151" align="right" />Cras purus. Nunc rhoncus. Pellentesque semper. Donec imperdiet accumsan felis. Proin eget mi. Sed at est. Nunc a purus eu sapien laci-nia fermentum. Donec iaculis Sed at est. <a href="#">Nunc a purus eu sapien-lacinia fermentum</a>. Donec iaculis fermentum quam. Donec imperdiet, nibh sit amet pharetra placerat, tortor purus condimentum lectus. <a href="#">Read More</a></p>\n<h2>Pharetra Placerat</h2>\n<p>Donec eget orci eget urna aliquam egestas. Nulla vitae felis. <a href="#">Maecenas bibendum</a>, nunc eu aliquet ultricies, massa massa aliquet est, nec dignissim nisl ante eget lectus. <a href="#">Read More</a></p>\n<p class="top"><a href="#top">Back to top</a></p>\n<img src="images/frontImages/newsletter/template4/hr.gif" alt="" width="326" height="19" /></td>\n</tr>\n</tbody>\n</table>\n</td>\n</tr>\n</tbody>\n</table>\n<table class="bgBottom" style="width: 579px; height: 108px;" border="0" cellspacing="0" cellpadding="0">\n<tbody>\n<tr>\n<td align="center" valign="middle">\n<table class="footer" style="width: 559px; height: 88px;" border="0" cellspacing="0" cellpadding="0">\n<tbody>\n<tr>\n<td align="center">abcWidgets and the abcWidgets Logo are registered trademarks of <span>abcWidgets Corp</span>.<br />ABCWidgets Corp - 123 Some Street, City, ST 99999. ph +1 4 1477 89 745</td>\n</tr>\n</tbody>\n</table>\n</td>\n</tr>\n</tbody>\n</table>\n</td>\n</tr>\n</tbody>\n</table>', '2010-07-07 07:07:56');

INSERT INTO `newsletter_templates` (`id`, `templates_name`, `templates_title`, `templates_page`, `templates_desc`, `templates_date`) VALUES
(35, 'Invoice Overdue Notice', 'Invoice Overdue Notice', 'invoice_template', '<div class="invoice" style="border:1px solid #E1E1E1; font-size:12px; font-family:Arial, Helvetica, sans-serif;">\r\n<table style="width: 100%;" border="0" cellspacing="0" cellpadding="10" align="center">\r\n<tbody>\r\n<tr>\r\n<td>\r\n<table border="0" cellpadding="0" cellspacing="0" style="width: 100%;">\r\n<tbody>\r\n<tr>\r\n<td width="50%">\r\n<p><img src="%invoice_logo_url%" alt="" /></p>\r\n</td>\r\n<td align="right" width="50%">\r\n<h1>%payment_status%</h1>\r\n</td>\r\n</tr>\r\n</tbody>\r\n</table></td>\r\n</tr>\r\n<tr>\r\n  <td><br /><table border="0" cellpadding="0" cellspacing="0" style="width: 100%;">\r\n    <tbody>\r\n      <tr>\r\n        <td width="50%"><table width="98%" height="100" border="0" cellspacing="0" cellpadding="10" class="invoice-to">\r\n          <tbody>\r\n            <tr>\r\n              <td valign="top" style="border:2px solid #D3EE9D; background-color:#F2FAE2"><p style="line-height:28px; margin:0; padding:0; font-weight:bold;">Invoiced To</p>\r\n                %invoiceTo%</td>\r\n            </tr>\r\n          </tbody>\r\n        </table></td>\r\n        <td id="invoicecontent" width="50%"><table width="98%" height="100" border="0" align="right" cellpadding="10" cellspacing="0" class="pay-to" id="invoicetoptables">\r\n          <tbody>\r\n            <tr>\r\n              <td valign="top" style="border:2px solid #FFE89F; background-color:#FFFFDD"><p style="line-height:28px; margin:0; padding:0; font-weight:bold;">Pay To</p>\r\n                %payTo%</td>\r\n            </tr>\r\n          </tbody>\r\n        </table></td>\r\n      </tr>\r\n    </tbody>\r\n  </table><br />\r\n  </td>\r\n</tr>\r\n\r\n<tr>\r\n  <td>\r\n<p style="line-height:28px; margin:0; padding:0; font-weight:bold;">Dear&nbsp;</strong>%title% %firstName% %lastName%,&nbsp;</p><br />\r\nThanks for ordering with us. This is a courtesy email to inform you that, an Invoice # %invoice_id% has been generated on on %invoice_date%is now overdue. Failure to make payment will result in account suspension.<br /><br /><br />\r\n<table width="100%" height="50" border="0" cellspacing="0" cellpadding="10" bgcolor="#F3F3F3" class="invoice-id">\r\n<tr>\r\n  <td style="border:1px solid #AAAAAA; border-style:dashed; font-size:16px; line-height:14px; margin:0; padding:10px; font-weight:bold;"><p>Invoice Number : %invoice_id%</p><p>Invoice Date : %invoice_date%</p>\r\n  <p>Total Amount : %invoice_amount%</p></td>\r\n</tr>\r\n</table>\r\n<br />\r\n<br /><br />\r\n<div style="font-weight:bold; text-decoration:underline">You may review the invoice history and make payment at any time by logging in to your client area. Here is a short detail as follows:</div><br /><br />%invoice_table%<br /><br /><br />Please consider this email urgent nofication of payment and we are looking forward to hear from you. It is our immense pleasure to have you with us.<br />\r\n<br />\r\n<br />\r\n\r\n<p style="line-height:28px; margin:0; padding:0; font-weight:bold;">Kind Regards,</p>Billing Team<br />%site_name%<br />%site_url%</p>\r\n</td>\r\n</tr>\r\n</tbody>\r\n</table>\r\n</div>', '2012-07-15 10:29:16'),
(36, 'Invoice Cancellation Notice', 'Invoice Cancellation Notice', 'invoice_template', '<div class="invoice" style="border:1px solid #E1E1E1; font-size:12px; font-family:Arial, Helvetica, sans-serif;">\r\n<table style="width: 100%;" border="0" cellspacing="0" cellpadding="10" align="center">\r\n<tbody>\r\n<tr>\r\n<td>\r\n<table border="0" cellpadding="0" cellspacing="0" style="width: 100%;">\r\n<tbody>\r\n<tr>\r\n<td width="50%">\r\n<p><img src="%invoice_logo_url%" alt="" /></p>\r\n</td>\r\n<td align="right" width="50%">\r\n<h1>%payment_status%</h1>\r\n</td>\r\n</tr>\r\n</tbody>\r\n</table></td>\r\n</tr>\r\n<tr>\r\n  <td><br /><table border="0" cellpadding="0" cellspacing="0" style="width: 100%;">\r\n    <tbody>\r\n      <tr>\r\n        <td width="50%"><table width="98%" height="100" border="0" cellspacing="0" cellpadding="10" class="invoice-to">\r\n          <tbody>\r\n            <tr>\r\n              <td valign="top" style="border:2px solid #D3EE9D; background-color:#F2FAE2"><p style="line-height:28px; margin:0; padding:0; font-weight:bold;">Invoiced To</p>\r\n                %invoiceTo%</td>\r\n            </tr>\r\n          </tbody>\r\n        </table></td>\r\n        <td id="invoicecontent" width="50%"><table width="98%" height="100" border="0" align="right" cellpadding="10" cellspacing="0" class="pay-to" id="invoicetoptables">\r\n          <tbody>\r\n            <tr>\r\n              <td valign="top" style="border:2px solid #FFE89F; background-color:#FFFFDD"><p style="line-height:28px; margin:0; padding:0; font-weight:bold;">Pay To</p>\r\n                %payTo%</td>\r\n            </tr>\r\n          </tbody>\r\n        </table></td>\r\n      </tr>\r\n    </tbody>\r\n  </table><br />\r\n  </td>\r\n</tr>\r\n\r\n<tr>\r\n  <td>\r\n<p style="line-height:28px; margin:0; padding:0; font-weight:bold;">Dear&nbsp;</strong>%title% %firstName% %lastName%,&nbsp;</p>\r\nWe are sorry to inform you that the following invoice has been cancelled.<br /><br /><br />\r\n<table width="100%" height="50" border="0" cellspacing="0" cellpadding="10" bgcolor="#F3F3F3" class="invoice-id">\r\n<tr>\r\n  <td style="border:1px solid #AAAAAA; border-style:dashed; font-size:16px; line-height:14px; margin:0; padding:10px; font-weight:bold;"><p>Invoice Number : %invoice_id%</p><p>Invoice Date : %invoice_date%</p>\r\n  <p>Total Amount : %invoice_amount%</p></td>\r\n</tr>\r\n</table>\r\n<br />\r\n<br /><br />\r\n<div style="font-weight:bold; text-decoration:underline">You may review your invoice history at any time by logging in to your client area. Here is a short detail as follows:</div><br /><br />%invoice_table%<br /><br /><br />You can login to your client area to re-view this invoice and contact with our billing team for further details.<br />\r\n<br />\r\n<br />\r\n\r\n<p style="line-height:28px; margin:0; padding:0; font-weight:bold;">Kind Regards,</p>Service Team<br />%site_name%<br />%site_url%</p>\r\n</td>\r\n</tr>\r\n</tbody>\r\n</table>\r\n</div>', '2012-07-15 10:22:12');

-- --------------------------------------------------------

--
-- Table structure for table `news_category`
--

CREATE TABLE IF NOT EXISTS `news_category` (
  `id` int(11) NOT NULL AUTO_INCREMENT,
  `group_id` int(11) DEFAULT NULL,
  `entry_by` int(11) DEFAULT '1',
  `category_name` varchar(255) COLLATE utf8_unicode_ci DEFAULT NULL,
  `category_title` varchar(255) COLLATE utf8_unicode_ci DEFAULT NULL,
  `category_thumb` varchar(255) COLLATE utf8_unicode_ci DEFAULT NULL,
  `category_desc` longblob,
  `parent` int(11) DEFAULT '0',
  `category_order` int(11) DEFAULT '0',
  `cat_date` datetime DEFAULT NULL,
  `featured` tinyint(4) DEFAULT '0',
  `active` tinyint(4) DEFAULT '1',
  `meta_title` varchar(255) COLLATE utf8_unicode_ci DEFAULT NULL,
  `meta_keywords` varchar(255) COLLATE utf8_unicode_ci DEFAULT NULL,
  `meta_desc` text COLLATE utf8_unicode_ci,
  PRIMARY KEY (`id`)
) ENGINE=InnoDB  DEFAULT CHARSET=utf8 COLLATE=utf8_unicode_ci AUTO_INCREMENT=47 ;

--
-- Dumping data for table `news_category`
--

INSERT INTO `news_category` (`id`, `group_id`, `entry_by`, `category_name`, `category_title`, `category_thumb`, `category_desc`, `parent`, `category_order`, `cat_date`, `featured`, `active`, `meta_title`, `meta_keywords`, `meta_desc`) VALUES
(7, 3, 1, 'Folder1', 'Folder1', 'SuperStock_1555R-220045.jpg', 0x466f6c64657231, 0, 1, '2010-08-19 08:09:42', 0, 1, '', '', ''),
(8, 3, 1, 'Folder2', 'Folder2', 'SuperStock_1555R-220045.jpg', 0x466f6c64657232, 7, 1, '2010-08-19 08:13:28', 0, 1, '', '', ''),
(9, 5, 1, 'Advertise Category', 'Advertise-Category', '1277981528Teaandbingo.jpg', 0x546f6d626f6c612042696e676f206973206f6e65206f66207468652062657374206f6e6c696e652062696e676f20736974657320546f2072656164202e2e2e, 0, 1, '2010-09-30 11:04:04', 0, 1, '', '', ''),
(10, 5, 1, 'left Ad', 'left Ad', '', 0x6c656674204164, 9, 1, '2010-10-04 08:31:32', 0, 1, '', '', ''),
(11, 5, 1, 'Right Ad', 'Right Ad', '', 0x5269676874204164, 9, 2, '2010-10-04 08:32:12', 0, 1, '', '', ''),
(12, 5, 1, 'Top Ad', 'Top-Ad', 'ad-slot.gif', 0x546f70204164, 9, 3, '2010-10-04 08:32:41', 0, 1, '', '', ''),
(13, 5, 2, 'Property Advertise', 'Property-Advertise', '', 0x50726f706572747920416476657274697365, 0, 2, '2011-01-15 03:55:12', 0, 1, '', '', ''),
(14, 5, 2, 'Right Advertise', 'Right-Advertise', 'property-ad.jpg', 0x4c65667420416476657274697365, 13, 1, '2011-01-15 03:57:34', 0, 1, '', '', ''),
(15, 5, 1, 'Travels Advertisement', 'Travels-Advertisement', '', 0x54726176656c73204164766572746973656d656e74, 0, 3, '2011-09-19 12:32:21', 0, 1, '', '', ''),
(16, 5, 1, 'Right Ad', 'Right-Ad', '', 0x5269676874204164, 15, 1, '2011-09-19 12:32:41', 0, 1, '', '', ''),
(17, 5, 1, 'Frontend Box Ad', 'Frontend-Box-Ad', '', 0x46726f6e74656e6420426f78204164, 15, 2, '2011-09-19 12:46:20', 0, 1, '', '', ''),
(18, 5, 1, 'Footer Ad', 'Footer-Ad', '', 0x466f6f746572204164, 15, 3, '2011-09-19 12:52:10', 0, 1, '', '', ''),
(19, 5, 1, 'Flight Home Ad', 'Flight-Home-Ad', '', 0x466c6967687420486f6d65204164, 15, 4, '2011-12-14 07:03:46', 0, 1, '', '', ''),
(20, 5, 1, 'Footer Advertise', 'Footer-Advertise', 'property-ad.jpg', 0x466f6f74657220416476657274697365, 13, 2, '2011-12-27 09:13:56', 0, 1, '', '', ''),
(21, 5, 1, 'Logistics', 'Logistics', '', 0x4c6f67697374696373, 0, 4, '2012-01-31 09:03:23', 0, 1, '', '', ''),
(22, 5, 1, 'Scrolling AD', 'Scrolling-AD', '', 0x5363726f6c6c696e67204144, 21, 1, '2012-01-31 09:04:00', 0, 1, '', '', ''),
(23, 5, 1, 'Right Sidebar', 'Right-Sidebar', '', 0x52696768742053696465626172, 21, 2, '2012-02-01 10:03:45', 0, 1, '', '', ''),
(24, 5, 1, 'Autos Ad', 'Autos-Ad', '', 0x4175746f73204164, 0, 5, '2012-02-07 07:31:38', 0, 1, 'Autos Ad', 'Autos Ad', 'Autos Ad'),
(25, 5, 1, 'Top Ad', 'Top-Ad-25', '', 0x546f70204164, 24, 1, '2012-02-07 07:32:32', 0, 1, 'Top Ad', 'Top Ad', 'Top Ad'),
(26, 5, 1, 'Left Ad', 'Left-Ad', '', 0x4c656674204164, 24, 2, '2012-02-07 07:32:48', 0, 1, 'Left Ad', 'Left Ad', 'Left Ad'),
(27, 5, 1, 'Footer Ad', 'Footer-Ad-27', '', 0x466f6f746572204164, 24, 3, '2012-02-07 07:33:07', 0, 1, 'Footer Ad', 'Footer Ad', 'Footer Ad'),
(28, 5, 1, 'Brand Ad', 'Brand-Ad', '', 0x4272616e64204164, 24, 4, '2012-02-15 04:38:57', 0, 1, 'Brand Ad', 'Brand Ad', 'Brand Ad'),
(29, 5, 1, 'CMS AD', 'CMS-AD', '', 0x434d53204144, 0, 6, '2012-04-11 08:53:14', 0, 1, '', '', ''),
(30, 5, 1, 'Header', 'Header', '', 0x486561646572, 29, 1, '2012-04-11 08:53:31', 0, 1, '', '', ''),
(31, 5, 1, 'Scrolling AD', 'Scrolling-AD-31', '', 0x5363726f6c6c696e67204144, 29, 2, '2012-04-11 08:53:59', 0, 1, '', '', ''),
(35, 1, 1, 'News', 'News', 'licenses_menu.gif', 0x4e657773, 0, 1, '2012-04-24 12:57:10', 0, 1, '', '', ''),
(36, 1, 1, 'Licenses', 'Licenses', 'licenses_menu.gif', 0x4c6963656e736573, 35, 1, '2012-04-24 12:58:30', 0, 1, '', '', ''),
(37, 1, 1, 'Setup and Configuration', 'Setup-and-Configuration', '', 0x536574757020616e6420436f6e66696775726174696f6e, 35, 2, '2012-04-25 05:21:08', 0, 1, '', '', ''),
(38, 1, 1, 'FAQ', 'FAQ', '', 0x20464151, 35, 3, '2012-04-25 05:24:31', 0, 1, '', '', ''),
(39, 1, 1, 'Developer Documentation', 'Developer-Documentation', 'modules-(1).jpg', 0x446576656c6f70657220446f63756d656e746174696f6e, 35, 4, '2012-04-25 05:26:07', 0, 1, '', '', ''),
(40, 1, 1, 'HowTo, Tips & Tricks', 'HowTo,-Tips-Tricks', 'Global-Settings-1-(1).jpg', 0x486f77546f2c2054697073202620547269636b73, 35, 5, '2012-04-25 05:26:29', 0, 1, '', '', ''),
(41, 1, 1, 'Product Wise Documentation', 'Product-Wise-Documentation', 'Basic_Search.jpg', 0x50726f64756374205769736520446f63756d656e746174696f6e, 35, 6, '2012-04-25 05:27:06', 0, 1, '', '', ''),
(42, 1, 1, 'Maintenance and Optimization', 'Maintenance-and-Optimization', '', 0x4d61696e74656e616e636520616e64204f7074696d697a6174696f6e, 35, 7, '2012-04-25 05:28:30', 0, 1, '', '', ''),
(43, 1, 1, 'Templates Customization', 'Templates-Customization', '', 0x54656d706c6174657320437573746f6d697a6174696f6e, 35, 8, '2012-04-25 05:28:58', 0, 1, '', '', ''),
(45, 1, 1, 'Knowledgebase', 'Knowledgebase', '', 0x4b6e6f776c6564676562617365, 35, 9, '2012-04-25 11:26:30', 0, 1, '', '', ''),
(46, 1, 1, 'Site Building Guide', 'Site-Building-Guide', '', 0x53697465204275696c64696e67204775696465, 35, 10, '2012-04-26 12:15:18', 0, 1, '', '', '');

-- --------------------------------------------------------

--
-- Table structure for table `news_group`
--

CREATE TABLE IF NOT EXISTS `news_group` (
  `id` int(11) NOT NULL AUTO_INCREMENT,
  `news_name` varchar(255) COLLATE utf8_unicode_ci DEFAULT NULL,
  `role_id` int(11) DEFAULT '0',
  `news_type` varchar(255) COLLATE utf8_unicode_ci DEFAULT NULL,
  `calendar_on_off` enum('1','0') COLLATE utf8_unicode_ci DEFAULT '1',
  `category_on_off` enum('1','0') COLLATE utf8_unicode_ci DEFAULT '1',
  `entry_by` int(11) DEFAULT '1',
  `dynamic_form` int(11) DEFAULT NULL,
  `active` enum('1','0') COLLATE utf8_unicode_ci DEFAULT '1',
  `cat_num_per_page` int(11) DEFAULT '9',
  `cat_col_num` int(11) DEFAULT '3',
  `cat_sort` varchar(255) COLLATE utf8_unicode_ci DEFAULT NULL,
  `cat_order` varchar(255) COLLATE utf8_unicode_ci DEFAULT NULL,
  `latest_cat_on` enum('0','1') COLLATE utf8_unicode_ci DEFAULT '0',
  `latest_cat_num_per_page` int(11) DEFAULT '3',
  `latest_cat_sort` varchar(255) COLLATE utf8_unicode_ci DEFAULT NULL,
  `latest_cat_order` varchar(255) COLLATE utf8_unicode_ci DEFAULT NULL,
  `fearured_cat_on` enum('0','1') COLLATE utf8_unicode_ci DEFAULT '0',
  `fearured_cat_num_per_page` int(11) DEFAULT '3',
  `fearured_cat_sort` varchar(255) COLLATE utf8_unicode_ci DEFAULT NULL,
  `fearured_cat_order` varchar(255) COLLATE utf8_unicode_ci DEFAULT NULL,
  `news_num_per_page` int(11) DEFAULT '9',
  `news_col_num` int(11) DEFAULT '3',
  `news_sort` varchar(255) COLLATE utf8_unicode_ci DEFAULT NULL,
  `news_order` varchar(255) COLLATE utf8_unicode_ci DEFAULT NULL,
  `latest_news_on` enum('0','1') COLLATE utf8_unicode_ci DEFAULT '0',
  `latest_news_num_per_page` int(11) DEFAULT '3',
  `latest_news_sort` varchar(255) COLLATE utf8_unicode_ci DEFAULT NULL,
  `latest_news_order` varchar(255) COLLATE utf8_unicode_ci DEFAULT NULL,
  `featured_news_on` enum('0','1') COLLATE utf8_unicode_ci DEFAULT '1',
  `featured_news_num_per_page` int(11) DEFAULT '3',
  `featured_news_sort` varchar(255) COLLATE utf8_unicode_ci DEFAULT NULL,
  `featured_news_order` varchar(255) COLLATE utf8_unicode_ci DEFAULT NULL,
  `img_type` varchar(255) COLLATE utf8_unicode_ci DEFAULT NULL,
  `file_size_max` int(11) DEFAULT '0',
  `news_cat_thumb_width` int(11) DEFAULT '60',
  `news_cat_thumb_height` int(11) DEFAULT '70',
  `news_cat_thumb_resize_func` varchar(255) COLLATE utf8_unicode_ci DEFAULT NULL,
  `news_thumb_width` int(11) DEFAULT '60',
  `news_thumb_height` int(11) DEFAULT '70',
  `news_thumb_resize_func` varchar(225) COLLATE utf8_unicode_ci DEFAULT NULL,
  `num_breaking_news` int(11) DEFAULT '10',
  `num_category_box_string` varchar(255) COLLATE utf8_unicode_ci DEFAULT NULL,
  `num_news_each_block` int(11) DEFAULT '2',
  `category_panel` enum('0','1') COLLATE utf8_unicode_ci DEFAULT '1',
  `news_desc_truncate` int(11) DEFAULT '230',
  `meta_title` varchar(255) COLLATE utf8_unicode_ci DEFAULT NULL,
  `meta_keywords` varchar(255) COLLATE utf8_unicode_ci DEFAULT NULL,
  `meta_desc` text COLLATE utf8_unicode_ci,
  PRIMARY KEY (`id`)
) ENGINE=InnoDB  DEFAULT CHARSET=utf8 COLLATE=utf8_unicode_ci AUTO_INCREMENT=6 ;

--
