-- http://www.phpmyadmin.net
-- 
-- 
-- Database: `zendcms`
-- 



-- --------------------------------------------------------

-- 
-- Table structure for table `cities`
-- 

CREATE TABLE IF NOT EXISTS `cities` (
  `city_id` bigint(20) NOT NULL AUTO_INCREMENT,
  `city` varchar(255) DEFAULT NULL,
  `state_id` int(11) DEFAULT '0',
  PRIMARY KEY (`city_id`)
) ENGINE=InnoDB  DEFAULT CHARSET=latin1 AUTO_INCREMENT=95 ;

-- 
-- Dumping data for table `cities`
-- 

INSERT INTO `cities` (`city_id`, `city`, `state_id`) VALUES 
(37, 'Archway', 9),
(38, 'Bounds Green', 10),
(39, 'Bethnal Green', 11),
(41, 'Clapton', 12),
(42, 'Camden', 13),
(43, 'Camden Town', 14),
(44, 'Caledonia Road', 15),
(46, 'Dalston', 16),
(47, 'Edmonton', 17),
(48, 'Enfield', 18),
(49, 'Finsbury Park', 19),
(52, 'Hackney', 20),
(53, 'Hoxton', 17),
(54, 'Hornsey', 22),
(55, 'Homerton', 23),
(56, 'Haringey', 24),
(58, 'Highbury', 25),
(59, 'Holloway', 26),
(60, 'Islington', 20),
(61, 'Leyton', 28),
(62, 'Leytonstone', 29),
(63, 'Manor House', 30),
(64, 'Newington Green', 31),
(65, 'Ponders End', 32),
(66, 'Palmers Green', 33),
(67, 'Stoke Newington', 34),
(68, 'Shoreditch', 35),
(69, 'Seven Sisters', 36),
(70, 'Stamford Hill', 37),
(71, 'Tottenham', 38),
(72, 'Turnpike Lane', 39),
(73, 'Wood Green', 40),
(80, 'E2', 41),
(81, 'E5', 42),
(82, 'E8,E9', 43),
(83, 'N1', 44),
(84, 'N5', 45),
(85, 'N7', 47),
(86, 'N16', 48),
(89, 'Walthamstow', 48),
(91, 'Hackney Fields', 49),
(92, 'Barnet', 50),
(93, 'Gulshan', 51),
(94, 'hfdhfdh', 53);


-- --------------------------------------------------------

-- 
-- Table structure for table `countries`
-- 

CREATE TABLE IF NOT EXISTS `countries` (
  `id` int(6) NOT NULL AUTO_INCREMENT,
  `value` varchar(250) NOT NULL DEFAULT '',
  PRIMARY KEY (`id`)
) ENGINE=InnoDB  DEFAULT CHARSET=latin1 AUTO_INCREMENT=242 ;

-- 
-- Dumping data for table `countries`
-- 

INSERT INTO `countries` (`id`, `value`) VALUES 
(1, 'Afghanistan'),
(2, 'Aland Islands'),
(3, 'Albania'),
(4, 'Algeria'),
(5, 'American Samoa'),
(6, 'Andorra'),
(7, 'Angola'),
(8, 'Anguilla'),
(9, 'Antarctica'),
(10, 'Antigua and Barbuda'),
(11, 'Argentina'),
(12, 'Armenia'),
(13, 'Aruba'),
(14, 'Australia'),
(15, 'Austria'),
(16, 'Azerbaijan'),
(17, 'Bahamas'),
(18, 'Bahrain'),
(19, 'Bangladesh'),
(20, 'Barbados'),
(21, 'Belarus'),
(22, 'Belgium'),
(23, 'Belize'),
(24, 'Benin'),
(25, 'Bermuda'),
(26, 'Bhutan'),
(27, 'Bolivia'),
(28, 'Bosnia and Herzegovina'),
(29, 'Botswana'),
(30, 'Bouvet Island'),
(31, 'Brazil'),
(32, 'British Indian Ocean territory'),
(33, 'Brunei Darussalam'),
(34, 'Bulgaria'),
(35, 'Burkina Faso'),
(36, 'Burundi'),
(37, 'Cambodia'),
(38, 'Cameroon'),
(39, 'Canada'),
(40, 'Cape Verde'),
(41, 'Cayman Islands'),
(42, 'Central African Republic'),
(43, 'Chad'),
(44, 'Chile'),
(45, 'China'),
(46, 'Christmas Island'),
(47, 'Cocos (Keeling) Islands'),
(48, 'Colombia'),
(49, 'Comoros'),
(50, 'Congo'),
(51, 'Congo'),
(52, 'Democratic Republic'),
(53, 'Cook Islands'),
(54, 'Costa Rica'),
(55, 'Ivoire (Ivory Coast)'),
(56, 'Croatia (Hrvatska)'),
(57, 'Cuba'),
(58, 'Cyprus'),
(59, 'Czech Republic'),
(60, 'Denmark'),
(61, 'Djibouti'),
(62, 'Dominica'),
(63, 'Dominican Republic'),
(64, 'East Timor'),
(65, 'Ecuador'),
(66, 'Egypt'),
(67, 'El Salvador'),
(68, 'Equatorial Guinea'),
(69, 'Eritrea'),
(70, 'Estonia'),
(71, 'Ethiopia'),
(72, 'Falkland Islands'),
(73, 'Faroe Islands'),
(74, 'Fiji'),
(75, 'Finland'),
(76, 'France'),
(77, 'French Guiana'),
(78, 'French Polynesia'),
(79, 'French Southern Territories'),
(80, 'Gabon'),
(81, 'Gambia'),
(82, 'Georgia'),
(83, 'Germany'),
(84, 'Ghana'),
(85, 'Gibraltar'),
(86, 'Greece'),
(87, 'Greenland'),
(88, 'Grenada'),
(89, 'Guadeloupe'),
(90, 'Guam'),
(91, 'Guatemala'),
(92, 'Guinea'),
(93, 'Guinea-Bissau'),
(94, 'Guyana'),
(95, 'Haiti'),
(96, 'Heard and McDonald Islands'),
(97, 'Honduras'),
(98, 'Hong&nbsp;Kong'),
(99, 'Hungary'),
(100, 'Iceland'),
(101, 'India'),
(102, 'Indonesia'),
(103, 'Iran'),
(104, 'Iraq'),
(105, 'Ireland'),
(106, 'Israel'),
(107, 'Italy'),
(108, 'Jamaica'),
(109, 'Japan'),
(110, 'Jordan'),
(111, 'Kazakhstan'),
(112, 'Kenya'),
(113, 'Kiribati'),
(114, 'Korea (north)'),
(115, 'Korea (south)'),
(116, 'Kuwait'),
(117, 'Kyrgyzstan'),
(118, 'Lao People''s Democratic Republic'),
(119, 'Latvia'),
(120, 'Lebanon'),
(121, 'Lesotho'),
(122, 'Liberia'),
(123, 'Libyan Arab Jamahiriya'),
(124, 'Liechtenstein'),
(125, 'Lithuania'),
(126, 'Luxembourg'),
(127, 'Macao'),
(128, 'Macedonia'),
(129, 'Madagascar'),
(130, 'Malawi'),
(131, 'Malaysia'),
(132, 'Maldives'),
(133, 'Mali'),
(134, 'Malta'),
(135, 'Marshall Islands'),
(136, 'Martinique'),
(137, 'Mauritania'),
(138, 'Mauritius'),
(139, 'Mayotte'),
(140, 'Mexico'),
(141, 'Micronesia'),
(142, 'Moldova'),
(143, 'Monaco'),
(144, 'Mongolia'),
(145, 'Montserrat'),
(146, 'Morocco'),
(147, 'Mozambique'),
(148, 'Myanmar'),
(149, 'Namibia'),
(150, 'Nauru'),
(151, 'Nepal'),
(152, 'Netherlands'),
(153, 'Netherlands Antilles'),
(154, 'New Caledonia'),
(155, 'New Zealand'),
(156, 'Nicaragua'),
(157, 'Niger'),
(158, 'Nigeria'),
(159, 'Niue'),
(160, 'Norfolk Island'),
(161, 'Northern Mariana Islands'),
(162, 'Norway'),
(163, 'Oman'),
(164, 'Pakistan'),
(165, 'Palau'),
(166, 'Palestinian Territories'),
(167, 'Panama'),
(168, 'Papua New Guinea'),
(169, 'Paraguay'),
(170, 'Peru'),
(171, 'Philippines'),
(172, 'Pitcairn'),
(173, 'Poland'),
(174, 'Portugal'),
(175, 'Puerto Rico'),
(176, 'Qatar'),
(177, 'Reacute union'),
(178, 'Romania'),
(179, 'Russian Federation'),
(180, 'Rwanda'),
(181, 'Saint Helena'),
(182, 'Saint Kitts and Nevis'),
(183, 'Saint Lucia'),
(184, 'Saint Pierre and Miquelon'),
(185, 'Saint Vincent and the Grenadines'),
(186, 'Samoa'),
(187, 'San Marino'),
(188, 'Sao Tome and Principe'),
(189, 'Saudi Arabia'),
(190, 'Senegal'),
(191, 'Serbia and Montenegro'),
(192, 'Seychelles'),
(193, 'Sierra Leone'),
(194, 'Singapore'),
(195, 'Slovakia'),
(196, 'Slovenia'),
(197, 'Solomon Islands'),
(198, 'Somalia'),
(199, 'South Africa'),
(200, 'South Georgia and the South Sandwich Islands'),
(201, 'Spain'),
(202, 'Sri Lanka'),
(203, 'Sudan'),
(204, 'Suriname'),
(205, 'Svalbard and Jan Mayen Islands'),
(206, 'Swaziland'),
(207, 'Sweden'),
(208, 'Switzerland'),
(209, 'Syria'),
(210, 'Taiwan'),
(211, 'Tajikistan'),
(212, 'Tanzania'),
(213, 'Thailand'),
(214, 'Togo'),
(215, 'Tokelau'),
(216, 'Tonga'),
(217, 'Trinidad and Tobago'),
(218, 'Tunisia'),
(219, 'Turkey'),
(220, 'Turkmenistan'),
(221, 'Turks and Caicos Islands'),
(222, 'Tuvalu'),
(223, 'Uganda'),
(224, 'Ukraine'),
(225, 'United Arab Emirates'),
(226, 'United Kingdom'),
(227, 'United States of America'),
(228, 'Uruguay'),
(229, 'Uzbekistan'),
(230, 'Vanuatu'),
(231, 'Vatican City'),
(232, 'Venezuela'),
(233, 'Vietnam'),
(234, 'Virgin Islands (British)'),
(235, 'Virgin Islands (US)'),
(236, 'Wallis and Futuna Islands'),
(237, 'Western Sahara'),
(238, 'Yemen'),
(239, 'Zaire'),
(240, 'Zambia'),
(241, 'Zimbabwe');

-- --------------------------------------------------------

-- 
-- Table structure for table `jtheme`
-- 

CREATE TABLE IF NOT EXISTS `jtheme` (
  `id` int(11) NOT NULL AUTO_INCREMENT,
  `theme_thumb` varchar(255) DEFAULT NULL,
  `theme_name` varchar(255) DEFAULT NULL,
  `theme_folder` varchar(255) DEFAULT NULL,
  `theme_desc` text,
  `theme_date` date DEFAULT NULL,
  `theme_default` enum('0','1') DEFAULT '0',
  PRIMARY KEY (`id`)
) ENGINE=InnoDB  DEFAULT CHARSET=latin1 AUTO_INCREMENT=25 ;

-- 
-- Dumping data for table `jtheme`
-- 

INSERT INTO `jtheme` (`id`, `theme_thumb`, `theme_name`, `theme_folder`, `theme_desc`, `theme_date`, `theme_default`) VALUES 
(1, 'theme_ui_dark.png', 'UI Darkness', 'ui-darkness', 'UI Darkness', '0000-00-00', '0'),
(2, 'theme_ui_light.png', 'UI Lightness', 'ui-lightness', '', '0000-00-00', '0'),
(3, 'theme_redmond.png', 'Redmond', 'redmond', '', '0000-00-00', '0'),
(4, 'theme_custom.png', 'Custom Theme', 'custom-theme', 'custom-theme', '0000-00-00', '0'),
(5, 'theme_start.png', 'Start', 'start', 'Start', '0000-00-00', '0'),
(6, 'theme_sunny.png', 'Sunny', 'sunny', '', '0000-00-00', '0'),
(7, 'theme_overcast.png', 'Overcast', 'overcast', '', '0000-00-00', '0'),
(8, 'theme_le-frog.png', 'Le Frog', 'le-frog', '', '0000-00-00', '0'),
(9, 'theme_flick.png', 'Flick', 'flick', '', '0000-00-00', '0'),
(10, 'theme_pepper-grinder.png', 'Pepper Grinder', 'pepper-grinder', '', '0000-00-00', '0'),
(11, 'theme_eggplant.png', 'Egg Plant', 'eggplant', '', '0000-00-00', '0'),
(12, 'theme_dark-hive.png', 'Dark Hive', 'dark-hive', '', '0000-00-00', '0'),
(13, 'theme_cupertino.png', 'Cupertino', 'cupertino', '', '0000-00-00', '1'),
(14, 'theme_south-street.png', 'South Street', 'south-street', '', '0000-00-00', '0'),
(15, 'theme_blitzer.png', 'Blitzer', 'blitzer', '', '0000-00-00', '0'),
(16, 'theme_humanity.png', 'Humanity', 'humanity', '', '0000-00-00', '0'),
(17, 'theme_hot-sneaks.png', 'Hot Sneaks', 'hot-sneaks', '', '0000-00-00', '0'),
(18, 'theme_excite-bike.png', 'Excite Bike', 'excite-bike', '', '0000-00-00', '0'),
(19, 'theme_vader.png', 'Vader', 'vader', '', '0000-00-00', '0'),
(20, 'theme_dot-luv.png', 'Dot Luv', 'dot-luv', '', '0000-00-00', '0'),
(21, 'theme_mint-choc.png', 'Mint Choc', 'mint-choc', '', '0000-00-00', '0'),
(22, 'theme_black-tie.png', 'Black Tie', 'black-tie', '', '0000-00-00', '0'),
(23, 'theme_trontastic.png', 'Trontastic', 'trontastic', '', '0000-00-00', '0'),
(24, 'theme_swanky-purse.png', 'Swanky Purse', 'swanky-purse', '', '0000-00-00', '0');

-- --------------------------------------------------------

-- 
-- Table structure for table `menu`
-- 

CREATE TABLE IF NOT EXISTS `menu` (
  `menu_id` int(5) NOT NULL AUTO_INCREMENT,
  `group_id` tinyint(4) NOT NULL DEFAULT '0',
  `menu_name` varchar(255) NOT NULL DEFAULT '',
  `menu_title` varchar(255) NOT NULL DEFAULT '',
  `menu_order` int(5) NOT NULL DEFAULT '0',
  `parent` int(11) DEFAULT '0',
  `target` enum('_self','_blank','_parent','_top') DEFAULT '_self',
  `menu_default` enum('0','1') DEFAULT '0',
  `menu_status` enum('0','1') DEFAULT '1',                          
  `external_link` varchar(255) DEFAULT NULL,
  PRIMARY KEY (`menu_id`)
) ENGINE=InnoDB  DEFAULT CHARSET=latin1 AUTO_INCREMENT=32 ;

-- 
-- Dumping data for table `menu`
-- 

INSERT INTO `menu` (`menu_id`, `group_id`, `menu_name`, `menu_title`, `menu_order`, `parent`, `target`, `menu_default`, `menu_status`,`external_link`) VALUES 
(1, 1, 'Home', 'Home', 1, 0, '_self', '1', '1',''),
(2, 1, 'About Us', 'About Us', 2, 0, '_self', '0', '1',''),
(3, 1, 'Gallery', 'Gallery', 1, 4, '_self', '0', '1',''),
(4, 1, 'Image Gallery', 'Image Gallery', 6, 3, '_self', '0', '1',''),
(5, 1, 'Video Gallery', 'Video Gallery', 2, 10, '_self', '0', '1',''),
(6, 1, 'Sign Up', 'Sign Up', 4, 0, '_self', '0', '1',''),
(7, 1, 'Food', 'Food', 4, 3, '_self', '0', '1',''),
(8, 1, 'Chicken', 'Chicken', 5, 3, '_self', '0', '1',''),
(9, 1, 'Projects', 'Projects', 6, 0, '_self', '0', '1',''),
(10, 1, 'Gallery', 'Gallery', 5, 0, '_self', '0', '1',''),
(11, 1, 'Image Gallery', 'Image Gallery', 1, 10, '_self', '0', '1',''),
(22, 1, 'News', 'News', 7, 0, '_self', '0', '1',''),
(23, 1, 'Archive', 'Archive', 8, 0, '_self', '0', '1',''),
(24, 1, 'Feedback', 'Feedback', 9, 0, '_self', '0', '1',''),
(25, 1, 'Contact Us', 'Contact Us', 10, 0, '_self', '0', '1',''),
(26, 1, 'Business', 'Business', 1, 22, '_self', '0', '1',''),
(27, 1, 'Business Page', 'Business Page', 1, 26, '_self', '0', '1',''),
(28, 1, 'Sign In', 'Sign In', 3, 0, '_self', '0', '1',''),
(30, 1, 'Admin Login', 'Admin Login', 11, 0, '_self', '0', '1',''),
(31, 1, 'Open Gallery', 'Open Gallery', 12, 0, '_self', '0', '1','');

-- --------------------------------------------------------

-- 
-- Table structure for table `menu_assign`
-- 

CREATE TABLE IF NOT EXISTS `menu_assign` (
  `id` int(11) NOT NULL AUTO_INCREMENT,
  `menu_id` int(11) DEFAULT NULL,
  `module_name` varchar(255) DEFAULT NULL,
  `controller_name` varchar(255) DEFAULT NULL,
  `action_name` varchar(255) DEFAULT NULL,
  `page_id` varchar(255) DEFAULT NULL,
  `assign_order` int(11) DEFAULT '0',
  PRIMARY KEY (`id`)
) ENGINE=InnoDB  DEFAULT CHARSET=latin1 AUTO_INCREMENT=72 ;

-- 
-- Dumping data for table `menu_assign`
-- 

INSERT INTO `menu_assign` (`id`, `menu_id`, `module_name`, `controller_name`, `action_name`, `page_id`, `assign_order`) VALUES 
(15, 2, 'Articles', 'frontend', 'view', '2', 0),
(18, 6, 'Members', 'frontend', 'register', '', 0),
(19, 4, 'Gallery', 'frontend', 'view', '1', 0),
(20, 5, 'Gallery', 'frontend', 'view', '2', 0),
(21, 7, 'Gallery', 'frontend', 'catagories', '1', 0),
(22, 8, 'Gallery', 'frontend', 'catagories', '14', 0),
(23, 9, 'Projects', 'index', 'filepreview', '', 0),
(24, 11, 'Gallery', 'frontend', 'view', '1', 0),
(35, 22, 'News', 'frontend', 'view', '1', 0),
(36, 23, 'News', 'frontend', 'archive', '1', 0),
(37, 24, 'News', 'feedback', 'list', '2', 0),
(40, 25, 'Contact', 'view', 'form', '', 0),
(52, 27, 'News', 'frontend', 'article', '19', 0),
(65, 1, 'Articles', 'frontend', 'view', '2,1', 0),
(66, 28, 'Members', 'frontend', 'login', '', 0),
(67, 26, 'News', 'frontend', 'categories', '6', 0),
(70, 30, 'Administrator', 'login', 'index', '', 0),
(71, 31, 'Gallery', 'frontend', 'view', '3', 0);

-- --------------------------------------------------------

-- 
-- Table structure for table `menu_group`
-- 

CREATE TABLE IF NOT EXISTS `menu_group` (
  `id` int(11) NOT NULL AUTO_INCREMENT,
  `group_name` varchar(255) DEFAULT NULL,
  `active` int(11) DEFAULT '0',
  PRIMARY KEY (`id`)
) ENGINE=InnoDB  DEFAULT CHARSET=latin1 AUTO_INCREMENT=5 ;

-- 
-- Dumping data for table `menu_group`
-- 

INSERT INTO `menu_group` (`id`, `group_name`, `active`) VALUES 
(1, 'Top Menu', 1),
(2, 'Vertical Menu', 0),
(3, 'Second Top Menu', 0),
(4, 'Second Vertical Menu', 0);

-- --------------------------------------------------------

-- 
-- Table structure for table `modules`
-- 

CREATE TABLE IF NOT EXISTS `modules` (
  `module_id` int(11) NOT NULL AUTO_INCREMENT,
  `module_name` varchar(255) DEFAULT NULL,
  `module_description` tinytext,
  `module_thumbnil` tinytext,
  `module_author` varchar(255) DEFAULT NULL,
  `module_email` varchar(255) DEFAULT NULL,
  `module_version` varchar(255) DEFAULT NULL,
  `module_license` varchar(255) DEFAULT NULL,
  `enable_disable` int(11) DEFAULT '1',
  PRIMARY KEY (`module_id`)
) ENGINE=InnoDB  DEFAULT CHARSET=latin1 AUTO_INCREMENT=4 ;

-- 
-- Dumping data for table `modules`
-- 

INSERT INTO `modules` (`module_id`, `module_name`, `module_description`, `module_thumbnil`, `module_author`, `module_email`, `module_version`, `module_license`, `enable_disable`) VALUES 
(1, 'Members', 'Manage Users, Search Users, Add, Edit, Delete and Active Deactive Users', NULL, NULL, NULL, NULL, NULL, 1),
(2, 'Administrator', NULL, NULL, NULL, NULL, NULL, NULL, 1),
(3, 'News', NULL, NULL, NULL, NULL, NULL, NULL, 1);



-- --------------------------------------------------------

-- 
-- Table structure for table `privilege`
-- 

CREATE TABLE IF NOT EXISTS `privilege` (
  `privilege_id` int(11) NOT NULL AUTO_INCREMENT,
  `privilege_name` varchar(255) DEFAULT NULL,
  `privilege_description` varchar(255) DEFAULT NULL,
  `module_name` varchar(255) DEFAULT NULL,
  `controller_name` varchar(255) DEFAULT NULL,
  PRIMARY KEY (`privilege_id`)
) ENGINE=InnoDB  DEFAULT CHARSET=latin1 AUTO_INCREMENT=141 ;







-- --------------------------------------------------------

-- 
-- Table structure for table `resource`
-- 

CREATE TABLE IF NOT EXISTS `resource` (
  `resource_id` int(11) NOT NULL AUTO_INCREMENT,
  `resource_description` text,
  `module_name` varchar(255) DEFAULT NULL,
  `controller_name` varchar(255) DEFAULT NULL,
  `parent_id` int(11) DEFAULT '0',
  PRIMARY KEY (`resource_id`)
) ENGINE=InnoDB  DEFAULT CHARSET=latin1 AUTO_INCREMENT=66 ;



-- --------------------------------------------------------

-- 
-- Table structure for table `roles`
-- 

CREATE TABLE IF NOT EXISTS `roles` (
  `role_id` int(11) NOT NULL AUTO_INCREMENT,
  `role_name` varchar(255) DEFAULT NULL,
  `role_desc` varchar(255) DEFAULT NULL,
  `role_parent` int(11) DEFAULT '0',
  `role_lock` tinyint(4) DEFAULT '0',
  PRIMARY KEY (`role_id`)
) ENGINE=InnoDB  DEFAULT CHARSET=latin1 AUTO_INCREMENT=104 ;

-- 
-- Dumping data for table `roles`
-- 

INSERT INTO `roles` (`role_id`, `role_name`, `role_desc`, `role_parent`, `role_lock`) VALUES 
(100, 'Developer', 'Developer', 0, 0),
(101, 'Administrator', 'Administrator', 0, 0),
(102, 'Member', 'Member', 0, 1),
(103, 'Visitor', 'Visitor', 0, 1);

-- --------------------------------------------------------

-- 
-- Table structure for table `roles_inheritance`
-- 

CREATE TABLE IF NOT EXISTS `roles_inheritance` (
  `child_id` int(11) NOT NULL,
  `parent_id` int(11) NOT NULL,
  `ordering` int(11) NOT NULL DEFAULT '0',
  PRIMARY KEY (`child_id`,`parent_id`),
  KEY `parent_id` (`parent_id`)
) ENGINE=InnoDB DEFAULT CHARSET=latin1;

-- 
-- Dumping data for table `roles_inheritance`
-- 


-- --------------------------------------------------------

-- 
-- Table structure for table `rule`
-- 

CREATE TABLE IF NOT EXISTS `rule` (
  `rule_id` int(10) unsigned NOT NULL AUTO_INCREMENT,
  `obj_id` int(50) NOT NULL,
  `obj_type` enum('user','role') DEFAULT 'role',
  `privilege_id` int(11) DEFAULT NULL,
  `allow` tinyint(1) NOT NULL DEFAULT '0',
  `resource_name` varchar(100) DEFAULT NULL,
  PRIMARY KEY (`rule_id`)
) ENGINE=InnoDB  DEFAULT CHARSET=latin1 AUTO_INCREMENT=1071 ;



-- --------------------------------------------------------

-- 
-- Table structure for table `states`
-- 

CREATE TABLE IF NOT EXISTS `states` (
  `state_id` int(11) NOT NULL AUTO_INCREMENT,
  `country_id` int(11) DEFAULT NULL,
  `state_name` varchar(255) DEFAULT NULL,
  PRIMARY KEY (`state_id`)
) ENGINE=InnoDB  DEFAULT CHARSET=latin1 AUTO_INCREMENT=54 ;

-- 
-- Dumping data for table `states`
-- 

INSERT INTO `states` (`state_id`, `country_id`, `state_name`) VALUES 
(9, 226, 'Archway'),
(10, 226, 'Bounds Green'),
(11, 226, 'Bethnal Green'),
(12, 226, 'Clapton'),
(13, 226, 'Camden'),
(14, 226, 'Camden Town'),
(15, 226, 'Caledonia Road'),
(16, 226, 'Dalston'),
(17, 226, 'Edmonton'),
(18, 226, 'Enfield'),
(19, 226, 'Finsbury Park'),
(20, 226, 'Hackney'),
(21, 226, 'Hoxton'),
(22, 226, 'Hornsey'),
(23, 226, 'Homerton'),
(24, 226, 'Haringey'),
(25, 226, 'Highbury'),
(26, 226, 'Holloway'),
(27, 226, 'Islington'),
(28, 226, 'Leyton'),
(29, 226, 'Leytonstone'),
(30, 226, 'Manor House'),
(31, 226, 'Newington Green'),
(32, 226, 'Ponders End'),
(33, 226, 'Palmers Green'),
(34, 226, 'Stoke Newington'),
(35, 226, 'Shoreditch'),
(36, 226, 'Seven Sisters'),
(37, 226, 'Stamford Hill'),
(38, 226, 'Tottenham'),
(39, 226, 'Turnpike Lane'),
(40, 226, 'Wood Green'),
(41, 226, 'E2'),
(42, 226, 'E5'),
(43, 226, 'E8,E9'),
(44, 226, 'N1'),
(45, 226, 'N5'),
(46, 226, 'N7'),
(47, 226, 'N16'),
(48, 226, 'Walthamstow'),
(49, 226, 'Hackney Fields'),
(50, 226, 'Barnet'),
(51, 19, 'Dhaka'),
(52, 19, 'Chittacong'),
(53, 19, 'Khulna');
